000
CXUS56 KOTX 020113
CLMEPH


CLIMATE REPORT
NATIONAL WEATHER SERVICE SPOKANE, WA
609 PM PDT SAT AUG 1 2015

...................................

...THE EPHRATA WA AIRPORT CLIMATE SUMMARY FOR THE MONTH OF JULY 2015...

CLIMATE NORMAL PERIOD 1981 TO 2010
CLIMATE RECORD PERIOD 9999 TO 9999

WEATHER         OBSERVED          NORMAL  DEPART  LAST YEAR`S
                 VALUE   DATE(S)  VALUE   FROM    VALUE  DATE(S)
                                          NORMAL
................................................................
TEMPERATURE (F)
RECORD
 HIGH             109   07/18/1960
 LOW               40   07/08/1981
HIGHEST           105   07/03        MM      MM      106  07/16
LOWEST             52   07/26        MM      MM       48  07/24
AVG. MAXIMUM     93.3              88.2     5.1     94.7
AVG. MINIMUM     65.4              60.2     5.2     65.3
MEAN             79.3              74.2     5.1     80.0
DAYS MAX >= 90     20              13.8     6.2       24
DAYS MAX <= 32      0               0.0     0.0        0
DAYS MIN <= 32      0               0.0     0.0        0
DAYS MIN <= 0       0               0.0     0.0        0

PRECIPITATION (INCHES)
RECORD
 MAXIMUM         1.93   1998
 MINIMUM            T   2014
                        2013
                        2009
TOTALS           0.05              0.40   -0.35        T
DAILY AVG.       0.00              0.01   -0.01        T
DAYS >= .01         2               2.5    -0.5        0
DAYS >= .10         0               0.9    -0.9        0
DAYS >= .50         0               0.2    -0.2        0
DAYS >= 1.00        0               0.1    -0.1        0
GREATEST
 24 HR. TOTAL    0.04   07/27 TO 07/27           07/23 TO 07/23
                                                          07/23 TO 07/23
                                                          07/23 TO 07/23

SNOWFALL (INCHES)
RECORDS
 TOTAL              T   MM
 SNOW DEPTH        MM
TOTALS             MM               0.0      MM       MM
SINCE 7/1          MM               0.0      MM       MM
SNOWDEPTH AVG.     MM                MM      MM
DAYS >= 1.0         0               0.0     0.0        0
GREATEST
 SNOW DEPTH        MM                                 MM  MM
 24 HR TOTAL       MM                                 MM

DEGREE_DAYS
HEATING TOTAL       0                 8      -8        1
 SINCE 7/1          0                 8      -8        1
COOLING TOTAL     452               293     159      473
 SINCE 1/1        910               440     470      663
....................................................

WIND (MPH)
AVERAGE WIND SPEED              9.6
HIGHEST WIND SPEED/DIRECTION    29/300    DATE  07/15
HIGHEST GUST SPEED/DIRECTION    41/300    DATE  07/15

SKY COVER
POSSIBLE SUNSHINE (PERCENT)   MM
AVERAGE SKY COVER           0.10
NUMBER OF DAYS FAIR           30
NUMBER OF DAYS PC              1
NUMBER OF DAYS CLOUDY          0

AVERAGE RH (PERCENT)     32

WEATHER CONDITIONS. NUMBER OF DAYS WITH
THUNDERSTORM              0     MIXED PRECIP               0
HEAVY RAIN                0     RAIN                       0
LIGHT RAIN                1     FREEZING RAIN              0
LT FREEZING RAIN          0     HAIL                       0
HEAVY SNOW                0     SNOW                       0
LIGHT SNOW                0     SLEET                      0
FOG                       0     FOG W/VIS <= 1/4 MILE      0
HAZE                      2

-  INDICATES NEGATIVE NUMBERS.
R  INDICATES RECORD WAS SET OR TIED.
MM INDICATES DATA IS MISSING.
T  INDICATES TRACE AMOUNT.

$$
