000
CXUS56 KPQR 011631
CLMEUG


CLIMATE REPORT
NATIONAL WEATHER SERVICE PORTLAND OREGON
831 AM PST SUN MAR 1 2015

...................................

...THE EUGENE OR CLIMATE SUMMARY FOR THE MONTH OF FEBRUARY 2015...

CLIMATE NORMAL PERIOD 1981 TO 2010
CLIMATE RECORD PERIOD 1892 TO 2015

WEATHER         OBSERVED          NORMAL  DEPART  LAST YEAR`S
                 VALUE   DATE(S)  VALUE   FROM    VALUE  DATE(S)
                                          NORMAL
................................................................
TEMPERATURE (F)
HIGHEST            65                                 63  02/24
LOWEST             26                                 20  02/07
                                                          02/06
AVG. MAXIMUM     56.9              51.1     5.8     48.3
AVG. MINIMUM     39.5              34.8     4.7     35.4
MEAN             48.2              42.9     5.3     41.8
DAYS MAX >= 90      0               0.0     0.0        0
DAYS MAX <= 32      0               0.2    -0.2        3
DAYS MIN <= 32      7               9.6    -2.6       11
DAYS MIN <= 0       0               0.0     0.0        0

PRECIPITATION (INCHES)
RECORD
 MAXIMUM        16.89   1996
 MINIMUM         0.10   1920
TOTALS           4.16              5.43   -1.27     7.97
DAYS >= .01        11              14.9    -3.9       22
DAYS >= .10        10               9.9     0.1       14
DAYS >= .50         4               3.5     0.5        6
DAYS >= 1.00        0               1.3    -1.3        3
GREATEST
 24 HR. TOTAL    1.23   02/06 TO 02/07

DEGREE_DAYS
HEATING TOTAL     462               617    -155      642
 SINCE 7/1       2562              3327    -765     3567
COOLING TOTAL       0                 0       0        0
 SINCE 1/1          0                 0       0        0
.................................................................

WIND (MPH)
AVERAGE WIND SPEED              6.5
RESULTANT WIND SPEED/DIRECTION   1/026
HIGHEST WIND SPEED/DIRECTION    33/200    DATE  02/09
HIGHEST GUST SPEED/DIRECTION    43/200    DATE  02/09

SKY COVER
POSSIBLE SUNSHINE (PERCENT)   MM
AVERAGE SKY COVER           0.70
NUMBER OF DAYS FAIR            5
NUMBER OF DAYS PC              8
NUMBER OF DAYS CLOUDY         15

AVERAGE RH (PERCENT)     78

WEATHER CONDITIONS. NUMBER OF DAYS WITH
THUNDERSTORM              0     MIXED PRECIP               0
HEAVY RAIN                2     RAIN                       3
LIGHT RAIN               11     FREEZING RAIN              0
LT FREEZING RAIN          0     HAIL                       0
HEAVY SNOW                0     SNOW                       0
LIGHT SNOW                0     SLEET                      0
FOG                      22     FOG W/VIS <= 1/4 MILE      8
HAZE                      1

-  INDICATES NEGATIVE NUMBERS.
R  INDICATES RECORD WAS SET OR TIED.
MM INDICATES DATA IS MISSING.
T  INDICATES TRACE AMOUNT.

$$
