026
CXUS56 KPQR 011529
CLMEUG


CLIMATE REPORT
NATIONAL WEATHER SERVICE PORTLAND OREGON
729 AM PST FRI DEC 1 2017

...................................

...THE EUGENE OR CLIMATE SUMMARY FOR THE MONTH OF NOVEMBER 2017...

CLIMATE NORMAL PERIOD 1981 TO 2010
CLIMATE RECORD PERIOD 1892 TO 2017

WEATHER         OBSERVED          NORMAL  DEPART  LAST YEAR`S
                 VALUE   DATE(S)  VALUE   FROM    VALUE  DATE(S)
                                          NORMAL
................................................................
TEMPERATURE (F)
HIGHEST            67                                 71  11/04
LOWEST             26                                 35  11/29
AVG. MAXIMUM     52.5              52.2     0.3     57.9
AVG. MINIMUM     38.1              37.6     0.5     43.6
MEAN             45.3              44.9     0.4     50.7
DAYS MAX >= 90      0               0.0     0.0        0
DAYS MAX <= 32      0               0.1    -0.1        0
DAYS MIN <= 32      5               6.5    -1.5        0
DAYS MIN <= 0       0               0.0     0.0        0

PRECIPITATION (INCHES)
RECORD
 MAXIMUM        20.48   1973
 MINIMUM         0.35   1936
TOTALS           7.46              7.72   -0.26     4.30
DAYS >= .01        20              17.9     2.1       21
DAYS >= .10        17              13.1     3.9       12
DAYS >= .50         6               5.6     0.4        3
DAYS >= 1.00        1               2.1    -1.1        0
GREATEST
 24 HR. TOTAL    1.38   11/15 TO 11/15

DEGREE_DAYS
HEATING TOTAL     584               603     -19      420
 SINCE 7/1       1129              1173     -44      833
COOLING TOTAL       0                 0       0        0
 SINCE 1/1        376               239     137      325
.................................................................

WIND (MPH)
AVERAGE WIND SPEED              7.1
RESULTANT WIND SPEED/DIRECTION   5/188
HIGHEST WIND SPEED/DIRECTION    33/240    DATE  11/13
HIGHEST GUST SPEED/DIRECTION    44/230    DATE  11/13

SKY COVER
POSSIBLE SUNSHINE (PERCENT)   MM
AVERAGE SKY COVER           0.80
NUMBER OF DAYS FAIR            1
NUMBER OF DAYS PC             10
NUMBER OF DAYS CLOUDY         19

AVERAGE RH (PERCENT)     88

WEATHER CONDITIONS. NUMBER OF DAYS WITH
THUNDERSTORM              0     MIXED PRECIP               0
HEAVY RAIN                3     RAIN                      12
LIGHT RAIN               20     FREEZING RAIN              0
LT FREEZING RAIN          0     HAIL                       0
HEAVY SNOW                0     SNOW                       0
LIGHT SNOW                0     SLEET                      0
FOG                      24     FOG W/VIS <= 1/4 MILE      7
HAZE                      1

-  INDICATES NEGATIVE NUMBERS.
R  INDICATES RECORD WAS SET OR TIED.
MM INDICATES DATA IS MISSING.
T  INDICATES TRACE AMOUNT.

$$
