000
CXUS56 KPQR 011606
CLMEUG


CLIMATE REPORT
NATIONAL WEATHER SERVICE PORTLAND OREGON
906 AM PDT TUE SEP 1 2015

...................................

...THE EUGENE OR CLIMATE SUMMARY FOR THE MONTH OF AUGUST 2015...

CLIMATE NORMAL PERIOD 1981 TO 2010
CLIMATE RECORD PERIOD 1892 TO 2015

WEATHER         OBSERVED          NORMAL  DEPART  LAST YEAR`S
                 VALUE   DATE(S)  VALUE   FROM    VALUE  DATE(S)
                                          NORMAL
................................................................
TEMPERATURE (F)
HIGHEST           100                                101  08/11
LOWEST             45                                 45  08/21
AVG. MAXIMUM     85.8              82.8     3.0     87.8
AVG. MINIMUM     53.9              51.1     2.8     55.0
MEAN             69.9              66.9     3.0     71.4
DAYS MAX >= 90      6               5.6     0.4       14
DAYS MAX <= 32      0               0.0     0.0        0
DAYS MIN <= 32      0               0.0     0.0        0
DAYS MIN <= 0       0               0.0     0.0        0

PRECIPITATION (INCHES)
RECORD
 MAXIMUM         5.79   1968
 MINIMUM         0.00   2006
                        1967
                        1931
TOTALS           0.23              0.61   -0.38     0.19
DAYS >= .01         2               3.2    -1.2        4
DAYS >= .10         2               1.4     0.6        1
DAYS >= .50         0               0.3    -0.3        0
DAYS >= 1.00        0               0.1    -0.1        0
GREATEST
 24 HR. TOTAL    0.12   08/29 TO 08/30
                        08/30 TO 08/30
                        08/30 TO 08/31

DEGREE_DAYS
HEATING TOTAL       2                31     -29        1
 SINCE 7/1          7                67     -60        7
COOLING TOTAL     161                91      70      206
 SINCE 1/1        492               208     284      408
.................................................................

WIND (MPH)
AVERAGE WIND SPEED              7.3
RESULTANT WIND SPEED/DIRECTION   2/318
HIGHEST WIND SPEED/DIRECTION    30/200    DATE  08/29
HIGHEST GUST SPEED/DIRECTION    38/190    DATE  08/29

SKY COVER
POSSIBLE SUNSHINE (PERCENT)   MM
AVERAGE SKY COVER           0.40
NUMBER OF DAYS FAIR           13
NUMBER OF DAYS PC             17
NUMBER OF DAYS CLOUDY          1

AVERAGE RH (PERCENT)     55

WEATHER CONDITIONS. NUMBER OF DAYS WITH
THUNDERSTORM              0     MIXED PRECIP               0
HEAVY RAIN                0     RAIN                       1
LIGHT RAIN                4     FREEZING RAIN              0
LT FREEZING RAIN          0     HAIL                       0
HEAVY SNOW                0     SNOW                       0
LIGHT SNOW                0     SLEET                      0
FOG                       3     FOG W/VIS <= 1/4 MILE      0
HAZE                      7

-  INDICATES NEGATIVE NUMBERS.
R  INDICATES RECORD WAS SET OR TIED.
MM INDICATES DATA IS MISSING.
T  INDICATES TRACE AMOUNT.

$$
