000
CXUS56 KPQR 011626
CLMEUG


CLIMATE REPORT
NATIONAL WEATHER SERVICE PORTLAND OREGON
826 AM PST THU JAN 1 2015

...................................

...THE EUGENE OR CLIMATE SUMMARY FOR THE YEAR OF 2014...

CLIMATE NORMAL PERIOD 1981 TO 2010
CLIMATE RECORD PERIOD 1892 TO 2014

WEATHER         OBSERVED          NORMAL  DEPART  LAST YEAR`S
                 VALUE   DATE(S)  VALUE   FROM    VALUE  DATE(S)
                                          NORMAL
................................................................
TEMPERATURE (F)
HIGHEST           101                                 MM  MM
LOWEST             19                                 MM  MM
AVG. MAXIMUM     65.9              63.4     2.5       MM
AVG. MINIMUM     43.8              41.6     2.2       MM
MEAN             54.9              52.5     2.4       MM
DAYS MAX >= 90     36              14.0    22.0       MM
DAYS MAX <= 32      3               2.0     1.0       MM
DAYS MIN <= 32     47              50.8    -3.8       MM
DAYS MIN <= 0       0               0.0     0.0       MM

PRECIPITATION (INCHES)
RECORD
 MAXIMUM        65.56   1995
 MINIMUM        21.19   2013
TOTALS          40.86             46.10   -5.24       MM
DAYS >= .01       159             143.5    15.5       MM
DAYS >= .10        90              93.1    -3.1       MM
DAYS >= .50        27              30.0    -3.0       MM
DAYS >= 1.00        7               9.6    -2.6       MM
GREATEST
 24 HR. TOTAL    2.06   MM

DEGREE_DAYS
HEATING TOTAL    4041              4807    -766       MM
 SINCE 7/1         MM              1957      MM       MM
COOLING TOTAL     475               240     235       MM
 SINCE 1/1        475               239     236       MM
.................................................................

WIND (MPH)
AVERAGE WIND SPEED              6.8
RESULTANT WIND SPEED/DIRECTION   1/306
HIGHEST WIND SPEED/DIRECTION    41/190    DATE  12/11
HIGHEST GUST SPEED/DIRECTION    54/180    DATE  12/11

SKY COVER
POSSIBLE SUNSHINE (PERCENT)   MM
AVERAGE SKY COVER           0.60
NUMBER OF DAYS FAIR           70
NUMBER OF DAYS PC            119
NUMBER OF DAYS CLOUDY        114

AVERAGE RH (PERCENT)     73

WEATHER CONDITIONS. NUMBER OF DAYS WITH
THUNDERSTORM              0     MIXED PRECIP               0
HEAVY RAIN               17     RAIN                      59
LIGHT RAIN              165     FREEZING RAIN              1
LT FREEZING RAIN          6     HAIL                       1
HEAVY SNOW                1     SNOW                       3
LIGHT SNOW                3     SLEET                      0
FOG                     216     FOG W/VIS <= 1/4 MILE     63
HAZE                     51

-  INDICATES NEGATIVE NUMBERS.
R  INDICATES RECORD WAS SET OR TIED.
MM INDICATES DATA IS MISSING.
T  INDICATES TRACE AMOUNT.

$$
