000
CXUS52 KMHX 050324
CLMEWN


CLIMATE REPORT
NATIONAL WEATHER SERVICE NEWPORT/MOREHEAD CITY NC
1123 PM EDT FRI JUL 4 2014

...................................

...THE NEW BERN NC CLIMATE SUMMARY FOR THE MONTH OF JUNE 2014...

CLIMATE NORMAL PERIOD 1981 TO 2010
CLIMATE RECORD PERIOD 1948 TO 2014

WEATHER         OBSERVED          NORMAL  DEPART  LAST YEAR`S
                 VALUE   DATE(S)  VALUE   FROM    VALUE  DATE(S)
                                          NORMAL
................................................................
TEMPERATURE (F)
RECORD
 HIGH             105   MM
 LOW               54   06/02/2014
                        06/07/2012
                        06/04/2011
HIGHEST            97   06/19                         98  06/13
LOWEST             54R  06/02                         59  06/15
AVG. MAXIMUM     89.1              86.8     2.3     87.0
AVG. MINIMUM     68.6              67.5     1.1     69.8
MEAN             78.8              77.2     1.6     78.4
DAYS MAX >= 90     13               9.3     3.7        9
DAYS MAX <= 32      0               0.0     0.0        0
DAYS MIN <= 32      0               0.0     0.0        0
DAYS MIN <= 0       0               0.0     0.0        0

PRECIPITATION (INCHES)
RECORD
 MAXIMUM        16.69   1962
 MINIMUM         0.94   2008
TOTALS           3.49              4.59   -1.10     8.21
DAILY AVG.       0.12              0.15   -0.03     0.27
DAYS >= .01        12              10.4     1.6       18
DAYS >= .10         7               7.6    -0.6       15
DAYS >= .50         2               3.1    -1.1        4
DAYS >= 1.00        1               1.3    -0.3        4
GREATEST
 24 HR. TOTAL    1.19   06/13 TO 06/14

DEGREE_DAYS
COOLING TOTAL     421               365      56      409
 SINCE 1/1        782               608     174      665
.................................................................

WIND (MPH)
AVERAGE WIND SPEED              5.8
RESULTANT WIND SPEED/DIRECTION   2/162
HIGHEST WIND SPEED/DIRECTION    26/270    DATE  06/19
HIGHEST GUST SPEED/DIRECTION    36/270    DATE  06/19

SKY COVER
POSSIBLE SUNSHINE (PERCENT)   MM
AVERAGE SKY COVER           0.20
NUMBER OF DAYS FAIR           24
NUMBER OF DAYS PC              6
NUMBER OF DAYS CLOUDY          0

AVERAGE RH (PERCENT)     69

WEATHER CONDITIONS. NUMBER OF DAYS WITH
THUNDERSTORM              0     MIXED PRECIP               0
HEAVY RAIN                8     RAIN                       7
LIGHT RAIN               16     FREEZING RAIN              0
LT FREEZING RAIN          0     HAIL                       0
HEAVY SNOW                0     SNOW                       0
LIGHT SNOW                0     SLEET                      0
FOG                      14     FOG W/VIS <= 1/4 MILE      2
HAZE                      3

-  INDICATES NEGATIVE NUMBERS.
R  INDICATES RECORD WAS SET OR TIED.
MM INDICATES DATA IS MISSING.
T  INDICATES TRACE AMOUNT.

$$
