000
CXUS52 KMHX 050400
CLMEWN


CLIMATE REPORT
NATIONAL WEATHER SERVICE NEWPORT/MOREHEAD CITY NC
1100 PM EST SUN JAN 4 2015

...................................

...THE NEW BERN NC CLIMATE SUMMARY FOR THE MONTH OF DECEMBER 2014...

CLIMATE NORMAL PERIOD 1981 TO 2010
CLIMATE RECORD PERIOD 1948 TO 2014

WEATHER         OBSERVED          NORMAL  DEPART  LAST YEAR`S
                 VALUE   DATE(S)  VALUE   FROM    VALUE  DATE(S)
                                          NORMAL
................................................................
TEMPERATURE (F)
RECORD
 HIGH              83   12/16/1971
 LOW               -4   12/25/1989
HIGHEST            76   12/28                         82  12/22
                                                          12/06
LOWEST             29   12/13                         26  12/13
AVG. MAXIMUM     60.0              57.5     2.5     63.1
AVG. MINIMUM     39.3              36.1     3.2     40.4
MEAN             49.6              46.8     2.8     51.7
DAYS MAX >= 90      0               0.0     0.0        0
DAYS MAX <= 32      0               0.2    -0.2        0
DAYS MIN <= 32      7              11.7    -4.7        8
DAYS MIN <= 0       0               0.0     0.0        0

PRECIPITATION (INCHES)
RECORD
 MAXIMUM         9.78   1973
 MINIMUM         0.30   1965
TOTALS           4.15              3.40    0.75     2.39
DAILY AVG.       0.13              0.11    0.02     0.08
DAYS >= .01        12               9.8     2.2       12
DAYS >= .10         6               5.7     0.3       10
DAYS >= .50         1               2.2    -1.2        1
DAYS >= 1.00        1               1.0     0.0        0
GREATEST
 24 HR. TOTAL    2.76   12/23 TO 12/24

SNOWFALL (INCHES)
RECORDS
 TOTAL             MM   5
 24 HR TOTAL       MM
 SNOW DEPTH         3   12/27/2010
                        12/26/2010
TOTALS            0.0               0.9    -0.9      0.0
 LIQUID EQUIV    0.00              0.10   -0.10     0.00
SINCE 7/1         0.0               0.9    -0.9        T
 LIQUID 7/1      0.00              0.10   -0.10       MM
SNOWDEPTH AVG.      0                MM      MM        0
DAYS >= TRACE       0               0.2    -0.2        0
DAYS >= 1.0         0               0.2    -0.2        0
GREATEST
 SNOW DEPTH         0   MM                             0  MM
 24 HR TOTAL      0.0   12/31 TO 12/31
 STORM TOTAL       MM                                 MM
 (MM/DD(HH))

DEGREE_DAYS
HEATING TOTAL     472               567     -95      430
 SINCE 7/1        917               994     -77      853
.................................................................

WIND (MPH)
AVERAGE WIND SPEED              6.0
RESULTANT WIND SPEED/DIRECTION   2/344
HIGHEST WIND SPEED/DIRECTION    26/010    DATE  12/07
HIGHEST GUST SPEED/DIRECTION    34/010    DATE  12/07

SKY COVER
POSSIBLE SUNSHINE (PERCENT)   MM
AVERAGE SKY COVER           0.40
NUMBER OF DAYS FAIR           16
NUMBER OF DAYS PC              6
NUMBER OF DAYS CLOUDY          9

AVERAGE RH (PERCENT)     71

WEATHER CONDITIONS. NUMBER OF DAYS WITH
THUNDERSTORM              1     MIXED PRECIP               0
HEAVY RAIN                3     RAIN                       7
LIGHT RAIN               14     FREEZING RAIN              0
LT FREEZING RAIN          0     HAIL                       0
HEAVY SNOW                0     SNOW                       0
LIGHT SNOW                0     SLEET                      0
FOG                      21     FOG W/VIS <= 1/4 MILE      6
HAZE                     11

-  INDICATES NEGATIVE NUMBERS.
R  INDICATES RECORD WAS SET OR TIED.
MM INDICATES DATA IS MISSING.
T  INDICATES TRACE AMOUNT.

$$
