000
CXUS52 KMHX 011301
CLMEWN


CLIMATE REPORT
NATIONAL WEATHER SERVICE NEWPORT/MOREHEAD CITY NC
900 AM EDT SAT JUL 1 2017

...................................

...THE NEW BERN NC CLIMATE SUMMARY FOR THE MONTH OF JUNE 2017...

CLIMATE NORMAL PERIOD 1981 TO 2010
CLIMATE RECORD PERIOD 1948 TO 2017

WEATHER         OBSERVED          NORMAL  DEPART  LAST YEAR`S
                 VALUE   DATE(S)  VALUE   FROM    VALUE  DATE(S)
                                          NORMAL
................................................................
TEMPERATURE (F)
RECORD
 HIGH             105   MM
 LOW               54   06/02/2014
                        06/07/2012
                        06/04/2011
HIGHEST            92   06/24                         95  06/12
                        06/14
LOWEST             55   06/09                         58  06/20
                                                          06/09
AVG. MAXIMUM     86.2              86.8    -0.6     87.6
AVG. MINIMUM     67.4              67.5    -0.1     68.2
MEAN             76.8              77.2    -0.4     77.9
DAYS MAX >= 90      5               9.3    -4.3       11
DAYS MAX <= 32      0               0.0     0.0        0
DAYS MIN <= 32      0               0.0     0.0        0
DAYS MIN <= 0       0               0.0     0.0        0

PRECIPITATION (INCHES)
RECORD
 MAXIMUM        16.69   1962
 MINIMUM         0.94   2008
TOTALS           5.66              4.59    1.07     3.42
DAILY AVG.       0.19              0.15    0.04     0.11
DAYS >= .01        13              10.4     2.6       10
DAYS >= .10         7               7.6    -0.6        7
DAYS >= .50         5               3.1     1.9        3
DAYS >= 1.00        1               1.3    -0.3        1
GREATEST
 24 HR. TOTAL    1.44   06/24 TO 06/24

DEGREE_DAYS
COOLING TOTAL     364               365      -1      393
 SINCE 1/1        736               608     128      663
.................................................................

WIND (MPH)
AVERAGE WIND SPEED              6.1
RESULTANT WIND SPEED/DIRECTION   3/211
HIGHEST WIND SPEED/DIRECTION    24/280    DATE  06/24
HIGHEST GUST SPEED/DIRECTION    34/210    DATE  06/19

SKY COVER
POSSIBLE SUNSHINE (PERCENT)   MM
AVERAGE SKY COVER           0.30
NUMBER OF DAYS FAIR           21
NUMBER OF DAYS PC              5
NUMBER OF DAYS CLOUDY          3

AVERAGE RH (PERCENT)     78

WEATHER CONDITIONS. NUMBER OF DAYS WITH
THUNDERSTORM              9     MIXED PRECIP               0
HEAVY RAIN                6     RAIN                       6
LIGHT RAIN               12     FREEZING RAIN              0
LT FREEZING RAIN          0     HAIL                       0
HEAVY SNOW                0     SNOW                       0
LIGHT SNOW                0     SLEET                      0
FOG                      22     FOG W/VIS <= 1/4 MILE      3
HAZE                      6

-  INDICATES NEGATIVE NUMBERS.
R  INDICATES RECORD WAS SET OR TIED.
MM INDICATES DATA IS MISSING.
T  INDICATES TRACE AMOUNT.

$$
