000
CXUS51 KOKX 011622
CLMEWR

CLIMATE REPORT
NATIONAL WEATHER SERVICE NEW YORK NY
1121 AM EST SUN JAN 1 2017

...................................

...THE NEWARK NJ CLIMATE SUMMARY FOR THE MONTH OF DECEMBER 2016...

CLIMATE NORMAL PERIOD 1981 TO 2010
CLIMATE RECORD PERIOD 1929 TO 2016

WEATHER         OBSERVED          NORMAL  DEPART  LAST YEAR`S
                 VALUE   DATE(S)  VALUE   FROM    VALUE  DATE(S)
                                          NORMAL
................................................................
TEMPERATURE (F)
RECORD
 HIGH              76   12/07/1998
 LOW               -8   12/30/1933
HIGHEST            62   12/27        MM      MM       71  12/24
LOWEST             16   12/16        MM      MM       33  12/20
                                                          12/09
                                                          12/06
AVG. MAXIMUM     44.6              43.5     1.1     56.6
AVG. MINIMUM     30.8              29.6     1.2     42.9
MEAN             37.7              36.5     1.2     49.8
DAYS MAX >= 90      0               0.0     0.0        0
DAYS MAX <= 32      3               3.1    -0.1        0
DAYS MIN <= 32     18              18.7    -0.7        0
DAYS MIN <= 0       0               0.0     0.0        0

PRECIPITATION (INCHES)
RECORD
 MAXIMUM         9.47   1983
 MINIMUM         0.27   1955
TOTALS           2.91              3.81   -0.90     4.40
DAILY AVG.       0.09              0.12   -0.03     0.14
DAYS >= .01        11              10.6     0.4       15
DAYS >= .10         7               6.5     0.5        7
DAYS >= .50         2               2.9    -0.9        3
DAYS >= 1.00        0               1.1    -1.1        2
GREATEST
 24 HR. TOTAL    1.18   11/30 TO 12/01           12/23 TO 12/24
                                                          12/29 TO 12/29
                                                          12/29 TO 12/29
 STORM TOTAL       MM                                 MM
 (MM/DD(HH))            MM                    12/24(00) TO 12/24(00)
                                                 12/29(00) TO 12/29(00)9
                                                 12/29(00) TO 12/29(00)9

SNOWFALL (INCHES)
TOTALS            3.4               5.4    -2.0      0.3
 LIQUID EQUIV    0.34              0.50   -0.16     0.03
SINCE 7/1         3.4               5.8    -2.4      0.3
 LIQUID 7/1      0.34              0.60   -0.26     0.03
SNOWDEPTH AVG.      0                MM      MM        0
DAYS >= TRACE       6               2.9     3.1        2
DAYS >= 1.0         1               1.1    -0.1        0
GREATEST
 SNOW DEPTH         2   12/17                          0  MM
 24 HR TOTAL      3.0   12/17 TO 12/17           12/29 TO 12/29
                                                          12/29 TO 12/29
                                                          12/29 TO 12/29
 STORM TOTAL       MM                                 MM
 (MM/DD(HH))            MM                    12/29(00) TO 12/29(00)
                                                 12/29(00) TO 12/29(00)9
                                                 12/29(00) TO 12/29(00)9

DEGREE_DAYS
HEATING TOTAL     840               882     -42      465
 SINCE 7/1       1523              1750    -227     1097
COOLING TOTAL       0                 0       0        0
 SINCE 1/1       1571              1192     379     1555
..........................................................

WIND (MPH)
AVERAGE WIND SPEED              10.2
HIGHEST WIND SPEED/DIRECTION    37/300    DATE  12/18
HIGHEST GUST SPEED/DIRECTION    46/290    DATE  12/15


WEATHER CONDITIONS. NUMBER OF DAYS WITH
THUNDERSTORM              0     MIXED PRECIP               0
HEAVY RAIN                1     RAIN                       7
LIGHT RAIN               11     FREEZING RAIN              1
LT FREEZING RAIN          1     HAIL                       0
HEAVY SNOW                0     SNOW                       1
LIGHT SNOW                4     SLEET                      2
FOG                      12     FOG W/VIS <= 1/4 MILE      3
HAZE                      1

-  INDICATES NEGATIVE NUMBERS.
R  INDICATES RECORD WAS SET OR TIED.
MM INDICATES DATA IS MISSING.
T  INDICATES TRACE AMOUNT.

$$
