000
CXUS53 KIND 011612
CLMEYE


CLIMATE REPORT
NATIONAL WEATHER SERVICE INDIANAPOLIS IN
1112 AM EST THU DEC 1 2016

...................................

...THE INDIANAPOLIS EAGLE CREEK IN CLIMATE SUMMARY FOR THE MONTH OF NOVEMBER 2016...

CLIMATE NORMAL PERIOD 1981 TO 2010
CLIMATE RECORD PERIOD 9999 TO 9999

WEATHER         OBSERVED          NORMAL  DEPART  LAST YEAR`S
                 VALUE   DATE(S)  VALUE   FROM    VALUE  DATE(S)
                                          NORMAL
................................................................
TEMPERATURE (F)
HIGHEST            79   11/02                         76  11/04
                        11/01
LOWEST             26   11/20                         16  11/22
AVG. MAXIMUM     58.1              51.8     6.3     57.1
AVG. MINIMUM     38.2              36.1     2.1     37.9
MEAN             48.1              44.0     4.1     47.5
DAYS MAX >= 90      0               0.0     0.0        0
DAYS MAX <= 32      0               0.7    -0.7        1
DAYS MIN <= 32      8              10.4    -2.4        8
DAYS MIN <= 0       0               0.0     0.0        0

PRECIPITATION (INCHES)
TOTALS           2.72              3.70   -0.98     2.99
DAILY AVG.       0.09              0.12   -0.03     0.10
DAYS >= .01         6                MM      MM       12
DAYS >= .10         4                MM      MM        9
DAYS >= .50         3                MM      MM        1
DAYS >= 1.00        1                MM      MM        1
GREATEST
 24 HR. TOTAL    1.07   11/28 TO 11/28

DEGREE_DAYS
HEATING TOTAL     502               632    -130      519
 SINCE 7/1        684              1024    -340      821
COOLING TOTAL       5                 0       5        0
 SINCE 1/1       1453              1058     395     1030
.................................................................

WIND (MPH)
AVERAGE WIND SPEED              6.0
HIGHEST WIND SPEED/DIRECTION    31/290    DATE  11/19
HIGHEST GUST SPEED/DIRECTION    43/280    DATE  11/18

SKY COVER
POSSIBLE SUNSHINE (PERCENT)   MM
AVERAGE SKY COVER           0.30
NUMBER OF DAYS FAIR           20
NUMBER OF DAYS PC              5
NUMBER OF DAYS CLOUDY          5

AVERAGE RH (PERCENT)     68

WEATHER CONDITIONS. NUMBER OF DAYS WITH
THUNDERSTORM              2     MIXED PRECIP               0
HEAVY RAIN                1     RAIN                       3
LIGHT RAIN                8     FREEZING RAIN              0
LT FREEZING RAIN          0     HAIL                       0
HEAVY SNOW                0     SNOW                       0
LIGHT SNOW                1     SLEET                      0
FOG                      16     FOG W/VIS <= 1/4 MILE      1
HAZE                      4

-  INDICATES NEGATIVE NUMBERS.
R  INDICATES RECORD WAS SET OR TIED.
MM INDICATES DATA IS MISSING.
T  INDICATES TRACE AMOUNT.

$$
