000
CXUS53 KLMK 011432
CLMFFT


CLIMATE REPORT
NATIONAL WEATHER SERVICE LOUISVILLE KY
1019 AM EDT SAT AUG 1 2015

...................................

...THE FRANKFORT KY CLIMATE SUMMARY FOR THE MONTH OF JULY 2015...

CLIMATE NORMAL PERIOD 1981 TO 2010
CLIMATE RECORD PERIOD 1895 TO 2015

WEATHER         OBSERVED          NORMAL  DEPART  LAST YEAR`S
                 VALUE   DATE(S)  VALUE   FROM    VALUE  DATE(S)
                                          NORMAL
................................................................
TEMPERATURE (F)
RECORD
 HIGH             111   07/15/1936
 LOW               48   07/01/1937
                        07/02/1937
                        07/23/1947
HIGHEST            92   07/28        MM      MM       94  07/13
LOWEST             60   07/24        MM      MM       50  07/29
AVG. MAXIMUM     84.9              86.9    -2.0     82.9
AVG. MINIMUM     67.1              65.7     1.4     60.8
MEAN             76.0              76.3    -0.3     71.9
DAYS MAX >= 90      5               8.8    -3.8        4
DAYS MAX <= 32      0               0.0     0.0        0
DAYS MIN <= 32      0               0.0     0.0        0
DAYS MIN <= 0       0               0.0     0.0        0

PRECIPITATION (INCHES)
RECORD
 MAXIMUM        11.02   2015
 MINIMUM         0.18   1930
TOTALS          11.02              4.39    6.63     3.03
DAILY AVG.       0.36              0.14    0.22     0.10
DAYS >= .01        18                MM      MM        9
DAYS >= .10        11                MM      MM        7
DAYS >= .50         8                MM      MM        2
DAYS >= 1.00        6                MM      MM        1
GREATEST
 24 HR. TOTAL    2.53   07/13 TO 07/14

SNOWFALL (INCHES)
RECORDS
 TOTAL             MM   MM
TOTALS             MM                MM      MM       MM
SINCE 7/1          MM                MM      MM       MM
SNOWDEPTH AVG.     MM                MM      MM       MM
DAYS >= 1.0         0                MM      MM        0
GREATEST
 SNOW DEPTH        MM                                 MM  MM
 24 HR TOTAL       MM

DEGREE_DAYS
HEATING TOTAL       0                 0       0        3
 SINCE 7/1          0                 0       0        3
COOLING TOTAL     348               350      -2      225
 SINCE 1/1        799               685     114      612
.................................................................

WIND (MPH)
AVERAGE WIND SPEED              4.5
HIGHEST WIND SPEED/DIRECTION    30/350    DATE  07/13
HIGHEST GUST SPEED/DIRECTION    44/360    DATE  07/13

SKY COVER
POSSIBLE SUNSHINE (PERCENT)   MM
AVERAGE SKY COVER           0.30
NUMBER OF DAYS FAIR           19
NUMBER OF DAYS PC             10
NUMBER OF DAYS CLOUDY          2

AVERAGE RH (PERCENT)     75

WEATHER CONDITIONS. NUMBER OF DAYS WITH
THUNDERSTORM             14     MIXED PRECIP               0
HEAVY RAIN               13     RAIN                      14
LIGHT RAIN               17     FREEZING RAIN              0
LT FREEZING RAIN          0     HAIL                       0
HEAVY SNOW                0     SNOW                       0
LIGHT SNOW                0     SLEET                      0
FOG                      26     FOG W/VIS <= 1/4 MILE      0
HAZE                     14

-  INDICATES NEGATIVE NUMBERS.
R  INDICATES RECORD WAS SET OR TIED.
MM INDICATES DATA IS MISSING.
T  INDICATES TRACE AMOUNT.

$$
