000
CXUS52 KMFL 012038 RRB
CLMFLL

CLIMATE REPORT
NATIONAL WEATHER SERVICE MIAMI, FL
110 PM EDT MON MAY 1 2017

...................................

...THE FORT LAUDERDALE CLIMATE SUMMARY FOR THE MONTH OF APRIL 2017...

CLIMATE NORMAL PERIOD 1981 TO 2010
CLIMATE RECORD PERIOD 1912 TO 2017

WEATHER         OBSERVED          NORMAL  DEPART  LAST YEAR`S
                 VALUE   DATE(S)  VALUE   FROM    VALUE
                                          NORMAL
.............................................................
TEMPERATURE (F)
RECORD
 HIGH              97   04/30/1971
 LOW               40   04/07/1960
HIGHEST            89   04/24                         90
                        04/06
LOWEST             56   04/08                         64
AVG. MAXIMUM     83.3              82.7     0.6     82.8
AVG. MINIMUM     71.5              69.7     1.8     71.1
MEAN             77.4              76.2     1.2     76.9
DAYS MAX >= 90      0                                  1
DAYS MAX <= 32      0                                  0
DAYS MIN <= 32      0                                  0
DAYS MIN <= 0       0                                  0

PRECIPITATION (INCHES)
RECORD
 MAXIMUM        19.47   1979
 MINIMUM         0.02   1946
TOTALS           4.00              2.89    1.11     0.73
DAILY AVG.       0.13              0.10    0.03     0.02
DAYS >= .01         7                                  5
DAYS >= .10         2                                  1
DAYS >= .50         1                                  1
DAYS >= 1.00        1                                  0
GREATEST
 24 HR. TOTAL    3.70   04/23 TO 04/23              0.51

DEGREE_DAYS
HEATING TOTAL       0                 1      -1        0
 SINCE 7/1         35               112     -77       87
COOLING TOTAL     377               337      40      364
 SINCE 1/1       1086               947     139      946
..............................................................

WIND (MPH)
AVERAGE WIND SPEED              13.1
HIGHEST WIND SPEED/DIRECTION   244/250    DATE  04/25
HIGHEST GUST SPEED/DIRECTION   244/250    DATE  04/25

SKY COVER
POSSIBLE SUNSHINE (PERCENT)   MM
AVERAGE SKY COVER           0.50
NUMBER OF DAYS FAIR            2
NUMBER OF DAYS PC             25
NUMBER OF DAYS CLOUDY          3

AVERAGE RH (PERCENT)     67

WEATHER CONDITIONS. NUMBER OF DAYS WITH
THUNDERSTORM              1     MIXED PRECIP               0
HEAVY RAIN                1     RAIN                       1
LIGHT RAIN                9     FREEZING RAIN              0
LT FREEZING RAIN          0     HAIL                       0
HEAVY SNOW                0     SNOW                       0
LIGHT SNOW                0     SLEET                      0
FOG                       2     FOG W/VIS <= 1/4 MILE      1
HAZE                      0

-  INDICATES NEGATIVE NUMBERS.
R  INDICATES RECORD WAS SET OR TIED.
MM INDICATES DATA IS MISSING.
T  INDICATES TRACE AMOUNT.


.................DATA FOR HOLLYWOOD...APRIL 2017..............
.....NORMALS USED FOR COMPARISON ARE FORT LAUDERDALE AP (FLL).....


...TEMPERATURE DATA...

AVERAGE FOR THE MONTH .... 76.4 OR 0.2 DEGREES ABOVE NORMAL.
AVERAGE MAXIMUM .......... 82.3 OR 0.4 DEGREES BELOW NORMAL.
AVERAGE MINIMUM........... 70.5 OR 0.8 DEGREES ABOVE NORMAL.

HIGHEST TEMPERATURE FOR THE MONTH: 90 DEGREES ON THE 7TH.
LOWEST TEMPERATURE FOR THE MONTH: 56 DEGREES ON THE 9TH.


...PRECIPITATION...

TOTAL FOR THE MONTH 3.93 INCHES OR 1.04 INCHES ABOVE NORMAL.
TOTAL FOR THE YEAR 10.08 INCHES OR 2.76 INCHES BELOW NORMAL.
GREATEST 24-HOUR PERIOD RAINFALL 2.23 INCHES ON THE 24TH.

NUMBER OF DAYS HAVING 0.01 INCHES OR MORE ...  4.
NUMBER OF DAYS HAVING 0.10 INCHES OR MORE ...  2.
NUMBER OF DAYS HAVING 0.50 INCHES OR MORE ...  2.
NUMBER OF DAYS HAVING 1.00 INCHES OR MORE ...  2.

$$
