000
CXUS52 KMFL 011411
CLMFLL


CLIMATE REPORT
NATIONAL WEATHER SERVICE MIAMI, FL
1008 AM EDT SAT JUL 1 2017

...................................

...THE FORT LAUDERDALE CLIMATE SUMMARY FOR THE MONTH OF JUNE 2017...

CLIMATE NORMAL PERIOD 1981 TO 2010
CLIMATE RECORD PERIOD 1912 TO 2017

WEATHER         OBSERVED          NORMAL  DEPART  LAST YEAR`S
                 VALUE   DATE(S)  VALUE   FROM    VALUE
                                          NORMAL
.............................................................
TEMPERATURE (F)
RECORD
 HIGH             100   06/22/2009
 LOW               57   06/04/1933
HIGHEST            90   06/30                         95
                        06/29
                        06/28
LOWEST             71   06/07                         73
                        06/06
AVG. MAXIMUM     87.5              88.8    -1.3     89.5
AVG. MINIMUM     77.4              77.4     0.0     77.5
MEAN             82.4              83.1    -0.7     83.5
DAYS MAX >= 90      6                                 14
DAYS MAX <= 32      0                                  0
DAYS MIN <= 32      0                                  0
DAYS MIN <= 0       0                                  0

PRECIPITATION (INCHES)
RECORD
 MAXIMUM        24.37   1992
 MINIMUM         0.70   1952
TOTALS          11.78             10.16    1.62     9.05
DAILY AVG.       0.39              0.34    0.05     0.30
DAYS >= .01        18                                 19
DAYS >= .10        12                                 13
DAYS >= .50         6                                  4
DAYS >= 1.00        4                                  3
GREATEST
 24 HR. TOTAL    4.78   06/06 TO 06/06              2.72

DEGREE_DAYS
HEATING TOTAL       0                 0       0        0
 SINCE 7/1         35               112     -77       87
COOLING TOTAL     533               543     -10      561
 SINCE 1/1       2110              1961     149     1975
..............................................................

WIND (MPH)
AVERAGE WIND SPEED              9.3
HIGHEST WIND SPEED/DIRECTION    28/120    DATE  06/03
HIGHEST GUST SPEED/DIRECTION    33/140    DATE  06/19

SKY COVER
POSSIBLE SUNSHINE (PERCENT)   MM
AVERAGE SKY COVER           0.70
NUMBER OF DAYS FAIR            0
NUMBER OF DAYS PC             19
NUMBER OF DAYS CLOUDY         11

AVERAGE RH (PERCENT)     78

WEATHER CONDITIONS. NUMBER OF DAYS WITH
THUNDERSTORM             17     MIXED PRECIP               0
HEAVY RAIN                7     RAIN                      10
LIGHT RAIN               18     FREEZING RAIN              0
LT FREEZING RAIN          0     HAIL                       0
HEAVY SNOW                0     SNOW                       0
LIGHT SNOW                0     SLEET                      0
FOG                      14     FOG W/VIS <= 1/4 MILE      0
HAZE                      1

-  INDICATES NEGATIVE NUMBERS.
R  INDICATES RECORD WAS SET OR TIED.
MM INDICATES DATA IS MISSING.
T  INDICATES TRACE AMOUNT.

..................................................................


.................DATA FOR HOLLYWOOD...JUNE 2017..............
.....NORMALS USED FOR COMPARISON ARE FORT LAUDERDALE AP (FLL).....


...TEMPERATURE DATA...

AVERAGE FOR THE MONTH .... 81.7 OR 1.4 DEGREES BELOW NORMAL.
AVERAGE MAXIMUM .......... 86.7 OR 2.1 DEGREES BELOW NORMAL.
AVERAGE MINIMUM........... 76.6 OR 0.8 DEGREES BELOW NORMAL.

HIGHEST TEMPERATURE FOR THE MONTH: 89 DEGREES ON THE 1ST, 2ND, 9TH,
14TH, 16TH, 19TH, 24TH-28TH, 30TH.
LOWEST TEMPERATURE FOR THE MONTH: 70 DEGREES ON THE 7TH AND 8TH.


...PRECIPITATION...

TOTAL FOR THE MONTH 13.59 INCHES OR 3.43 INCHES ABOVE NORMAL.
TOTAL FOR THE YEAR 26.62 INCHES OR 1.03 INCHES BELOW NORMAL.
GREATEST 24-HOUR PERIOD RAINFALL 7.20 INCHES ON THE 7TH.

NUMBER OF DAYS HAVING 0.01 INCHES OR MORE ...  17.
NUMBER OF DAYS HAVING 0.10 INCHES OR MORE ...  13.
NUMBER OF DAYS HAVING 0.50 INCHES OR MORE ...  3.
NUMBER OF DAYS HAVING 1.00 INCHES OR MORE ...  3.



..................................................................

$$
