000
CXUS54 KTSA 011611
CLMFYV

CLIMATE REPORT
NATIONAL WEATHER SERVICE TULSA OK
1111 AM CDT MON AUG 1 2016

...................................

...THE FAYETTEVILLE ARKANSAS CLIMATE SUMMARY FOR THE MONTH OF JULY 2016...

CLIMATE NORMAL PERIOD 1981 TO 2010
CLIMATE RECORD PERIOD 1905 TO 2016

WEATHER         OBSERVED          NORMAL  DEPART  LAST YEAR`S
                 VALUE   DATE(S)  VALUE   FROM    VALUE  DATE(S)
                                          NORMAL
................................................................
TEMPERATURE (F)
RECORD
 HIGH             110   07/13/1954
 LOW               45   07/06/1972
HIGHEST            95   07/24       111     -16       94  07/20
LOWEST             64   07/16        45      19       63  07/04
AVG. MAXIMUM     87.9              88.6    -0.7     87.8
AVG. MINIMUM     69.7              66.6     3.1     69.4
MEAN             78.8              77.6     1.2     78.6
DAYS MAX >= 90      9              12.9    -3.9       13
DAYS MAX <= 32      0               0.0     0.0        0
DAYS MIN <= 32      0               0.0     0.0        0
DAYS MIN <= 0       0               0.0     0.0        0

PRECIPITATION (INCHES)
RECORD
 MAXIMUM        12.03   1960
 MINIMUM         0.26   1964
TOTALS           6.88              3.46    3.42     8.05
DAILY AVG.       0.22              0.11    0.11     0.26
DAYS >= .01        12               8.1     3.9        9
DAYS >= .10        10               5.0     5.0        6
DAYS >= .50         7               2.0     5.0        5
DAYS >= 1.00        3               1.1     1.9        3
GREATEST
 24 HR. TOTAL    1.75   07/03 TO 07/04           07/21 TO 07/22
                                                          07/31 TO 07/31
                                                          07/31 TO 07/31

SNOWFALL (INCHES)
RECORDS
 TOTAL            0.0   2002
 24 HR TOTAL       MM
TOTALS            0.0               0.0     0.0      0.0
SINCE 7/1         0.0               0.0     0.0      0.0
SNOWDEPTH AVG.      0                MM      MM        0
DAYS >= TRACE       0               0.0     0.0        0
DAYS >= 1.0         0               0.0     0.0        0
GREATEST
 SNOW DEPTH         0   MM                             0  MM
 24 HR TOTAL      0.0   07/31 TO 07/31           07/31 TO 07/31
                                                          07/31 TO 07/31
                                                          07/31 TO 07/31

DEGREE_DAYS
HEATING TOTAL       0                 0       0        0
 SINCE 7/1          0                 0       0        0
COOLING TOTAL     435               391      44      429
 SINCE 1/1        839               749      90      844
..................................................

WIND (MPH)
AVERAGE WIND SPEED              5.4
HIGHEST WIND SPEED/DIRECTION    35/270    DATE  07/30
HIGHEST GUST SPEED/DIRECTION    46/260    DATE  07/30

SKY COVER
POSSIBLE SUNSHINE (PERCENT)   MM
AVERAGE SKY COVER           0.20
NUMBER OF DAYS FAIR           27
NUMBER OF DAYS PC              4
NUMBER OF DAYS CLOUDY          0

AVERAGE RH (PERCENT)     81

WEATHER CONDITIONS. NUMBER OF DAYS WITH
THUNDERSTORM             12     MIXED PRECIP               0
HEAVY RAIN                9     RAIN                       5
LIGHT RAIN               13     FREEZING RAIN              0
LT FREEZING RAIN          0     HAIL                       0
HEAVY SNOW                0     SNOW                       0
LIGHT SNOW                0     SLEET                      0
FOG                      24     FOG W/VIS <= 1/4 MILE      0
HAZE                      2

-  INDICATES NEGATIVE NUMBERS.
R  INDICATES RECORD WAS SET OR TIED.
MM INDICATES DATA IS MISSING.
T  INDICATES TRACE AMOUNT.

&&
-------------------------------------------------------------------
 YEARLY PRECIPITATION (INCHES):
 TOTAL.....................24.01
 DEPARTURE FROM NORMAL.....-4.64
$$
