000
CXUS53 KUNR 011601
CLMGCC


CLIMATE REPORT
NATIONAL WEATHER SERVICE RAPID CITY SD
1001 AM MDT MON JUN 1 2015

...................................

...THE GILLETTE AIRPORT WY CLIMATE SUMMARY FOR THE MONTH OF MAY 2015...

CLIMATE NORMAL PERIOD 1981 TO 2010
CLIMATE RECORD PERIOD 9999 TO 9999

WEATHER         OBSERVED          NORMAL  DEPART  LAST YEAR`S
                 VALUE   DATE(S)  VALUE   FROM    VALUE  DATE(S)
                                          NORMAL
................................................................
TEMPERATURE (F)
HIGHEST            76   05/31                         87  05/28
                        05/02
LOWEST             24   05/08                         25  05/15
AVG. MAXIMUM     59.9              65.8    -5.9     65.2
AVG. MINIMUM     38.7              39.8    -1.1     40.0
MEAN             49.3              52.8    -3.5     52.6
DAYS MAX >= 90      0                                  0
DAYS MAX <= 32      0                                  0
DAYS MIN <= 32      7                                  8
DAYS MIN <= 0       0                                  0

PRECIPITATION (INCHES)
TOTALS           4.62              2.45    2.17     6.43
DAILY AVG.       0.15              0.08    0.07     0.21
DAYS >= .01        15                                 13
DAYS >= .10        12                                  7
DAYS >= .50         3                                  1
DAYS >= 1.00        0                                  1
GREATEST
 24 HR. TOTAL    1.02   05/08 TO 05/09              5.21

DEGREE_DAYS
HEATING TOTAL     477               386      91      382
 SINCE 7/1       6876              7402    -526     7632
COOLING TOTAL       0                 8      -8        8
 SINCE 1/1          0                 8      -8        8
.................................................................

WIND (MPH)
AVERAGE WIND SPEED              11.3
HIGHEST WIND SPEED/DIRECTION    31/350    DATE  05/17
HIGHEST GUST SPEED/DIRECTION    39/170    DATE  05/04

AVERAGE RH (PERCENT)     72

WEATHER CONDITIONS. NUMBER OF DAYS WITH
THUNDERSTORM              0     MIXED PRECIP               0
HEAVY RAIN                3     RAIN                      11
LIGHT RAIN               15     FREEZING RAIN              0
LT FREEZING RAIN          0     HAIL                       0
HEAVY SNOW                0     SNOW                       0
LIGHT SNOW                3     SLEET                      0
FOG                      17     FOG W/VIS <= 1/4 MILE      1
HAZE                      1

-  INDICATES NEGATIVE NUMBERS.
R  INDICATES RECORD WAS SET OR TIED.
MM INDICATES DATA IS MISSING.
T  INDICATES TRACE AMOUNT.

$$
