000
CXUS53 KFGF 010921
CLMGFK

BISCLMGFK 000
TTAA00 KFGF 010852


CLIMATE REPORT
NATIONAL WEATHER SERVICE EASTERN NORTH DAKOTA/GRAND FORKS
337 AM CDT WED NOV 1 2017

...................................

...THE GRAND FORKS CLIMATE SUMMARY FOR THE MONTH OF OCTOBER 2017...

CLIMATE NORMAL PERIOD 1981 TO 2010
CLIMATE RECORD PERIOD 1948 TO 2017

WEATHER         OBSERVED          NORMAL  DEPART  LAST YEAR`S
                 VALUE   DATE(S)  VALUE   FROM    VALUE  DATE(S)
                                          NORMAL
................................................................
TEMPERATURE (F)
RECORD
 HIGH              92   10/01/1992
 LOW                6   10/31/1991
HIGHEST            80   10/17        55      25       78  10/03
                                                          10/02
LOWEST             13   10/31         6       7       25  10/24
AVG. MAXIMUM     58.9              54.3     4.6     56.5
AVG. MINIMUM     34.3              31.9     2.4     37.4
MEAN             46.6              43.1     3.5     47.0
DAYS MAX >= 90      0               0.0     0.0        0
DAYS MAX <= 32      0               0.8    -0.8        0
DAYS MIN <= 32     14              15.9    -1.9       11
DAYS MIN <= 0       0               0.0     0.0        0

PRECIPITATION (INCHES)
RECORD
 MAXIMUM         5.79   1998
 MINIMUM         0.08   1992
TOTALS           0.12              1.97   -1.85     1.10
DAILY AVG.       0.00              0.06   -0.06     0.04
DAYS >= .01         3               8.5    -5.5        7
DAYS >= .10         0               3.9    -3.9        3
DAYS >= .50         0               1.1    -1.1        1
DAYS >= 1.00        0               0.5    -0.5        0
GREATEST
 24 HR. TOTAL    0.06   10/01 TO 10/01

SNOWFALL (INCHES)
RECORDS
 TOTAL           10.9   2001
TOTALS            0.2               1.5    -1.3      0.0
SINCE 7/1         0.2               1.5    -1.3      0.0
SNOWDEPTH AVG.      0                MM      MM        0
DAYS >= 1.0         0               0.4    -0.4        0
GREATEST
 SNOW DEPTH         0   MM                             0  MM
 24 HR TOTAL      0.2   MM

DEGREE_DAYS
HEATING TOTAL     564               680    -116      556
 SINCE 7/1        762              1031    -269      752
COOLING TOTAL       0                 1      -1        4
 SINCE 1/1        411               379      32      434
.................................................................

WIND (MPH)
AVERAGE WIND SPEED              12.5
HIGHEST WIND SPEED/DIRECTION    45/350    DATE  10/26
HIGHEST GUST SPEED/DIRECTION    65/350    DATE  10/26

SKY COVER
POSSIBLE SUNSHINE (PERCENT)   MM
AVERAGE SKY COVER           0.50
NUMBER OF DAYS FAIR           11
NUMBER OF DAYS PC             14
NUMBER OF DAYS CLOUDY          6

AVERAGE RH (PERCENT)     67

WEATHER CONDITIONS. NUMBER OF DAYS WITH
THUNDERSTORM              0     MIXED PRECIP               0
HEAVY RAIN                0     RAIN                       0
LIGHT RAIN                6     FREEZING RAIN              0
LT FREEZING RAIN          0     HAIL                       0
HEAVY SNOW                0     SNOW                       0
LIGHT SNOW                3     SLEET                      1
FOG                       7     FOG W/VIS <= 1/4 MILE      1
HAZE                      2

-  INDICATES NEGATIVE NUMBERS.
R  INDICATES RECORD WAS SET OR TIED.
MM INDICATES DATA IS MISSING.
T  INDICATES TRACE AMOUNT.

&&

REMARKS...

THE MONTH OF OCTOBER AT THE GRAND FORKS INTERNATIONAL AIRPORT
OVERALL WAS ABOVE NORMAL WITH RESPECT TO TEMPERATURES. THERE WAS
A NEW RECORD HIGH TEMPERATURE SET ON OCTOBER 17 WITH A VALUE OF
80 DEGREES BREAKING THE OLD HIGH OF 78 SET IN 1963. A RECORD HIGH
TEMPERATURE WAS TIED ON OCTOBER 20 WITH A TEMPERATURE OF 79 WHICH
TIED THE RECORD OF 79 SET IN 1978.  THE AVERAGE TEMPERATURE FOR THE
MONTH WAS 46.6 DEGREES WHICH IS 3.5 DEGREES ABOVE NORMAL.

PRECIPITATION FOR OCTOBER WAS A DRY MONTH AT GRAND FORKS
INTERNATIONAL AIRPORT WITH A LIQUID PRECIPITATION TOTAL OF 0.12
INCHES. THE NORMAL LIQUID PRECIPITATION IS 1.97 INCHES SO OCTOBER
WAS 1.85 INCHES BELOW NORMAL. IN OCTOBER 0.2 INCHES OF SNOW FELL
WHICH IS 1.3 INCHES BELOW THE NORMAL OF 1.5 INCHES.

REMEMBER...THIS DATA IS PROVISIONAL AND SUBJECT TO CHANGE. THE FINAL
AND OFFICIAL RECORDS WILL BE AVAILABLE FROM THE NATIONAL CENTERS FOR
ENVIRONMENTAL INFORMATION (FORMERLY THE NATIONAL CLIMATE DATA
CENTER).

$$
