817
CXUS52 KJAX 020330 RRA
CLMGNV

CLIMATE REPORT
NATIONAL WEATHER SERVICE JACKSONVILLE FL
1258 PM EST MON JAN 1 2018

...................................

...THE GAINESVILLE CLIMATE SUMMARY FOR THE YEAR OF 2017...

CLIMATE NORMAL PERIOD 1981 TO 2010
CLIMATE RECORD PERIOD 1890 TO 2017

WEATHER         OBSERVED          NORMAL  DEPART  LAST YEAR`S
                 VALUE   DATE(S)  VALUE   FROM    VALUE  DATE(S)
                                          NORMAL
................................................................
TEMPERATURE (F)
RECORD
 HIGH             104   06/27/1952
 LOW                6   02/13/1899
HIGHEST            96   05/20        80      16       98  07/31
LOWEST             25   03/16        57     -32       25  01/24
                        01/09                             01/20
                        01/08
AVG. MAXIMUM     82.4              80.0     2.4     82.3
AVG. MINIMUM     58.8              57.8     1.0     58.7
MEAN             70.6              68.9     1.7     70.5
DAYS MAX >= 90    103              72.7    30.3      106
DAYS MAX <= 32      0               0.1    -0.1        0
DAYS MIN <= 32      7              14.4    -7.4       16
DAYS MIN <= 0       0               0.0     0.0        0

PRECIPITATION (INCHES)
RECORD
 MAXIMUM        73.30   1953
 MINIMUM        32.79   1917
TOTALS          71.31             47.41   23.90    42.05
DAILY AVG.       0.20              0.13    0.07     0.12
DAYS >= .01       106             114.4    -8.4       98
DAYS >= .10        68              73.9    -5.9       59
DAYS >= .50        35              30.7     4.3       18
DAYS >= 1.00       23              13.5     9.5       12
GREATEST
 24 HR. TOTAL    6.63   MM                       12/31 TO 12/31
                                                          12/31 TO 12/31
                                                          12/31 TO 12/31
 STORM TOTAL       MM                                 MM
 (MM/DD(HH))            MM                    12/31(00) TO 12/31(00)
                                                 12/31(00) TO 12/31(00)1
                                                 12/31(00) TO 12/31(00)1

SNOWFALL (INCHES)
RECORDS
 TOTAL             MM   MM
 24 HR TOTAL       MM
 SNOW DEPTH        MM   MM
TOTALS            0.0               0.0     0.0      0.0
 LIQUID EQUIV    0.00              0.00    0.00     0.00
SINCE 7/1         0.0               0.0     0.0      0.0
 LIQUID 7/1      0.00              0.00    0.00     0.00
SNOWDEPTH AVG.      0                MM      MM        0
DAYS >= TRACE       0               0.0     0.0        0
DAYS >= 1.0         0               0.0     0.0        0
GREATEST
 SNOW DEPTH         0   MM                             0  MM
 24 HR TOTAL      0.0   MM                       12/31 TO 12/31
                                                          12/31 TO 12/31
                                                          12/31 TO 12/31
 STORM TOTAL       MM                                 MM
 (MM/DD(HH))            MM                    12/31(00) TO 12/31(00)
                                                 12/31(00) TO 12/31(00)1
                                                 12/31(00) TO 12/31(00)1

DEGREE_DAYS
HEATING TOTAL     788              1218    -430      985
 SINCE 7/1        386               457     -71      244
COOLING TOTAL    2921              2639     282     3110
 SINCE 1/1       2921              2638     283     3110

FREEZE DATES
RECORD
 EARLIEST     10/29/2008
 LATEST       04/17/1962
EARLIEST                        12/04
LATEST                          02/24
..................................................

WIND (MPH)
AVERAGE WIND SPEED              5.7
RESULTANT WIND SPEED/DIRECTION   0/056
HIGHEST WIND SPEED/DIRECTION    45/050    DATE  09/11
HIGHEST GUST SPEED/DIRECTION    61/050    DATE  09/11

AVERAGE RH (PERCENT)     72


-  INDICATES NEGATIVE NUMBERS.
R  INDICATES RECORD WAS SET OR TIED.
MM INDICATES DATA IS MISSING.
T  INDICATES TRACE AMOUNT.

$$
