350
CXUS52 KJAX 020916
CLMGNV

CLIMATE REPORT
NATIONAL WEATHER SERVICE JACKSONVILLE FL
238 PM EDT THU JUN 1 2017

...................................

...THE GAINESVILLE CLIMATE SUMMARY FOR THE MONTH OF MAY 2017...

CLIMATE NORMAL PERIOD 1981 TO 2010
CLIMATE RECORD PERIOD 1890 TO 2017

WEATHER         OBSERVED          NORMAL  DEPART  LAST YEAR`S
                 VALUE   DATE(S)  VALUE   FROM    VALUE  DATE(S)
                                          NORMAL
................................................................
TEMPERATURE (F)
RECORD
 HIGH             101   05/31/1945
 LOW               42   05/08/1992
HIGHEST            96   05/20        87       9       94  05/31
LOWEST             49   05/07        62     -13       47  05/06
AVG. MAXIMUM     89.2              86.9     2.3     87.2
AVG. MINIMUM     62.6              62.4     0.2     62.1
MEAN             75.9              74.7     1.2     74.7
DAYS MAX >= 90     18               8.5     9.5        9
DAYS MAX <= 32      0               0.0     0.0        0
DAYS MIN <= 32      0               0.0     0.0        0
DAYS MIN <= 0       0               0.0     0.0        0

PRECIPITATION (INCHES)
RECORD
 MAXIMUM         9.25   1959
 MINIMUM         0.16   1914
TOTALS           4.45              2.48    1.97     4.08
DAILY AVG.       0.14              0.08    0.06     0.13
DAYS >= .01         7               6.5     0.5        8
DAYS >= .10         5               4.2     0.8        5
DAYS >= .50         3               1.7     1.3        2
DAYS >= 1.00        2               0.7     1.3        2
GREATEST
 24 HR. TOTAL    2.02

SNOWFALL (INCHES)
RECORDS
 TOTAL             MM   MM
TOTALS            0.0               0.0     0.0      0.0
SINCE 7/1         0.0               0.0     0.0      0.0
SNOWDEPTH AVG.      0                MM      MM        0
DAYS >= 1.0         0               0.0     0.0        0
GREATEST
 SNOW DEPTH         0   MM                             0  MM
 24 HR TOTAL      0.0

DEGREE_DAYS
HEATING TOTAL       0                 4      -4        4
 SINCE 7/1        646              1218    -572      852
COOLING TOTAL     344               303      41      312
 SINCE 1/1        683               510     173      605
.................................................................

WIND (MPH)
AVERAGE WIND SPEED              7.4
HIGHEST WIND SPEED/DIRECTION    32/280    DATE  05/24
HIGHEST GUST SPEED/DIRECTION    45/270    DATE  05/05

SKY COVER
POSSIBLE SUNSHINE (PERCENT)   MM
AVERAGE SKY COVER           0.20
NUMBER OF DAYS FAIR           23
NUMBER OF DAYS PC              8
NUMBER OF DAYS CLOUDY          0

AVERAGE RH (PERCENT)     65

WEATHER CONDITIONS. NUMBER OF DAYS WITH
THUNDERSTORM              0     MIXED PRECIP               0
HEAVY RAIN                5     RAIN                       4
LIGHT RAIN                9     FREEZING RAIN              0
LT FREEZING RAIN          0     HAIL                       0
HEAVY SNOW                0     SNOW                       0
LIGHT SNOW                0     SLEET                      0
FOG                      14     FOG W/VIS <= 1/4 MILE      2
HAZE                      3

-  INDICATES NEGATIVE NUMBERS.
R  INDICATES RECORD WAS SET OR TIED.
MM INDICATES DATA IS MISSING.
T  INDICATES TRACE AMOUNT.

$$
