000
CXUS52 KJAX 011406
CLMGNV

CLIMATE REPORT
NATIONAL WEATHER SERVICE JACKSONVILLE FL
1002 AM EDT FRI APR 1 2016

...................................

...THE GAINESVILLE CLIMATE SUMMARY FOR THE MONTH OF MARCH 2016...

CLIMATE NORMAL PERIOD 1981 TO 2010
CLIMATE RECORD PERIOD 1890 TO 2016

WEATHER         OBSERVED          NORMAL  DEPART  LAST YEAR`S
                 VALUE   DATE(S)  VALUE   FROM    VALUE  DATE(S)
                                          NORMAL
................................................................
TEMPERATURE (F)
RECORD
 HIGH              96   03/31/1907
 LOW               22   03/03/1980
HIGHEST            89   03/16        75      14       87  03/11
LOWEST             34   03/22        50     -16       38  03/29
AVG. MAXIMUM     79.3              74.6     4.7     79.8
AVG. MINIMUM     53.7              50.0     3.7     54.8
MEAN             66.5              62.3     4.2     67.3
DAYS MAX >= 90      0               0.0     0.0        0
DAYS MAX <= 32      0               0.0     0.0        0
DAYS MIN <= 32      0               0.9    -0.9        0
DAYS MIN <= 0       0               0.0     0.0        0

PRECIPITATION (INCHES)
RECORD
 MAXIMUM        11.13   1996
 MINIMUM            T   1945
TOTALS           2.35              4.33   -1.98     1.17
DAILY AVG.       0.08              0.14   -0.06     0.04
DAYS >= .01        10               7.9     2.1        6
DAYS >= .10         6               5.7     0.3        5
DAYS >= .50         1               2.5    -1.5        0
DAYS >= 1.00        1               1.3    -0.3        0
GREATEST
 24 HR. TOTAL    1.20

SNOWFALL (INCHES)
RECORDS
 TOTAL              T   1991
TOTALS            0.0               0.0     0.0      0.0
SINCE 7/1         0.0               0.0     0.0      0.0
SNOWDEPTH AVG.      0                MM      MM        0
DAYS >= 1.0         0               0.0     0.0        0
GREATEST
 SNOW DEPTH         0   MM                             0  MM
 24 HR TOTAL      0.0

DEGREE_DAYS
HEATING TOTAL      74               137     -63       60
 SINCE 7/1        839              1171    -332     1211
COOLING TOTAL     129                54      75      139
 SINCE 1/1        154                86      68      154
.................................................................

WIND (MPH)
AVERAGE WIND SPEED              6.1
HIGHEST WIND SPEED/DIRECTION    30/300    DATE  03/24
HIGHEST GUST SPEED/DIRECTION    44/290    DATE  03/24

SKY COVER
POSSIBLE SUNSHINE (PERCENT)   MM
AVERAGE SKY COVER           0.40
NUMBER OF DAYS FAIR           15
NUMBER OF DAYS PC             13
NUMBER OF DAYS CLOUDY          3

AVERAGE RH (PERCENT)     70

WEATHER CONDITIONS. NUMBER OF DAYS WITH
THUNDERSTORM              0     MIXED PRECIP               0
HEAVY RAIN                5     RAIN                       5
LIGHT RAIN               11     FREEZING RAIN              0
LT FREEZING RAIN          0     HAIL                       0
HEAVY SNOW                0     SNOW                       0
LIGHT SNOW                0     SLEET                      0
FOG                      15     FOG W/VIS <= 1/4 MILE      3
HAZE                      0

-  INDICATES NEGATIVE NUMBERS.
R  INDICATES RECORD WAS SET OR TIED.
MM INDICATES DATA IS MISSING.
T  INDICATES TRACE AMOUNT.

$$
