000
CXUS53 KGID 011912 AAB
CLMGRI

CLIMATE REPORT...UPDATED
NATIONAL WEATHER SERVICE HASTINGS NE
112 PM CST THU DEC 1 2016

...UPDATED TO ADD LAST YEAR`S VALUES...

...................................

...THE GRAND ISLAND NE CLIMATE SUMMARY FOR THE MONTH OF NOVEMBER 2016...

CLIMATE NORMAL PERIOD 1981 TO 2010
CLIMATE RECORD PERIOD 1895 TO 2016

WEATHER         OBSERVED          NORMAL  DEPART  LAST YEAR`S
                 VALUE   DATE(S)  VALUE   FROM    VALUE  DATE(S)
                                          NORMAL
................................................................
TEMPERATURE (F)
RECORD
 HIGH              88   11/08/1915
 LOW              -11   11/28/1976
HIGHEST            79   11/04        71       8       79  11/02
LOWEST             20   11/19         8      12       18  11/27
AVG. MAXIMUM     57.3              49.4     7.9     53.2
AVG. MINIMUM     32.7              26.8     5.9     32.7
MEAN             45.0              38.1     6.9     43.0
DAYS MAX >= 90      0               0.0     0.0        0
DAYS MAX <= 32      0               3.0    -3.0        4
DAYS MIN <= 32     14              21.2    -7.2       16
DAYS MIN <= 0       0               0.3    -0.3        0

PRECIPITATION (INCHES)
RECORD
 MAXIMUM         3.77   1983
 MINIMUM         0.00   1939
                        1914
TOTALS           1.37              1.17    0.20     2.84
DAILY AVG.       0.05              0.04    0.01     0.09
DAYS >= .01         6               5.3     0.7        8
DAYS >= .10         5               2.5     2.5        5
DAYS >= .50         1               0.8     0.2        2
DAYS >= 1.00        0               0.2    -0.2        0
GREATEST
 24 HR. TOTAL    0.53   11/07 TO 11/07
                        11/06 TO 11/07
                        11/07 TO 11/07

SNOWFALL (INCHES)
RECORDS
 TOTAL           17.1   1983
TOTALS            0.4               3.1    -2.7      5.6
SINCE 7/1         0.4               4.2    -3.8      5.6
SNOWDEPTH AVG.      0                MM      MM        0
DAYS >= 1.0         0               1.0    -1.0        3
GREATEST
 SNOW DEPTH         T   11/18                          3  11/27

DEGREE_DAYS
HEATING TOTAL     592               807    -215      653
 SINCE 7/1        920              1330    -410      966
COOLING TOTAL       0                 0       0        0
 SINCE 1/1       1146              1034     112     1048
.................................................................

WIND (MPH)
AVERAGE WIND SPEED              10.4
HIGHEST WIND SPEED/DIRECTION    38/320    DATE  11/18
HIGHEST GUST SPEED/DIRECTION    49/330    DATE  11/18

SKY COVER
POSSIBLE SUNSHINE (PERCENT)   MM
NUMBER OF DAYS FAIR           18
NUMBER OF DAYS PC              7
NUMBER OF DAYS CLOUDY          5

AVERAGE RH (PERCENT)     69

WEATHER CONDITIONS. NUMBER OF DAYS WITH
THUNDERSTORM              2     MIXED PRECIP               0
HEAVY RAIN                0     RAIN                       2
LIGHT RAIN                6     FREEZING RAIN              0
LT FREEZING RAIN          0     HAIL                       0
HEAVY SNOW                0     SNOW                       0
LIGHT SNOW                2     SLEET                      0
FOG                       6     FOG W/VIS <= 1/4 MILE      0
HAZE                      2

-  INDICATES NEGATIVE NUMBERS.
R  INDICATES RECORD WAS SET OR TIED.
MM INDICATES DATA IS MISSING.
T  INDICATES TRACE AMOUNT.

$$
