000
CXUS53 KGID 151431 AAA
CLMGRI

CLIMATE REPORT...UPDATED
NATIONAL WEATHER SERVICE HASTINGS NE
831 AM CST THU JAN 15 2015

UPDATED TO INCLUDE MONTHLY RECAP/ANNUAL EXTREMES AT BOTTOM

...................................

...THE GRAND ISLAND NE CLIMATE SUMMARY FOR THE MONTH OF DECEMBER 2014...

CLIMATE NORMAL PERIOD 1981 TO 2010
CLIMATE RECORD PERIOD 1895 TO 2014

WEATHER         OBSERVED          NORMAL  DEPART  LAST YEAR`S
                 VALUE   DATE(S)  VALUE   FROM    VALUE  DATE(S)
                                          NORMAL
................................................................
TEMPERATURE (F)
RECORD
 HIGH              80   12/06/1939
 LOW              -26   12/22/1989
HIGHEST            58   12/14        59      -1       67  12/18
LOWEST             -8   12/31        -5      -3       -7  12/09
AVG. MAXIMUM     37.1              36.9     0.2     37.1
AVG. MINIMUM     21.1              16.4     4.7     12.6
MEAN             29.1              26.7     2.4     24.9
DAYS MAX >= 90      0               0.0     0.0        0
DAYS MAX <= 32     10              10.7    -0.7       13
DAYS MIN <= 32     27              30.1    -3.1       31
DAYS MIN <= 0       2               2.5    -0.5        4

PRECIPITATION (INCHES)
RECORD
 MAXIMUM         5.00   1913
 MINIMUM         0.04   1929
                        1908
                        1905
TOTALS           0.76              0.63    0.13     0.11
DAILY AVG.       0.02              0.02    0.00     0.00
DAYS >= .01         6               5.0     1.0        3
DAYS >= .10         3               1.8     1.2        0
DAYS >= .50         0               0.3    -0.3        0
DAYS >= 1.00        0               0.0     0.0        0
GREATEST
 24 HR. TOTAL    0.42   12/14 TO 12/15

SNOWFALL (INCHES)
RECORDS
 TOTAL           26.5   2009
TOTALS            5.9               5.1     0.8      2.2
SINCE 7/1         8.1               9.3    -1.2      2.4
SNOWDEPTH AVG.      0                 3      -3        0
DAYS >= 1.0         2               1.5     0.5        2
GREATEST
 SNOW DEPTH         3   12/27                          1  12/11
                                                          12/10
                                                          12/09

DEGREE_DAYS
HEATING TOTAL    1105              1189     -84     1236
 SINCE 7/1       2438              2519     -81     2464
COOLING TOTAL       0                 0       0        0
 SINCE 1/1       1031              1034      -3     1265
.................................................................

WIND (MPH)
AVERAGE WIND SPEED              11.2
HIGHEST WIND SPEED/DIRECTION    39/340    DATE  12/15
HIGHEST GUST SPEED/DIRECTION    49/350    DATE  12/15

SKY COVER
POSSIBLE SUNSHINE (PERCENT)   MM
NUMBER OF DAYS FAIR           11
NUMBER OF DAYS PC              3
NUMBER OF DAYS CLOUDY         17

AVERAGE RH (PERCENT)     76

WEATHER CONDITIONS. NUMBER OF DAYS WITH
THUNDERSTORM              0     MIXED PRECIP               0
HEAVY RAIN                1     RAIN                       2
LIGHT RAIN                3     FREEZING RAIN              0
LT FREEZING RAIN          1     HAIL                       0
HEAVY SNOW                0     SNOW                       2
LIGHT SNOW                6     SLEET                      0
FOG                      19     FOG W/VIS <= 1/4 MILE      3
HAZE                      8

-  INDICATES NEGATIVE NUMBERS.
R  INDICATES RECORD WAS SET OR TIED.
MM INDICATES DATA IS MISSING.
T  INDICATES TRACE AMOUNT.

&&

...DECEMBER 2014 SUMMARY FOR CENTRAL NEBRASKA REGIONAL AIRPORT...

...TEMPERATURES

2 DAILY AND 1 DAILY-MONTHLY TEMPERATURE RECORDS SET DURING DEC. 2014:
- DEC. 12: RECORD WARM LOW OF 39 (PREVIOUS 37 IN 1993)
- DEC. 13: RECORD WARM LOW OF 47 (THIS NOT ONLY SHATTERED THE PREVIOUS
DAILY RECORD OF 37 IN 1898 BUT ALSO ESTABLISHED A NEW RECORD WARM
MINIMUM TEMP FOR ANY DAY IN DECEMBER, BREAKING THE PREVIOUS MARK OF 46
DEGREES SET ON 12-1-1998, 12-3-1913 AND 12-4-1913)

AVERAGE HIGH TEMPERATURE:     37.1 DEGREES (0.2 ABOVE NORMAL)
AVERAGE LOW TEMPERATURE:      21.1 DEGREES (4.7 ABOVE NORMAL)
AVERAGE MEAN TEMPERATURE:     29.1 DEGREES (2.4 ABOVE NORMAL)

WARMEST HIGH TEMPERATURE:      58 DEGREES ON THE 14TH
COLDEST HIGH TEMPERATURE:       4 DEGREES ON THE 30TH

COLDEST LOW TEMPERATURE:       -8 DEGREES ON THE 31ST
WARMEST LOW TEMPERATURE:       47 DEGREES ON THE 13TH

WARMEST 2-DAY STRETCH BASED
ON AVERAGE HIGH TEMPERATURE:   56.0 DEGREES FROM THE 13TH-14TH

COLDEST 2-DAY STRETCH BASED
ON AVERAGE HIGH TEMPERATURE:    9.5 DEGREES FROM THE 30TH-31ST

WARMEST WEEK BASED
ON AVERAGE MEAN TEMPERATURE:   38.9 DEGREES FROM THE 8TH-14TH

COLDEST WEEK BASED
ON AVERAGE MEAN TEMPERATURE:   15.1 DEGREES FROM THE 25TH-31ST

WARMEST WEEK BASED
ON AVERAGE HIGH TEMPERATURE:   47.1 DEGREES FROM THE 8TH-14TH

COLDEST WEEK BASED
ON AVERAGE HIGH TEMPERATURE:   24.1 DEGREES FROM THE 25TH-31ST

COLDEST WEEK BASED
ON AVERAGE LOW TEMPERATURE:     6.0 DEGREES FROM THE 25TH-31ST


...PRECIPITATION/SNOWFALL

NO DAILY PRECIPITATION OR SNOWFALL RECORDS WERE SET DURING DEC. 2014

TOTAL MONTHLY PRECIPITATION: 0.76 INCHES (0.13 ABOVE NORMAL)
TOTAL MONTHLY SNOWFALL:       5.9 INCHES (0.8 ABOVE NORMAL)

NUMBER OF DAYS WITH MEASURABLE PRECIPITATION (0.01 OR MORE): 6

HIGHEST CALENDAR DAY PRECIPITATION:  0.31 INCHES ON THE 15TH
HIGHEST 2-DAY PRECIPITATION TOTAL:   0.42 INCHES FROM THE 14TH-15TH

HIGHEST CALENDAR DAY SNOWFALL:        3.0 INCHES ON THE 26TH
HIGHEST 2-DAY SNOWFALL TOTAL:         3.5 INCHES FROM THE 26TH-27TH


PRECIPITATION TOTALS AND DEPARTURES
FROM NORMAL FOR THE YEAR 2014:

MONTH          PRECIP.  DEPARTURE

JAN  2014       0.32     -0.21
FEB  2014       0.33     -0.35
MAR  2014       0.19     -1.61
APR  2014       2.91     +0.38
MAY  2014       0.74     -3.67
JUN  2014       9.65     +5.35
JUL  2014       2.19     -1.21
AUG  2014       5.87     +2.75
SEP  2014       3.03     +0.80
OCT  2014       1.28     -0.58
NOV  2014       0.29     -0.88
DEC  2014       0.76     +0.13

12-MONTH TOTAL  27.56    +0.90


...OTHER WEATHER ELEMENTS

HIGHEST WIND GUST: 49 MPH FROM THE NORTH ON THE 15TH
(OCCURRED AT 611 PM IN THE WAKE OF A STRONG LOW PRESSURE SYSTEM)

HIGHEST SURFACE SEA LEVEL PRESSURE: 31.02 ON THE 30TH
LOWEST SURFACE SEA LEVEL PRESSURE:  29.49 ON THE 22ND

&&

...DECEMBER 2014 NARRATIVE FOR CENTRAL NEBRASKA REGIONAL AIRPORT...

ALTHOUGH THE MONTH AS A WHOLE AVERAGED SLIGHTLY ABOVE NORMAL IN THE
TEMPERATURE...PRECIPITATION AND SNOWFALL DEPARTMENTS...THE TWO MOST
MEMORABLE ASPECTS OF THE MONTH WERE:

1) AN UNUSUALLY LONG-STRETCH OF CLOUDY "WINTER GLOOM" THAT HUNG OVER
THE AREA FOR ESSENTIALLY TWO STRAIGHT WEEKS DURING THE MIDDLE PART
OF THE MONTH. IN FACT...GRAND ISLAND SAW VERY LITTLE (IF ANY)
SUNSHINE FOR TWO CONSECUTIVE WEEKS BETWEEN THE 10TH AND
23RD...BEFORE THE SUN MADE A TRIUMPHANT RETURN JUST IN TIME FOR
CHRISTMAS EVE-CHRISTMAS DAY.

2) THROUGH THE FIRST 26 DAYS OF THE MONTH...DECEMBER WAS ON PACE TO
BE ONE OF THE TOP-15 WARMEST ON RECORD WITH AN AVERAGE TEMPERATURE
THAT WAS 6.1 DEGREES ABOVE NORMAL. HOWEVER...A NOTICEABLY COLDER
AIRMASS SETTLED INTO THE AREA DURING THE FINAL 5 DAYS AND ESPECIALLY
THE LAST TWO DAYS...THUS KNOCKING THE MONTHLY AVERAGE TEMPERATURE
DOWN SEVERAL DEGREES FROM ITS INITIAL PACE.

FOCUSING ON TEMPERATURES IN MORE DETAIL...THE OVERALL AVERAGE
MONTHLY TEMPERATURE (RESULTING FROM AVERAGING BOTH THE HIGHS AND
LOWS) WAS 29.1 DEGREES...WHICH WAS 2.4 DEGREES ABOVEN NORMAL. AS
MENTIONED IN THE PRECEDING PARAGRAPH...THE MAJORITY OF THE MONTH WAS
SEASONABLY MILD...AS 21 OF THE FIRST 26 DAYS CARRIED AN ABOVE NORMAL
AVERAGE TEMPERATURE. HOWEVER...NOTICEABLY COLDER AIR ARRIVED DURING
THE FINAL 5 DAYS...PEAKING IN INTENSITY ON THE 30TH-31ST AS LOW
TEMPERATURES BOTTOMED OUT AT -8 AND -7 DEGREES...RESPECTIVELY.
FURTHERMORE..THE HIGH OF ONLY 4 DEGREES ON THE 30TH MARKED THE
COLDEST HIGH TEMPERATURE FOR THE ENTIRE YEAR OF 2014. DURING THE
MILD MAJORITY OF THE MONTH...THE OVERALL-WARMEST WEEK WAS CENTERED
BETWEEN THE 8TH-14TH DURING WHICH FOUR OF THE SEVEN DAYS REACHED AT
LEAST 51 DEGREES...INCLUDING THE WARMEST MONTHLY HIGH OF 58 ON THE
14TH. HOWEVER...MILD LOW TEMPERATURES STOLE THE SPOTLIGHT ON THE
12TH AND 13TH...AS NOT ONLY DID BOTH DAYS SET NEW RECORD WARM LOWS
FOR THE DATE...BUT THE LOW OF ONLY 47 DEGREES ON THE 13TH SET A NEW
RECORD-WARMEST LOW FOR THE ENTIRE MONTH OF DECEMBER! THIS VALUE
ECLIPSED THE PREVIOUS MARK OF 46 DEGREES WHICH WAS INITIALLY SET ON
DEC. 3-4, 1913 AND THEN MATCHED ON DEC. 1, 1998. THE MOST EXTREME
DAY-TO-DAY CHANGE IN HIGH TEMPERATURES DURING THE MONTH WAS 27
DEGREES AND OCCURRED EARLY-ON...CONSISTING OF A SHARP WARM-UP FROM
25 DEGREES ON THE 1ST TO 52 ON THE 2ND.

TURNING TO DECEMBER 2014 PRECIPITATION...THE TOTAL OF 0.76 INCHES AT
CENTRAL NEBRASKA REGIONAL AIRPORT WAS 0.13 INCHES ABOVE THE 30-YEAR
NORMAL OF 0.63 INCHES. OVER HALF OF THIS PRECIPITATION (0.42 INCHES)
FELL IN THE FORM OF RAIN ON THE 14TH-15TH. THEN DURING THE LATTER
HALF OF THE MONTH...GRAND ISLAND RECEIVED FOUR FAIRLY "MINOR" ROUNDS
OF ACCUMULATING SNOW...THE MOST SIGNIFICANT OF WHICH WAS 3.5 INCHES
THAT FELL BETWEEN THE EVENING OF THE 26TH AND THE EARLY MORNING OF
THE 27TH. DESPITE ONLY BEING 3.5 INCHES...THIS WAS ACTUALLY THE
SINGLE-BIGGEST SNOW "EVENT" OF THE YEAR 2014. TOTAL SNOWFALL FOR THE
MONTH ENDED UP AT 5.9 INCHES...ONLY 0.8 INCHES ABOE THE 30-YEAR
NORMAL.

NO THUNDERSTORMS AFFECTED GRAND ISLAND DURING THE MONTH.
FURTHERMORE...IT WAS NOT ON OVERLY-WINDY DECEMBER AS ONLY THREE DAYS
FEATURED PEAK NORTH-NORTHWESTERLY GUSTS OF 40+ MPH...LED BY A 49 MPH
GUST ON THE 15TH.

&&

...ANNUAL GRAND ISLAND AIRPORT TOTALS/EXTREMES FOR 2014...

ANNUAL MEAN TEMPERATURE: 50.3 DEGREES (0.4 DEGREES BELOW NORMAL)

HOTTEST HIGH TEMPERATURE: 100 DEGREES ON JULY 21
COLDEST HIGH TEMPERATURE:   4 DEGREES ON DEC 30

COLDEST LOW TEMPERATURE:  -14 DEGREES ON FEB 6
WARMEST LOW TEMPERATURE:   75 DEGREES ON JUNE 18, JULY 21, JULY 25

ANNUAL PRECIPITATION:      27.56 INCHES
(0.90 INCH ABOVE NORMAL...AND 0.64 MORE THAN LAST YEAR)

HIGHEST DAILY PRECIPITATION: 2.59 INCHES ON JUNE 14
HIGHEST 2-DAY PRECIPITATION: 2.76 INCHES ON JUNE 14-15

TOTAL ANNUAL SNOWFALL (INCLUDES PARTS OF 2 SNOW SEASONS): 22.1 INCHES
HIGHEST DAILY SNOWFALL: 3.0 INCHES ON DEC 26
HIGHEST 2-DAY SNOWFALL: 3.5 INCHES ON DEC 26-27
DEEPEST 6 AM SNOW DEPTH:  3 INCHES ON FEB 10-11 AND DEC 27

HIGHEST WIND GUST:  65 MPH FROM THE NORTHWEST ON JAN 20
(IN THE WAKE OF A STRONG LOW PRESSURE SYSTEM PASSING TO THE EAST)

$$

PFANNKUCH
