000
CXUS52 KGSP 011501
CLMGSP

CLIMATE REPORT
NATIONAL WEATHER SERVICE GREENVILLE-SPARTANBURG SC
1101 AM EDT SAT APR 1 2017

...................................

...THE GREENVILLE-SPARTANBURG CLIMATE SUMMARY FOR THE MONTH OF MARCH 2017...

CLIMATE NORMAL PERIOD 1981 TO 2010
CLIMATE RECORD PERIOD 1884 TO 2017

WEATHER         OBSERVED          NORMAL  DEPART  LAST YEAR`S
                 VALUE   DATE(S)  VALUE   FROM    VALUE  DATE(S)
                                          NORMAL
................................................................
TEMPERATURE (F)
RECORD
 HIGH              91   03/23/1907
 LOW               11   03/15/1993
                        03/03/1980
HIGHEST            86   03/21        MM      MM       86  03/16
LOWEST             23   03/16        MM      MM       32  03/03
AVG. MAXIMUM     65.7              64.5     1.2     69.9
AVG. MINIMUM     42.0              41.2     0.8     46.6
MEAN             53.9              52.9     1.0     58.2
DAYS MAX >= 90      0               0.0     0.0        0
DAYS MAX <= 32      0               0.0     0.0        0
DAYS MIN <= 32      8               5.2     2.8        1
DAYS MIN <= 0       0               0.0     0.0        0

PRECIPITATION (INCHES)
RECORD
 MAXIMUM        11.99   1952
 MINIMUM         1.13   1985
TOTALS           7.35              4.52    2.83     1.69
DAILY AVG.       0.24              0.15    0.09     0.05
DAYS >= .01        14               9.6     4.4        6
DAYS >= .10         9               6.8     2.2        4
DAYS >= .50         3               3.3    -0.3        1
DAYS >= 1.00        1               1.4    -0.4        0
GREATEST
 24 HR. TOTAL    3.90   03/21 TO 03/21           03/14 TO 03/14
                                                          03/14 TO 03/14
                                                          03/14 TO 03/14
 STORM TOTAL       MM                                 MM
 (MM/DD(HH))            MM                    03/14(00) TO 03/14(00)
                                                 03/14(00) TO 03/14(00)4
                                                 03/14(00) TO 03/14(00)4

SNOWFALL (INCHES)
RECORDS
 TOTAL           15.3   1960
 24 HR TOTAL      9.8   03/12/1993 TO 03/13/1993
 SNOW DEPTH         5   03/24/1983
TOTALS            0.5               0.9    -0.4        T
 LIQUID EQUIV    0.05              0.10   -0.05       MM
SINCE 7/1         3.6               4.7    -1.1      2.6
 LIQUID 7/1      0.36              0.50   -0.14     0.26
SNOWDEPTH AVG.      0                MM      MM        0
DAYS >= TRACE       3               0.3     2.7        1
DAYS >= 1.0         0               0.1    -0.1        0
GREATEST
 SNOW DEPTH         T   03/12                          0  MM
 24 HR TOTAL      0.5   03/12 TO 03/12           03/14 TO 03/14
                                                          03/14 TO 03/14
                                                          03/14 TO 03/14
 STORM TOTAL      0.5                                 MM
 (MM/DD(HH))            MM                    03/14(00) TO 03/14(00)
                                                 03/14(00) TO 03/14(00)4
                                                 03/14(00) TO 03/14(00)4

DEGREE_DAYS
HEATING TOTAL     354               384     -30      226
 SINCE 7/1       2080              2833    -753     2323
COOLING TOTAL      16                 8       8       26
 SINCE 1/1         22                 8      14       26

FREEZE DATES
RECORD
 EARLIEST     MM
 LATEST       MM
EARLIEST                        MM
LATEST                          MM
.....................................................

WIND (MPH)
AVERAGE WIND SPEED              7.2
HIGHEST WIND SPEED/DIRECTION    37/260    DATE  03/01
HIGHEST GUST SPEED/DIRECTION    51/250    DATE  03/01

SKY COVER
POSSIBLE SUNSHINE (PERCENT)   MM
AVERAGE SKY COVER           0.30
NUMBER OF DAYS FAIR           16
NUMBER OF DAYS PC             12
NUMBER OF DAYS CLOUDY          3

AVERAGE RH (PERCENT)     57

WEATHER CONDITIONS. NUMBER OF DAYS WITH
THUNDERSTORM              7     MIXED PRECIP               0
HEAVY RAIN                6     RAIN                       7
LIGHT RAIN               16     FREEZING RAIN              0
LT FREEZING RAIN          0     HAIL                       2
HEAVY SNOW                0     SNOW                       0
LIGHT SNOW                1     SLEET                      0
FOG                      14     FOG W/VIS <= 1/4 MILE      1
HAZE                      2

-  INDICATES NEGATIVE NUMBERS.
R  INDICATES RECORD WAS SET OR TIED.
MM INDICATES DATA IS MISSING.
T  INDICATES TRACE AMOUNT.

$$

OUTLAW
