000
CXGM50 PGUM 041520
CLMGUM


CLIMATE REPORT
NATIONAL WEATHER SERVICE TIYAN, GUAM
120 AM CHST MON DEC 5 2016

...................................

...THE GUAM INTERNATIONAL AIRPORT GU CLIMATE SUMMARY FOR THE MONTH OF NOVEMBER 2016...

CLIMATE NORMAL PERIOD 1981 TO 2010
CLIMATE RECORD PERIOD 1945 TO 2016

WEATHER         OBSERVED          NORMAL  DEPART  LAST YEAR`S
                 VALUE   DATE(S)  VALUE   FROM    VALUE  DATE(S)
                                          NORMAL
................................................................
TEMPERATURE (F)
RECORD
 HIGH              92   11/16/2016
                        11/09/1989
                        11/07/1989
 LOW               68   11/09/1967
HIGHEST            92R  11/16        MM      MM       91  11/17
                                                          11/13
LOWEST             75   11/06        MM      MM       76  11/09
AVG. MAXIMUM     89.0              86.5     2.5     89.1
AVG. MINIMUM     79.0              77.2     1.8     79.0
MEAN             84.0              81.8     2.2     84.1
DAYS MAX >= 90     13               0.3    12.7       17
DAYS MAX <= 32      0               0.0     0.0        0
DAYS MIN <= 32      0               0.0     0.0        0
DAYS MIN <= 0       0               0.0     0.0        0

PRECIPITATION (INCHES)
RECORD
 MAXIMUM        13.29   2007
 MINIMUM         4.13   2013
TOTALS          10.13              9.17    0.96     5.96
DAILY AVG.       0.34              0.31    0.03     0.20
DAYS >= .01        22              24.9    -2.9       28
DAYS >= .10        12              15.8    -3.8       12
DAYS >= .50         8               5.3     2.7        2
DAYS >= 1.00        4               2.5     1.5        2
GREATEST
 24 HR. TOTAL    1.88   11/06 TO 11/06           11/19 TO 11/20
                                                          11/30 TO 11/30
                                                          11/30 TO 11/30
 STORM TOTAL       MM                                 MM
 (MM/DD(HH))            MM                    11/20(00) TO 11/20(00)
                                                 11/30(00) TO 11/30(00)0
                                                 11/30(00) TO 11/30(00)0

DEGREE_DAYS
COOLING TOTAL     577               505      72      580
 SINCE 1/1       6208              5501     707     5750

FREEZE DATES
RECORD
 EARLIEST     MM
 LATEST       MM
EARLIEST                        MM
LATEST                          MM
.................................................

WIND (MPH)
AVERAGE WIND SPEED              10.0
RESULTANT WIND SPEED/DIRECTION   7/083
HIGHEST WIND SPEED/DIRECTION    30/180    DATE  11/03
HIGHEST GUST SPEED/DIRECTION    49/190    DATE  11/04

SKY COVER
POSSIBLE SUNSHINE (PERCENT)   MM
AVERAGE SKY COVER           0.40
NUMBER OF DAYS FAIR           13
NUMBER OF DAYS PC             17
NUMBER OF DAYS CLOUDY          0

AVERAGE RH (PERCENT)     80

WEATHER CONDITIONS. NUMBER OF DAYS WITH
THUNDERSTORM              0     MIXED PRECIP               0
HEAVY RAIN                7     RAIN                       9
LIGHT RAIN               21     FREEZING RAIN              0
LT FREEZING RAIN          0     HAIL                       0
HEAVY SNOW                0     SNOW                       0
LIGHT SNOW                0     SLEET                      0
FOG                      12     FOG W/VIS <= 1/4 MILE      0
HAZE                      1

-  INDICATES NEGATIVE NUMBERS.
R  INDICATES RECORD WAS SET OR TIED.
MM INDICATES DATA IS MISSING.
T  INDICATES TRACE AMOUNT.

$$
