000
CXUS54 KAMA 011610
CLMGUY


CLIMATE REPORT
NATIONAL WEATHER SERVICE AMARILLO TX
1009 AM CST MON FEB 1 2016

...................................

...THE GUYMON CLIMATE SUMMARY FOR THE MONTH OF JANUARY 2016...

CLIMATE NORMAL PERIOD 1981 TO 2010
CLIMATE RECORD PERIOD 1998 TO 2016

WEATHER         OBSERVED          NORMAL  DEPART  LAST YEAR`S
                 VALUE   DATE(S)  VALUE   FROM    VALUE  DATE(S)
                                          NORMAL
................................................................
TEMPERATURE (F)
HIGHEST            75   01/29                         79  01/27
LOWEST             14   01/11                          4  01/05
                        01/01
AVG. MAXIMUM     51.4              49.6     1.8     49.3
AVG. MINIMUM     21.4              21.6    -0.2     25.0
MEAN             36.4              35.6     0.8     37.1
DAYS MAX >= 90      0               0.0     0.0        0
DAYS MAX <= 32      1               3.7    -2.7        2
DAYS MIN <= 32     31              28.0     3.0       22
DAYS MIN <= 0       0               0.2    -0.2        0

PRECIPITATION (INCHES)
TOTALS           0.14              0.40   -0.26     1.21
DAILY AVG.       0.00              0.01   -0.01     0.04
DAYS >= .01         3                MM      MM        5
DAYS >= .10         1                MM      MM        4
DAYS >= .50         0                MM      MM        0
DAYS >= 1.00        0                MM      MM        0
GREATEST
 24 HR. TOTAL    0.13   01/08 TO 01/09

SNOWFALL (INCHES)
TOTALS            0.0                MM      MM      7.0
SINCE 7/1           T                MM      MM     11.8
DAYS >= TRACE       0                MM      MM
DAYS >= 1.0         0                MM      MM        2
GREATEST
 SNOW DEPTH         0   MM
 24 HR TOTAL      0.0   01/31 TO 01/31

DEGREE_DAYS
HEATING TOTAL     880               911     -31      859
 SINCE 7/1       2401              2728    -327     2484
COOLING TOTAL       0                 0       0        0
 SINCE 1/1          0                 0       0        0
.................................................................

WIND (MPH)
AVERAGE WIND SPEED              8.9
HIGHEST WIND SPEED/DIRECTION    38/360    DATE  01/21
HIGHEST GUST SPEED/DIRECTION    47/360    DATE  01/21

SKY COVER
POSSIBLE SUNSHINE (PERCENT)   MM
NUMBER OF DAYS FAIR           21
NUMBER OF DAYS PC              8
NUMBER OF DAYS CLOUDY          2

AVERAGE RH (PERCENT)     60

WEATHER CONDITIONS. NUMBER OF DAYS WITH
THUNDERSTORM              0     MIXED PRECIP               0
HEAVY RAIN                0     RAIN                       0
LIGHT RAIN                2     FREEZING RAIN              0
LT FREEZING RAIN          0     HEAVY SNOW                 0
SNOW                      1     LIGHT SNOW                 2
SLEET                     0     FOG                        8
FOG W/VIS <= 1/4 MILE     1     HAZE                       2

-  INDICATES NEGATIVE NUMBERS.
R  INDICATES RECORD WAS SET OR TIED.
MM INDICATES DATA IS MISSING.
T  INDICATES TRACE AMOUNT.

$$
