000
CXUX51 KGYX 030134
CLMGYX

PWMCLMGYX 000
TTAA00 KGYX 022210


CLIMATE REPORT
NATIONAL WEATHER SERVICE GRAY ME
934 PM EDT TUE AUG 2 2016

...................................

...THE GRAY ME CLIMATE SUMMARY FOR THE MONTH OF JULY 2016...

CLIMATE NORMAL PERIOD 1981 TO 2010
CLIMATE RECORD PERIOD 1995 TO 2016

WEATHER         OBSERVED          NORMAL  DEPART  LAST YEAR`S
                 VALUE   DATE(S)  VALUE   FROM    VALUE
                                          NORMAL
.............................................................
TEMPERATURE (F)
RECORD
 HIGH              99   07/22/2011
 LOW               50   07/12/2002
                        07/11/2002
                        07/02/2001
HIGHEST            93   07/22        90       3       89
LOWEST             54   07/10        53       1       52
                        07/09
                        07/03
AVG. MAXIMUM     81.1              79.1     2.0     77.7
AVG. MINIMUM     61.9              59.7     2.2     59.3
MEAN             71.5              69.4     2.1     68.5
DAYS MAX >= 90      2               1.3     0.7        0
DAYS MAX <= 32      0               0.0     0.0        0
DAYS MIN <= 32      0               0.0     0.0        0
DAYS MIN <= 0       0               0.0     0.0        0

PRECIPITATION (INCHES)
RECORD
 MAXIMUM         9.45   2009
 MINIMUM         1.08   2003
TOTALS           4.47              4.30    0.17     2.33
DAILY AVG.       0.14              0.14    0.00     0.08
DAYS >= .01        13              12.5     0.5       12
DAYS >= .10         8               7.1     0.9        5
DAYS >= .50         2               2.9    -0.9        1
DAYS >= 1.00        1               1.1    -0.1        1
GREATEST
 24 HR. TOTAL    1.43   07/01 TO 07/02

SNOWFALL (INCHES)
RECORDS
 TOTAL            0.0
TOTALS            0.0               0.0     0.0      0.0
SINCE 7/1         0.0               0.0     0.0      0.0
SNOWDEPTH AVG.      0
DAYS >= TRACE       0               0.0     0.0        0
DAYS >= 1.0         0               0.0     0.0        0
GREATEST
 SNOW DEPTH         0                                  0
 24 HR TOTAL      0.0

DEGREE_DAYS
HEATING TOTAL      18                14       4       13
 SINCE 7/1         18                14       4       13
COOLING TOTAL     227               150      77      131
 SINCE 1/1        301               226      75      206
..............................................................



-  INDICATES NEGATIVE NUMBERS.
R  INDICATES RECORD WAS SET OR TIED.
MM INDICATES DATA IS MISSING.
T  INDICATES TRACE AMOUNT.

&&

WARM WEATHER FROM THE END OF JUNE SPILLED INTO THE FIRST WEEK OF
JULY. AN ISOLATED, HEAVY THUNDERSTORM ON JULY 1 BROUGHT WELL MORE
THAN ONE INCH OF RAINFALL. THE WARM WEATHER PATTERN BEGAN TO SHIFT
TO A COOLER, DAMP WEATHER PATTERN FOR THE SECOND WEEK OF THE MONTH.
THE TEMPERATURE DID NOT RISE OUT OF THE 60S FOR 4 STRAIGHT DAYS FROM
THE 7TH THROUGH THE 10TH. THE HIGH TEMPERATURE OF 59 DEGREES ON JULY
9 WAS THE SECOND COLDEST JULY HIGH TEMPERATURE EVER RECORDED IN THE
SHORT 21-YEAR HISTORY OF WEATHER OBSERVATIONS AT THE NATIONAL
WEATHER SERVICE OFFICE IN GRAY. WARM WEATHER QUICKLY RETURNED, WITH
MUCH OF THE LAST HALF OF THE MONTH FEATURING ABOVE NORMAL
TEMPERATURES AND OCCASIONAL THUNDERSTORMS. ON JULY 22 THE HIGH
TEMPERATURE SOARED TO 93 DEGREES, THE HOTTEST OF THE YEAR SO FAR.

THE AVERAGE TEMPERATURE FOR THE MONTH WAS 71.5 DEGREES WHICH WAS 2.1
DEGREES ABOVE NORMAL. THE WARMEST JULY WAS IN 2011 WITH AN AVERAGE
TEMPERATURE OF 73.3 DEGREES. THE COOLEST WAS 2009 AT ONLY 65.8
DEGREES.

A TOTAL OF 4.47 INCHES OF RAIN FELL WHICH WAS 0.17 INCHES ABOVE
NORMAL. THE HEAVIEST RAIN FELL ON THE FIRST DAY OF THE MONTH WHEN
1.42 INCHES WAS MEASURED IN A HEAVY THUNDERSTORM. THE WETTEST JULY
WAS IN 2009 WHEN 9.45 INCHES WAS MEASURED. THE DRIEST WAS 2003 WITH
ONLY 1.08 INCHES.

$$

KIMBLE
