000
CXUS56 KPQR 011825
CLMHIO


CLIMATE REPORT
NATIONAL WEATHER SERVICE PORTLAND OREGON
1025 AM PST WED MAR 1 2017

...................................

...THE HILLSBORO OR CLIMATE SUMMARY FOR THE MONTH OF FEBRUARY 2017...

CLIMATE NORMAL PERIOD 1981 TO 2010
CLIMATE RECORD PERIOD 1929 TO 2017

WEATHER         OBSERVED          NORMAL  DEPART  LAST YEAR`S
                 VALUE   DATE(S)  VALUE   FROM    VALUE  DATE(S)
                                          NORMAL
................................................................
TEMPERATURE (F)
HIGHEST            60                                 64  02/08
LOWEST             27                                 29  02/23
AVG. MAXIMUM     48.1              50.9    -2.8     53.9
AVG. MINIMUM     34.6              33.8     0.8     38.4
MEAN             41.4              42.3    -0.9     46.2
DAYS MAX >= 90      0               0.0     0.0        0
DAYS MAX <= 32      0               0.0     0.0        0
DAYS MIN <= 32     11              11.3    -0.3        4
DAYS MIN <= 0       0               0.0     0.0        0

PRECIPITATION (INCHES)
RECORD
 MAXIMUM        10.31   1999
 MINIMUM         0.38   1964
TOTALS          10.06              4.41    5.65     3.96
DAYS >= .01        21                MM      MM       18
DAYS >= .10        15                MM      MM       15
DAYS >= .50         7                MM      MM        1
DAYS >= 1.00        5                MM      MM        0
GREATEST
 24 HR. TOTAL    1.85   02/05 TO 02/05

DEGREE_DAYS
HEATING TOTAL     653               634      19      537
 SINCE 7/1       3529              3527       2     2980
COOLING TOTAL       0                 0       0        0
 SINCE 1/1          0                 0       0        0
.................................................................

WIND (MPH)
AVERAGE WIND SPEED              6.0
RESULTANT WIND SPEED/DIRECTION   2/136
HIGHEST WIND SPEED/DIRECTION    30/170    DATE  02/09
HIGHEST GUST SPEED/DIRECTION    42/090    DATE  02/02

SKY COVER
POSSIBLE SUNSHINE (PERCENT)   MM
AVERAGE SKY COVER           0.80

AVERAGE RH (PERCENT)     80

WEATHER CONDITIONS. NUMBER OF DAYS WITH
THUNDERSTORM              0     MIXED PRECIP               0
HEAVY RAIN                3     RAIN                       9
LIGHT RAIN               23     FREEZING RAIN              0
LT FREEZING RAIN          1     HAIL                       0
HEAVY SNOW                0     SNOW                       0
LIGHT SNOW                1     SLEET                      0
FOG                      26     FOG W/VIS <= 1/4 MILE      5
HAZE                      0

-  INDICATES NEGATIVE NUMBERS.
R  INDICATES RECORD WAS SET OR TIED.
MM INDICATES DATA IS MISSING.
T  INDICATES TRACE AMOUNT.

$$
