000
CXUS56 KHNX 012326
CLMHJO


CLIMATE REPORT
NATIONAL WEATHER SERVICE SAN JOAQUIN VALLEY - HANFORD CA
425 PM PDT WED OCT 1 2014

...................................

...THE HANFORD CA AIRPORT CLIMATE SUMMARY FOR THE MONTH OF SEPTEMBER 2014...

CLIMATE NORMAL PERIOD 1981 TO 2010
CLIMATE RECORD PERIOD 1998 TO 2014

WEATHER         OBSERVED          NORMAL  DEPART  LAST YEAR`S
                 VALUE   DATE(S)  VALUE   FROM    VALUE  DATE(S)
                                          NORMAL
................................................................
TEMPERATURE (F)
RECORD
 HIGH             107   09/03/1998
 LOW               41   09/30/2009
HIGHEST           103   09/15        MM      MM      102  09/07
                        09/13
                        09/02
LOWEST             52   09/27        MM      MM       42  09/27
AVG. MAXIMUM     93.7              90.4     3.3     90.4
AVG. MINIMUM     61.7              56.3     5.4     59.3
MEAN             77.7              73.3     4.4     74.8
DAYS MAX >= 90     22              17.7     4.3       18
DAYS MIN <= 32      0               0.0     0.0        0

PRECIPITATION (INCHES)
RECORD
 MAXIMUM         0.32   2007
TOTALS           0.01              0.17   -0.16     0.01
DAYS >= .01         1                MM      MM        1
DAYS >= .10         0                MM      MM        0
DAYS >= .50         0                MM      MM        0
DAYS >= 1.00        0                MM      MM        0
GREATEST
 24 HR. TOTAL    0.01   09/28 TO 09/28

SNOWFALL (INCHES)
RECORDS
 TOTAL             MM   MM
TOTALS            0.0                MM

DEGREE_DAYS
HEATING TOTAL       0                 6      -6        7
 SINCE 7/1          0                 6      -6        7
COOLING TOTAL     389               257     132      312
 SINCE 1/1       2146              1588     558     2035
.................................................................

WIND (MPH)
AVERAGE WIND SPEED              5.9
HIGHEST WIND SPEED/DIRECTION    24/320    DATE  09/25
HIGHEST GUST SPEED/DIRECTION    29/320    DATE  09/25

AVERAGE RH (PERCENT)     48

WEATHER CONDITIONS. NUMBER OF DAYS WITH
THUNDERSTORM              0     RAIN                       2
HAIL                      0     FOG                        2
FOG W/VIS <= 1/4 MILE     0     HAZE                      18

-  INDICATES NEGATIVE NUMBERS.
R  INDICATES RECORD WAS SET OR TIED.
MM INDICATES DATA IS MISSING.
T  INDICATES TRACE AMOUNT.

$$

SANGER/OCHS

WEATHER.GOV/HANFORD
