000
CXUS56 KSEW 011033
CLMHQM


CLIMATE REPORT
NATIONAL WEATHER SERVICE SEATTLE WA
333 AM PDT SAT NOV 1 2014

...................................

...THE HOQUIAM WA AIRPORT CLIMATE SUMMARY FOR THE MONTH OF OCTOBER 2014...

CLIMATE NORMAL PERIOD 1981 TO 2010
CLIMATE RECORD PERIOD 1953 TO 2014

WEATHER         OBSERVED          NORMAL  DEPART  LAST YEAR`S
                 VALUE   DATE(S)  VALUE   FROM    VALUE  DATE(S)
                                          NORMAL
................................................................
TEMPERATURE (F)
RECORD
 HIGH              82   10/09/1996
 LOW               28   10/31/2002
                        10/28/1971
HIGHEST            75   10/06        MM      MM       69  10/06
                        10/03                             10/05
LOWEST             43   10/31        MM      MM       31  10/29
                        10/26
AVG. MAXIMUM     63.9              59.1     4.8     59.8
AVG. MINIMUM     51.5              45.4     6.1     42.8
MEAN             57.7              52.2     5.5     51.3
DAYS MAX >= 90      0               0.0     0.0        0
DAYS MAX <= 32      0               0.0     0.0        0
DAYS MIN <= 32      0               0.4    -0.4        1
DAYS MIN <= 0       0               0.0     0.0        0

PRECIPITATION (INCHES)
RECORD
 MAXIMUM        14.68   1956
 MINIMUM         0.90   2002
TOTALS          10.55              6.53    4.02     2.26
DAILY AVG.       0.34              0.21    0.13     0.07
DAYS >= .01        22              16.2     5.8       11
DAYS >= .10        16              11.0     5.0        7
DAYS >= .50         8               4.4     3.6        1
DAYS >= 1.00        4               1.5     2.5        0
GREATEST
 24 HR. TOTAL    1.55   10/21 TO 10/22

DEGREE_DAYS
HEATING TOTAL     221               396    -175      415
COOLING TOTAL       0                 0       0        0
 SINCE 1/1         48                23      25       20
.................................................................

WIND (MPH)
AVERAGE WIND SPEED              8.7
HIGHEST WIND SPEED/DIRECTION    40/150    DATE  10/25
HIGHEST GUST SPEED/DIRECTION    59/140    DATE  10/25

SKY COVER
POSSIBLE SUNSHINE (PERCENT)   MM
AVERAGE SKY COVER           0.70
NUMBER OF DAYS FAIR            5
NUMBER OF DAYS PC             12
NUMBER OF DAYS CLOUDY         14

AVERAGE RH (PERCENT)     86

WEATHER CONDITIONS. NUMBER OF DAYS WITH
THUNDERSTORM              0     MIXED PRECIP               0
HEAVY RAIN                7     RAIN                      15
LIGHT RAIN               22     FREEZING RAIN              0
LT FREEZING RAIN          0     HAIL                       0
HEAVY SNOW                0     SNOW                       0
LIGHT SNOW                0     SLEET                      0
FOG                      31     FOG W/VIS <= 1/4 MILE      6
HAZE                      1

-  INDICATES NEGATIVE NUMBERS.
R  INDICATES RECORD WAS SET OR TIED.
MM INDICATES DATA IS MISSING.
T  INDICATES TRACE AMOUNT.

$$
