491
CXUS44 KBRO 011710
CLMHRL


CLIMATE REPORT
NATIONAL WEATHER SERVICE BROWNSVILLE TX
1107 AM CST THU DEC 1 2016

...................................

...THE HARLINGEN CLIMATE SUMMARY FOR THE MONTH OF NOVEMBER 2016...

CLIMATE NORMAL PERIOD 1981 TO 2010
CLIMATE RECORD PERIOD 1912 TO 2016

WEATHER         OBSERVED          NORMAL  DEPART  LAST YEAR`S
                 VALUE   DATE(S)  VALUE   FROM    VALUE  DATE(S)
                                          NORMAL
................................................................
TEMPERATURE (F)
HIGHEST            94   11/02        89       5       93  11/05
                        11/01
LOWEST             42   11/20        41       1       45  11/23
AVG. MAXIMUM     82.8              79.6     3.2     80.7
AVG. MINIMUM     63.1              57.3     5.8     62.7
MEAN             73.0              68.4     4.6     71.7
DAYS MAX >= 90      7               0.9     6.1        3
DAYS MAX <= 32      0               0.0     0.0        0
DAYS MIN <= 32      0               0.0     0.0        0
DAYS MIN <= 0       0               0.0     0.0        0

PRECIPITATION (INCHES)
TOTALS           2.40              1.50    0.90     1.75
DAILY AVG.       0.08              0.05    0.03     0.06
DAYS >= .01        10                MM      MM        9
DAYS >= .10         6                MM      MM
DAYS >= .50         2                MM      MM
DAYS >= 1.00        1                MM      MM
GREATEST
 24 HR. TOTAL    1.08   11/05 TO 11/05

DEGREE_DAYS
HEATING TOTAL      15                54     -39       36
 SINCE 7/1         15                57     -42       36
COOLING TOTAL     261               158     103      247
 SINCE 1/1       4638              3934     704     4244                               .................................................

WIND (MPH)
AVERAGE WIND SPEED              9.4
HIGHEST WIND SPEED/DIRECTION    41/030    DATE  11/18
HIGHEST GUST SPEED/DIRECTION    53/010    DATE  11/18

SKY COVER
POSSIBLE SUNSHINE (PERCENT)   MM
AVERAGE SKY COVER           0.40
NUMBER OF DAYS FAIR           18
NUMBER OF DAYS PC              9
NUMBER OF DAYS CLOUDY          3

AVERAGE RH (PERCENT)     77

WEATHER CONDITIONS. NUMBER OF DAYS WITH
THUNDERSTORM              0     MIXED PRECIP               0
HEAVY RAIN                4     RAIN                       4
LIGHT RAIN               13     FREEZING RAIN              0
LT FREEZING RAIN          0     HAIL                       0
HEAVY SNOW                0     SNOW                       0
LIGHT SNOW                0     SLEET                      0
FOG                      18     FOG W/VIS <= 1/4 MILE      9
HAZE                      3

-  INDICATES NEGATIVE NUMBERS.
R  INDICATES RECORD WAS SET OR TIED.
MM INDICATES DATA IS MISSING.
T  INDICATES TRACE AMOUNT.

$$
