000
CXUS53 KAPX 010537
CLMHTL


CLIMATE REPORT
NATIONAL WEATHER SERVICE GAYLORD MI
1237 AM EST MON JAN 1 2018

...................................

...THE HOUGHTON LAKE MI CLIMATE SUMMARY FOR THE YEAR OF 2017...

CLIMATE NORMAL PERIOD 1981 TO 2010
CLIMATE RECORD PERIOD 1913 TO 2017

WEATHER         OBSERVED          NORMAL  DEPART  LAST YEAR`S
                 VALUE   DATE(S)  VALUE   FROM    VALUE  DATE(S)
                                          NORMAL
................................................................
TEMPERATURE (F)
RECORD
 HIGH             107   07/13/1936
                        07/08/1936
                        06/01/1934
 LOW              -34   02/17/1979
HIGHEST            92   09/22        MM      MM       92  07/22
LOWEST            -16   12/31        MM      MM      -12  02/13
AVG. MAXIMUM     54.2              53.9     0.3     56.3
AVG. MINIMUM     35.3              33.0     2.3     36.4
MEAN             44.7              43.5     1.2     46.3
DAYS MAX >= 90      3               2.9     0.1        6
DAYS MAX <= 32     60              70.5   -10.5       65
DAYS MIN <= 32    148             172.0   -24.0      157
DAYS MIN <= 0       9              18.6    -9.6       10

PRECIPITATION (INCHES)
RECORD
 MAXIMUM        35.09   2008
 MINIMUM        22.60   2010
TOTALS          34.55             28.75    5.80    33.27
DAILY AVG.       0.10              0.08    0.02     0.09
DAYS >= .01       152             138.5    13.5      158
DAYS >= .10        74              66.3     7.7       84
DAYS >= .50        21              16.7     4.3       18
DAYS >= 1.00        3               4.4    -1.4        5
GREATEST
 24 HR. TOTAL    3.99   MM                       12/31 TO 12/31
                                                          12/31 TO 12/31
                                                          12/31 TO 12/31
 STORM TOTAL       MM                                 MM
 (MM/DD(HH))            MM                    12/31(00) TO 12/31(00)
                                                 12/31(00) TO 12/31(00)1
                                                 12/31(00) TO 12/31(00)1

SNOWFALL (INCHES)
RECORDS
 TOTAL          108.7   2008
 24 HR TOTAL      8.4
 SNOW DEPTH        22   12/22/2008
TOTALS           53.3              66.6   -13.3     92.7
SINCE 7/1        19.4              25.0    -5.6     42.2
SNOWDEPTH AVG.      2                MM      MM        3
DAYS >= TRACE      88              56.2    31.8      104
DAYS >= 1.0        25              21.7     3.3       27
GREATEST
 SNOW DEPTH        12   01/14                         14  03/02
                        01/10
                        01/13
 24 HR TOTAL      4.6   MM                           7.0

DEGREE_DAYS
HEATING TOTAL    6974              8142   -1168     7178
 SINCE 7/1         MM              3157      MM       MM
..................................................

WIND (MPH)
AVERAGE WIND SPEED              7.9
HIGHEST WIND SPEED/DIRECTION    35/300    DATE  06/12
HIGHEST GUST SPEED/DIRECTION    51/MM     DATE   MM

SKY COVER
POSSIBLE SUNSHINE (PERCENT)   MM
AVERAGE SKY COVER           0.50
NUMBER OF DAYS FAIR          112
NUMBER OF DAYS PC            104
NUMBER OF DAYS CLOUDY        116

AVERAGE RH (PERCENT)     73

WEATHER CONDITIONS. NUMBER OF DAYS WITH
THUNDERSTORM              0     MIXED PRECIP               0
HEAVY RAIN               36     RAIN                      58
LIGHT RAIN              121     FREEZING RAIN              3
LT FREEZING RAIN          7     HAIL                       0
HEAVY SNOW                8     SNOW                      19
LIGHT SNOW               81     SLEET                      0
FOG                     221     FOG W/VIS <= 1/4 MILE     46
HAZE                     42

-  INDICATES NEGATIVE NUMBERS.
R  INDICATES RECORD WAS SET OR TIED.
MM INDICATES DATA IS MISSING.
T  INDICATES TRACE AMOUNT.

$$
