000
CXUS51 KCAR 101809
CLMHUL


CLIMATE REPORT
NATIONAL WEATHER SERVICE CARIBOU, ME
207 PM EDT TUE MAR 10 2015

...................................

...THE HOULTON ME CLIMATE SUMMARY FOR THE SEASON, FROM
12/1/2014 TO 2/28/2015...

CLIMATE NORMAL PERIOD 1981 TO 2010
CLIMATE RECORD PERIOD 1948 TO 2015

WEATHER         OBSERVED          NORMAL  DEPART  LAST YEAR`S
                 VALUE   DATE(S)  VALUE   FROM    VALUE  DATE(S)
                                          NORMAL
................................................................
TEMPERATURE (F)
RECORD
 HIGH              62   02/20/1994
 LOW              -41   01/04/1981
HIGHEST            53   12/25        MM      MM       50  01/06
LOWEST            -28   01/14        MM      MM      -24  01/02
AVG. MAXIMUM     22.6              25.8    -3.2     24.2
AVG. MINIMUM      2.5               5.0    -2.5      3.3
MEAN             12.6              15.4    -2.8     13.7
DAYS MAX >= 90      0               0.0     0.0        0
DAYS MAX <= 32     72              62.3     9.7       66
DAYS MIN <= 32     86              87.4    -1.4       88
DAYS MIN <= 0      42              35.1     6.9       42

PRECIPITATION (INCHES)
RECORD
 MAXIMUM         7.95   2014
 MINIMUM         5.33   2007
TOTALS           7.60                     -0.55
DAILY AVG.       0.09              0.09    0.00     0.09
DAYS >= .01        31              34.5    -3.5       38
DAYS >= .10        17              18.8    -1.8       23
DAYS >= .50         5               4.9     0.1        3
DAYS >= 1.00        1               1.2    -0.2        2
GREATEST
 24 HR. TOTAL    1.71   MM                       02/28 TO 02/28
                                                          02/28 TO 02/28
                                                          02/28 TO 02/28

SNOWFALL (INCHES)
RECORDS
 TOTAL             MM   MM
TOTALS             MM              57.5      MM       MM
SINCE 7/1          MM              65.6      MM      0.0
SNOWDEPTH AVG.     MM                10      MM        0
DAYS >= 1.0         0              16.6   -16.6        0
GREATEST
 SNOW DEPTH        MM                                  0  MM
 24 HR TOTAL       MM                                 MM

DEGREE_DAYS
HEATING TOTAL    4671              4466     205     4589
 SINCE 7/1       6568              6573      -5     6590
COOLING TOTAL       0                 0       0        0
 SINCE 1/1          0                 0       0        0
.........................................................

WIND (MPH)
AVERAGE WIND SPEED              7.3
HIGHEST WIND SPEED/DIRECTION    32/330    DATE  02/16
HIGHEST GUST SPEED/DIRECTION    47/320    DATE  02/16

SKY COVER
POSSIBLE SUNSHINE (PERCENT)   MM
AVERAGE SKY COVER           0.50
NUMBER OF DAYS FAIR           32
NUMBER OF DAYS PC             26
NUMBER OF DAYS CLOUDY         32

AVERAGE RH (PERCENT)     70

WEATHER CONDITIONS. NUMBER OF DAYS WITH
THUNDERSTORM              0     MIXED PRECIP               0
HEAVY RAIN                2     RAIN                       6
LIGHT RAIN               10     FREEZING RAIN              5
LT FREEZING RAIN          5     HAIL                       0
HEAVY SNOW                4     SNOW                      18
LIGHT SNOW               42     SLEET                      0
FOG                      44     FOG W/VIS <= 1/4 MILE      9
HAZE                     40

-  INDICATES NEGATIVE NUMBERS.
R  INDICATES RECORD WAS SET OR TIED.
MM INDICATES DATA IS MISSING.
T  INDICATES TRACE AMOUNT.

$$
