000
CXUS51 KCAR 100302
CLMHUL


CLIMATE REPORT
NATIONAL WEATHER SERVICE CARIBOU, ME
1102 PM EDT TUE JUN 9 2015

...................................

...THE HOULTON ME CLIMATE SUMMARY FOR THE SEASON, FROM
3/1/2015 TO 5/31/2015...

CLIMATE NORMAL PERIOD 1981 TO 2010
CLIMATE RECORD PERIOD 1948 TO 2015

WEATHER         OBSERVED          NORMAL  DEPART  LAST YEAR`S
                 VALUE   DATE(S)  VALUE   FROM    VALUE  DATE(S)
                                          NORMAL
................................................................
TEMPERATURE (F)
RECORD
 HIGH              96   05/29/1978
 LOW              -31   03/02/2001
HIGHEST            87   05/27        MM      MM       76  05/16
LOWEST            -26   03/06        MM      MM      -21  03/03
AVG. MAXIMUM     49.8              49.9    -0.1     46.6
AVG. MINIMUM     24.9              27.3    -2.4     24.1
MEAN             37.3              38.6    -1.3     35.3
DAYS MAX >= 90      0               0.1    -0.1        0
DAYS MAX <= 32     19               9.8     9.2       19
DAYS MIN <= 32     56              56.5    -0.5       59
DAYS MIN <= 0      13               4.7     8.3       14

PRECIPITATION (INCHES)
RECORD
 MAXIMUM         9.66   2007
 MINIMUM         7.96   2012
TOTALS           7.25R                    -2.52
DAILY AVG.       0.08              0.11   -0.03     0.10
DAYS >= .01        38              36.4     1.6       38
DAYS >= .10        22              21.8     0.2       23
DAYS >= .50         6               5.3     0.7        5
DAYS >= 1.00        0               1.1    -1.1        0
GREATEST
 24 HR. TOTAL    1.16   MM                       05/31 TO 05/31
                                                          05/31 TO 05/31
                                                          05/31 TO 05/31

SNOWFALL (INCHES)
RECORDS
 TOTAL             MM   MM
TOTALS             MM              23.9      MM      0.0
SINCE 7/1          MM              89.5      MM      0.0
SNOWDEPTH AVG.     MM                MM      MM        0
DAYS >= 1.0         0               5.9    -5.9        0
GREATEST
 SNOW DEPTH        MM                                  0  MM
 24 HR TOTAL       MM                            05/31 TO 05/31
                                                          05/31 TO 05/31
                                                          05/31 TO 05/31

DEGREE_DAYS
HEATING TOTAL    2547              2434     113     2710
 SINCE 7/1       9115              9007     108     9300
COOLING TOTAL      25                 4      21        1
 SINCE 1/1         25                 4      21        1
..................................................

WIND (MPH)
AVERAGE WIND SPEED              8.1
HIGHEST WIND SPEED/DIRECTION    32/010    DATE  03/15
HIGHEST GUST SPEED/DIRECTION    60/350    DATE  03/15

SKY COVER
POSSIBLE SUNSHINE (PERCENT)   MM
AVERAGE SKY COVER           0.50
NUMBER OF DAYS FAIR           38
NUMBER OF DAYS PC             29
NUMBER OF DAYS CLOUDY         25

AVERAGE RH (PERCENT)     62

WEATHER CONDITIONS. NUMBER OF DAYS WITH
THUNDERSTORM              0     MIXED PRECIP               0
HEAVY RAIN                9     RAIN                      16
LIGHT RAIN               38     FREEZING RAIN              2
LT FREEZING RAIN          2     HAIL                       0
HEAVY SNOW                3     SNOW                       5
LIGHT SNOW               27     SLEET                      0
FOG                      49     FOG W/VIS <= 1/4 MILE      6
HAZE                     15

-  INDICATES NEGATIVE NUMBERS.
R  INDICATES RECORD WAS SET OR TIED.
MM INDICATES DATA IS MISSING.
T  INDICATES TRACE AMOUNT.

$$
