000
CXUS55 KTFX 010936
CLMHVR


CLIMATE REPORT
NATIONAL WEATHER SERVICE GREAT FALLS MT
336 AM MDT SAT JUL 1 2017

...................................

...THE HAVRE MT CLIMATE SUMMARY FOR THE MONTH OF JUNE 2017...

CLIMATE NORMAL PERIOD 1981 TO 2010
CLIMATE RECORD PERIOD 1880 TO 2017

WEATHER         OBSERVED          NORMAL  DEPART  LAST YEAR`S
                 VALUE   DATE(S)  VALUE   FROM    VALUE
                                          NORMAL
.............................................................
TEMPERATURE (F)
RECORD
 HIGH             108   06/21/1900
 LOW               29   06/06/1992
                        06/03/1910
HIGHEST            98   06/26        81      17       93
LOWEST             37   06/23        45      -8       39
                        06/22
AVG. MAXIMUM     80.6              75.8     4.8     79.0
AVG. MINIMUM     47.5              48.5    -1.0     48.4
MEAN             64.1              62.2     1.9     63.7
DAYS MAX >= 90      4               2.4     1.6        3
DAYS MAX <= 32      0               0.0     0.0        0
DAYS MIN <= 32      0               0.1    -0.1        0
DAYS MIN <= 0       0               0.0     0.0        0

PRECIPITATION (INCHES)
RECORD
 MAXIMUM         9.33   1887
 MINIMUM         0.16   1985
TOTALS           0.68              2.19   -1.51     1.93
DAYS >= .01         8              11.4    -3.4
DAYS >= .10         3               5.3    -2.3
DAYS >= .50         0               1.1    -1.1
DAYS >= 1.00        0               0.5    -0.5
GREATEST
 24 HR. TOTAL    0.18   06/13 TO 06/13

SNOWFALL (INCHES)
RECORDS
 TOTAL            2.0   1950
 24 HR TOTAL      1.5
 SNOW DEPTH        MM   MM
TOTALS            0.0               0.0     0.0      0.0
SNOWDEPTH AVG.      0
DAYS >= TRACE       0               0.0     0.0
DAYS >= 1.0         0               0.0     0.0
GREATEST
 SNOW DEPTH         0   MM                             0
 24 HR TOTAL      0.0   06/30 TO 06/30

DEGREE_DAYS
HEATING TOTAL      83               133     -50       85
 SINCE 7/1       7860              8221    -361     7168
COOLING TOTAL      63                48      15       54
 SINCE 1/1         74                59      15       55
..............................................................

WIND (MPH)
AVERAGE WIND SPEED              11.3
HIGHEST WIND SPEED/DIRECTION    43/260    DATE  06/01
HIGHEST GUST SPEED/DIRECTION    54/250    DATE  06/01

SKY COVER
AVERAGE SKY COVER           0.20

AVERAGE RH (PERCENT)     52

WEATHER CONDITIONS. NUMBER OF DAYS WITH
THUNDERSTORM              0     MIXED PRECIP               0
HEAVY RAIN                3     RAIN                       1
LIGHT RAIN               11     FREEZING RAIN              0
LT FREEZING RAIN          0     HAIL                       0
HEAVY SNOW                0     SNOW                       0
LIGHT SNOW                0     SLEET                      0
FOG                       4     FOG W/VIS <= 1/4 MILE      0
HAZE                      0

-  INDICATES NEGATIVE NUMBERS.
R  INDICATES RECORD WAS SET OR TIED.
MM INDICATES DATA IS MISSING.
T  INDICATES TRACE AMOUNT.

$$
