235
CXUS53 KUNR 011608
CLMIEN


CLIMATE REPORT
NATIONAL WEATHER SERVICE RAPID CITY SD
907 AM MST WED FEB 1 2017

...................................

...THE PINE RIDGE SD CLIMATE SUMMARY FOR THE MONTH OF JANUARY 2017...

CLIMATE NORMAL PERIOD 1981 TO 2010
CLIMATE RECORD PERIOD 9999 TO 9999

WEATHER         OBSERVED          NORMAL  DEPART  LAST YEAR`S
                 VALUE   DATE(S)  VALUE   FROM    VALUE  DATE(S)
                                          NORMAL
................................................................
TEMPERATURE (F)
HIGHEST            46   01/30                         53  01/28
LOWEST            -20R  01/05                        -13  01/10
                                                          01/09
AVG. MAXIMUM     29.3              37.1    -7.8     35.2
AVG. MINIMUM      6.3               9.9    -3.6     13.6
MEAN             17.8              23.5    -5.7     24.4
DAYS MAX >= 90      0                                  0
DAYS MAX <= 32     18                                 10
DAYS MIN <= 32     31                                 31
DAYS MIN <= 0       8                                  2

PRECIPITATION (INCHES)
TOTALS           0.41              0.32    0.09     0.21
DAILY AVG.       0.01              0.01    0.00     0.01
DAYS >= .01         8                                  5
DAYS >= .10         1                                  0
DAYS >= .50         0                                  0
DAYS >= 1.00        0                                  0
GREATEST
 24 HR. TOTAL    0.31   01/24 TO 01/24              0.08

DEGREE_DAYS
HEATING TOTAL    1454              1287     167     1251
 SINCE 7/1       4200              4277     -77     4031
COOLING TOTAL       0                 0       0        0
 SINCE 1/1          0                 0       0        0
.................................................................

WIND (MPH)
AVERAGE WIND SPEED              6.3
HIGHEST WIND SPEED/DIRECTION    35/180    DATE  01/07
HIGHEST GUST SPEED/DIRECTION    44/180    DATE  01/07

AVERAGE RH (PERCENT)     79

WEATHER CONDITIONS. NUMBER OF DAYS WITH
THUNDERSTORM              0     MIXED PRECIP               0
HEAVY RAIN                0     RAIN                       0
LIGHT RAIN                0     FREEZING RAIN              0
LT FREEZING RAIN          0     HAIL                       0
HEAVY SNOW                1     SNOW                       3
LIGHT SNOW               13     SLEET                      0
FOG                      20     FOG W/VIS <= 1/4 MILE      5
HAZE                      9

-  INDICATES NEGATIVE NUMBERS.
R  INDICATES RECORD WAS SET OR TIED.
MM INDICATES DATA IS MISSING.
T  INDICATES TRACE AMOUNT.

$$
