000
CXUS51 KPHI 020303 CCA
CLMILG

CLIMATE REPORT
NATIONAL WEATHER SERVICE MOUNT HOLLY NJ
555 AM EST WED MAR 1 2017

...................................

...THE WILMINGTON CLIMATE SUMMARY FOR THE MONTH OF FEBRUARY 2017...

CLIMATE NORMAL PERIOD 1981 TO 2010
CLIMATE RECORD PERIOD 1894 TO 2017

WEATHER         OBSERVED          NORMAL  DEPART  LAST YEAR`S
                 VALUE   DATE(S)  VALUE   FROM    VALUE  DATE(S)
                                          NORMAL
................................................................
TEMPERATURE (F)
RECORD
 HIGH              78   02/24/1985
                        02/25/1930
 LOW              -15   02/09/1934
HIGHEST            73                62      11       64
LOWEST             18                10       8        8
AVG. MAXIMUM     53.6              43.5    10.1     45.1
AVG. MINIMUM     32.5              26.8     5.7     28.0
MEAN             43.1              35.1     8.0     36.5
DAYS MAX >= 90      0               0.0     0.0        0
DAYS MAX <= 32      0               3.1    -3.1        4
DAYS MIN <= 32     17              20.8    -3.8       19
DAYS MIN <= 0       0               0.0     0.0        0

PRECIPITATION (INCHES)
RECORD
 MAXIMUM         7.02   1979
 MINIMUM         0.30   2009
TOTALS           1.35              2.68   -1.33     4.43
DAILY AVG.       0.05              0.10   -0.05     0.15
DAYS >= .01         5               9.4    -4.4       12
DAYS >= .10         4               5.0    -1.0        9
DAYS >= .50         1               1.9    -0.9        3
DAYS >= 1.00        0               0.5    -0.5        1
GREATEST
 24 HR. TOTAL    0.52   02/09 TO 02/09              1.39

SNOWFALL (INCHES)
RECORDS
 TOTAL             MM   5
 24 HR TOTAL       MM
TOTALS            1.1               8.3    -7.2      5.8
SINCE 7/1         5.6              18.0   -12.4     22.7
SNOWDEPTH AVG.      0                 3      -3        0
DAYS >= 1.0         1               1.8    -0.8        3
GREATEST
 SNOW DEPTH         T   02/09                          2  02/10
                                                          02/05
 24 HR TOTAL      1.1   02/09 TO 02/09               2.2

DEGREE_DAYS
HEATING TOTAL     606               836    -230      818
 SINCE 7/1       3002              3623    -621     3008
COOLING TOTAL       0                 0       0        0
 SINCE 1/1          0                 0       0        0
.................................................................

WIND (MPH)
AVERAGE WIND SPEED              9.5
HIGHEST WIND SPEED/DIRECTION    44/320    DATE  02/13
HIGHEST GUST SPEED/DIRECTION    53/330    DATE  02/13

SKY COVER
POSSIBLE SUNSHINE (PERCENT)    0
AVERAGE SKY COVER           0.30
NUMBER OF DAYS FAIR           15
NUMBER OF DAYS PC             12
NUMBER OF DAYS CLOUDY          1

AVERAGE RH (PERCENT)     59

WEATHER CONDITIONS. NUMBER OF DAYS WITH
THUNDERSTORM              1     MIXED PRECIP               0
HEAVY RAIN                3     RAIN                       4
LIGHT RAIN                7     FREEZING RAIN              0
LT FREEZING RAIN          0     HEAVY SNOW                 0
SNOW                      0     LIGHT SNOW                 1
SLEET                     0     FOG                       10
FOG W/VIS <= 1/4 MILE     2     HAZE                       1

-  INDICATES NEGATIVE NUMBERS.
R  INDICATES RECORD WAS SET OR TIED.
MM INDICATES DATA IS MISSING.
T  INDICATES TRACE AMOUNT.

$$
