000
CXUS53 KLBF 011419
CLMIML


CLIMATE REPORT
NATIONAL WEATHER SERVICE NORTH PLATTE
917 AM CDT MON MAY 1 2017

...................................

...THE IMPERIAL NE CLIMATE SUMMARY FOR THE MONTH OF APRIL 2017...

CLIMATE NORMAL PERIOD 1981 TO 2010
CLIMATE RECORD PERIOD 1893 TO 2017

WEATHER         OBSERVED          NORMAL  DEPART  LAST YEAR`S
                 VALUE   DATE(S)  VALUE   FROM    VALUE  DATE(S)
                                          NORMAL
................................................................
TEMPERATURE (F)
RECORD
 HIGH              95   04/30/1992
                        04/22/1989
 LOW                    04/01/1936
HIGHEST            81   04/14        85      -4       80  04/23
LOWEST             27   04/11        19       8       27  04/09
AVG. MAXIMUM     63.5              62.4     1.1     62.8
AVG. MINIMUM     37.8              34.6     3.2     36.6
MEAN             50.6              48.5     2.1     49.7
DAYS MAX >= 90      0               0.0     0.0        0
DAYS MAX <= 32      0               0.1    -0.1        0
DAYS MIN <= 32      5              10.9    -5.9        6
DAYS MIN <= 0       0               0.0     0.0        0

PRECIPITATION (INCHES)
RECORD
 MAXIMUM         6.73   1971
 MINIMUM         0.10   1992
TOTALS           1.95              1.97   -0.02     5.15
DAILY AVG.       0.07              0.07    0.00     0.17
DAYS >= .01         9                MM      MM        8
DAYS >= .10         5                MM      MM        5
DAYS >= .50         1                MM      MM        3
DAYS >= 1.00        0                MM      MM        2
GREATEST
 24 HR. TOTAL    1.10   04/27 TO 04/28

SNOWFALL (INCHES)
TOTALS             MM

DEGREE_DAYS
HEATING TOTAL     427               496     -69      452
 SINCE 7/1       5121              5865    -744     5119
COOLING TOTAL       2                 1       1        0
 SINCE 1/1          2                 1       1        0
.......................................................

WIND (MPH)
HIGHEST WIND SPEED/DIRECTION    41/310    DATE  04/09
HIGHEST GUST SPEED/DIRECTION    53/310    DATE  04/09

AVERAGE RH (PERCENT)     61

WEATHER CONDITIONS. NUMBER OF DAYS WITH
THUNDERSTORM              0     MIXED PRECIP               0
HEAVY RAIN                1     RAIN                       4
LIGHT RAIN               12     FREEZING RAIN              0
LT FREEZING RAIN          0     HAIL                       0
HEAVY SNOW                0     SNOW                       0
LIGHT SNOW                0     SLEET                      0
FOG                       6     FOG W/VIS <= 1/4 MILE      1
HAZE                      2

-  INDICATES NEGATIVE NUMBERS.
R  INDICATES RECORD WAS SET OR TIED.
MM INDICATES DATA IS MISSING.
T  INDICATES TRACE AMOUNT.

$$
