370
CXUS53 KDVN 011521
CLMIOW


CLIMATE REPORT
NATIONAL WEATHER SERVICE QUAD CITIES IA IL
1019 AM CDT SAT JUL 1 2017

...................................

...THE IOWA CITY IA CLIMATE SUMMARY FOR THE MONTH OF JUNE 2017...

CLIMATE NORMAL PERIOD 1981 TO 2010
CLIMATE RECORD PERIOD 9999 TO 9999

WEATHER         OBSERVED          NORMAL  DEPART
                 VALUE   DATE(S)  VALUE   FROM
                                          NORMAL
................................................
TEMPERATURE (F)
HIGHEST            95   06/13        84      11
                        06/12
LOWEST             48   06/27        57      -9
                        06/01
AVG. MAXIMUM     85.6              81.6     4.0
AVG. MINIMUM     61.6              61.3     0.3
MEAN             73.6              71.5     2.1
DAYS MAX >= 90     11
DAYS MAX <= 32      0
DAYS MIN <= 32      0
DAYS MIN <= 0       0

PRECIPITATION (INCHES)
TOTALS           4.21              4.61   -0.40
DAILY AVG.       0.14              0.15   -0.01
DAYS >= .01         8
DAYS >= .10         6
DAYS >= .50         2
DAYS >= 1.00        1
GREATEST
 24 HR. TOTAL    2.09   06/17 TO 06/17

DEGREE_DAYS
HEATING TOTAL       7                17     -10
 SINCE 7/1       5120              6378   -1258
COOLING TOTAL     272               211      61
 SINCE 1/1        325               272      53
.................................................

WIND (MPH)
AVERAGE WIND SPEED              8.1
HIGHEST WIND SPEED/DIRECTION    30/320    DATE  06/14
HIGHEST GUST SPEED/DIRECTION    38/300    DATE  06/23

SKY COVER
POSSIBLE SUNSHINE (PERCENT)   MM
AVERAGE SKY COVER           0.20
NUMBER OF DAYS FAIR           24
NUMBER OF DAYS PC              4
NUMBER OF DAYS CLOUDY          0

AVERAGE RH (PERCENT)     60

WEATHER CONDITIONS. NUMBER OF DAYS WITH
THUNDERSTORM              7     HAIL                       0
SLEET                     0     FOG                        5
FOG W/VIS <= 1/4 MILE     0     HAZE                       0

-  INDICATES NEGATIVE NUMBERS.
R  INDICATES RECORD WAS SET OR TIED.
MM INDICATES DATA IS MISSING.
T  INDICATES TRACE AMOUNT.

$$
