000
CXUS51 KCTP 012119
CLMJST

CLIMATE REPORT
NATIONAL WEATHER SERVICE STATE COLLEGE PA
819 AM EDT SAT AUG 1 2015

...................................

...THE JOHNSTOWN CLIMATE SUMMARY FOR THE MONTH OF JULY 2015...

...CORRECTION FOR THUNDERSTORM DAYS...

CLIMATE NORMAL PERIOD 1981 TO 2010
CLIMATE RECORD PERIOD 2000 TO 2015

WEATHER         OBSERVED          NORMAL  DEPART  LAST YEAR`S
                 VALUE   DATE(S)  VALUE   FROM    VALUE  DATE(S)
                                          NORMAL
................................................................
TEMPERATURE (F)
RECORD
 HIGH             104   07/09/1936
 LOW               39   07/01/1943
HIGHEST            85   07/29                         85  07/01
                        07/19
LOWEST             48   07/16                         48  07/30
                                                          07/29
AVG. MAXIMUM     78.2              78.5    -0.3     75.0
AVG. MINIMUM     61.0              60.0     1.0     58.2
MEAN             69.6              69.3     0.3     66.6
DAYS MAX >= 90      0                MM      MM        0
DAYS MAX <= 32      0                MM      MM        0
DAYS MIN <= 32      0                MM      MM        0
DAYS MIN <= 0       0                MM      MM        0

PRECIPITATION (INCHES)
RECORD
 MAXIMUM        14.01   1977
 MINIMUM         0.80   1966
TOTALS           4.59              3.85    0.74     3.49
DAILY AVG.       0.15              0.12    0.03     0.11
DAYS >= .01        13                MM      MM       13
DAYS >= .10         7                MM      MM        7
DAYS >= .50         3                MM      MM        2
DAYS >= 1.00        2                MM      MM        1
GREATEST
 24 HR. TOTAL    1.64   07/03 TO 07/04

DEGREE_DAYS
HEATING TOTAL       7                13      -6       49
 SINCE 7/1          7                13      -6       49
COOLING TOTAL     156               145      11      108
 SINCE 1/1        330               243      87      218
....................................................

WIND (MPH)
AVERAGE WIND SPEED              6.8
HIGHEST WIND SPEED/DIRECTION    24/260    DATE  07/14
HIGHEST GUST SPEED/DIRECTION    33/270    DATE  07/14

SKY COVER
POSSIBLE SUNSHINE (PERCENT)   MM
AVERAGE SKY COVER           0.40
NUMBER OF DAYS FAIR           15
NUMBER OF DAYS PC             13
NUMBER OF DAYS CLOUDY          3

AVERAGE RH (PERCENT)     73

WEATHER CONDITIONS. NUMBER OF DAYS WITH
THUNDERSTORM              9     MIXED PRECIP               0
HEAVY RAIN                7     RAIN                      10
LIGHT RAIN               16     FREEZING RAIN              0
LT FREEZING RAIN          0     HAIL                       0
HEAVY SNOW                0     SNOW                       0
LIGHT SNOW                0     SLEET                      0
FOG                      22     FOG W/VIS <= 1/4 MILE      8
HAZE                     13

-  INDICATES NEGATIVE NUMBERS.
R  INDICATES RECORD WAS SET OR TIED.
MM INDICATES DATA IS MISSING.
T  INDICATES TRACE AMOUNT.

$$

LA CORTE
