552
CXUS51 KCTP 021458
CLMJST

PHLCLMJST 000
TTAA00 KCTP 010749


CLIMATE REPORT
NATIONAL WEATHER SERVICE STATE COLLEGE PA
349 AM EDT FRI SEP 1 2017

...................................

...THE JOHNSTOWN CLIMATE SUMMARY FOR THE MONTH OF AUGUST 2017...

CLIMATE NORMAL PERIOD 1981 TO 2010
CLIMATE RECORD PERIOD 1892 TO 2017

WEATHER         OBSERVED          NORMAL  DEPART  LAST YEAR`S
                 VALUE   DATE(S)  VALUE   FROM    VALUE  DATE(S)
                                          NORMAL
................................................................
TEMPERATURE (F)
RECORD
 HIGH             103   08/07/1918
                        08/06/1918
 LOW               32   08/31/1894
HIGHEST            85   08/17                         88  08/13
LOWEST             50   08/26                         55  08/23
AVG. MAXIMUM     74.6              76.3    -1.7     80.7
AVG. MINIMUM     58.6              59.4    -0.8     64.2
MEAN             66.6              67.8    -1.2     72.5
DAYS MAX >= 90      0                MM      MM        0
DAYS MAX <= 32      0                MM      MM        0
DAYS MIN <= 32      0                MM      MM        0
DAYS MIN <= 0       0                MM      MM        0

PRECIPITATION (INCHES)
RECORD
 MAXIMUM        10.14   1975
 MINIMUM         0.89   1894
TOTALS           2.26              3.80   -1.54     4.65
DAILY AVG.       0.07              0.12   -0.05     0.15
DAYS >= .01         8                MM      MM       12
DAYS >= .10         4                MM      MM        9
DAYS >= .50         2                MM      MM        5
DAYS >= 1.00        0                MM      MM        0
GREATEST
 24 HR. TOTAL    0.98   08/18 TO 08/18

DEGREE_DAYS
HEATING TOTAL      37                29       8        0
 SINCE 7/1         41                42      -1       11
COOLING TOTAL      96               118     -22      239
 SINCE 1/1        402               360      42      603
.........................................................

WIND (MPH)
AVERAGE WIND SPEED              6.5
HIGHEST WIND SPEED/DIRECTION    32/330    DATE  08/19
HIGHEST GUST SPEED/DIRECTION    43/340    DATE  08/19

SKY COVER
POSSIBLE SUNSHINE (PERCENT)   MM
AVERAGE SKY COVER           0.40
NUMBER OF DAYS FAIR           14
NUMBER OF DAYS PC             14
NUMBER OF DAYS CLOUDY          3

AVERAGE RH (PERCENT)     75

WEATHER CONDITIONS. NUMBER OF DAYS WITH
THUNDERSTORM              6     MIXED PRECIP               0
HEAVY RAIN                4     RAIN                       4
LIGHT RAIN               17     FREEZING RAIN              0
LT FREEZING RAIN          0     HAIL                       0
HEAVY SNOW                0     SNOW                       0
LIGHT SNOW                0     SLEET                      0
FOG                      17     FOG W/VIS <= 1/4 MILE      3
HAZE                      2

-  INDICATES NEGATIVE NUMBERS.
R  INDICATES RECORD WAS SET OR TIED.
MM INDICATES DATA IS MISSING.
T  INDICATES TRACE AMOUNT.

&&

$$
JMC/MARTIN
