669
CXUS53 KGRR 011247
CLMJXN

CLIMATE REPORT
NATIONAL WEATHER SERVICE GRAND RAPIDS, MI
747 AM EST MON FEB 1 2016

...................................

...THE JACKSON MI CLIMATE SUMMARY FOR THE MONTH OF JANUARY 2016...

CLIMATE NORMAL PERIOD 1981 TO 2010
CLIMATE RECORD PERIOD 1944 TO 9999

WEATHER         OBSERVED          NORMAL  DEPART  LAST YEAR`S
                 VALUE   DATE(S)  VALUE   FROM    VALUE  DATE(S)
                                          NORMAL
................................................................
TEMPERATURE (F)
HIGHEST            51   01/31        MM      MM       46  01/17
LOWEST              4   01/19        MM      MM      -10  01/14
                        01/18
AVG. MAXIMUM     32.5              30.8     1.7     27.8
AVG. MINIMUM     19.7              16.4     3.3     13.2
MEAN             26.1              23.6     2.5     20.5
DAYS MAX >= 90      0               0.0     0.0        0
DAYS MAX <= 32     16              17.5    -1.5       21
DAYS MIN <= 32     28              28.3    -0.3       31
DAYS MIN <= 0       0               3.6    -3.6        5

PRECIPITATION (INCHES)
TOTALS           0.72              1.49   -0.77     1.07
DAILY AVG.       0.02              0.05   -0.03     0.03
DAYS >= .01         8              12.7    -4.7       11
DAYS >= .10         3               4.1    -1.1        3
DAYS >= .50         0               0.5    -0.5        0
DAYS >= 1.00        0               0.1    -0.1        0
GREATEST
 24 HR. TOTAL    0.40   01/09 TO 01/10

DEGREE_DAYS
HEATING TOTAL    1200              1283     -83     1372
 SINCE 7/1       3093              3831    -738     4002
COOLING TOTAL       0                 0       0        0
 SINCE 1/1          0                 0       0        0
.....................................................

WIND (MPH)
AVERAGE WIND SPEED              10.2
RESULTANT WIND SPEED/DIRECTION   6/242
HIGHEST WIND SPEED/DIRECTION    30/250    DATE  01/26
HIGHEST GUST SPEED/DIRECTION    45/300    DATE  01/10

SKY COVER
POSSIBLE SUNSHINE (PERCENT)   MM
AVERAGE SKY COVER           0.70
NUMBER OF DAYS FAIR            4
NUMBER OF DAYS PC             11
NUMBER OF DAYS CLOUDY         16

AVERAGE RH (PERCENT)     72

WEATHER CONDITIONS. NUMBER OF DAYS WITH
THUNDERSTORM              0     MIXED PRECIP               0
HEAVY RAIN                0     RAIN                       2
LIGHT RAIN                7     FREEZING RAIN              0
LT FREEZING RAIN          0     HAIL                       0
HEAVY SNOW                3     SNOW                       3
LIGHT SNOW               17     SLEET                      0
FOG                      19     FOG W/VIS <= 1/4 MILE      2
HAZE                     21

-  INDICATES NEGATIVE NUMBERS.
R  INDICATES RECORD WAS SET OR TIED.
MM INDICATES DATA IS MISSING.
T  INDICATES TRACE AMOUNT.

&&

JANUARY 2016 TEMPERATURES IN THE SOUTHWEST QUARTER OF LOWER MICHIGAN AVERAGED 1
TO 2 DEGREES ABOVE NORMAL. SNOWFALL AND PRECIPITATION WERE ABOVE NORMAL IN
MUSKEGON... NEAR NORMAL IN GRAND RAPIDS... AND BELOW NORMAL IN LANSING.

THERE WERE SEVERAL TEMPERATURE SWINGS BETWEEN COLD AND MILD DURING THE MONTH...
BUT OVERALL THERE WERE VERY FEW EXTREMES. LANSING SET A RECORD WARM LOW
TEMPERATURE ON THE 9TH. A FEW DAYS FEATURED TEMPERATURES DIPPING BELOW 10
DEGREES AND HIGHS REMAINING IN THE TEENS. THE END OF THE MONTH WAS QUITE MILD
WITH TEMPERATURES IN THE 40S TO AROUND 50.

FOLLOWING A RECORD WARM DECEMBER... LAKE MICHIGAN WATER TEMPERATURES IN THE LOW
40S IN EARLY TO MID JANUARY AFFORDED THE ATMOSPHERE OPPORTUNITIES TO PRODUCE
SIGNIFICANT LAKE EFFECT SNOW WHEN POLAR AIR MASSES MOVED IN FROM THE NORTHWEST.
HEAVY LAKE EFFECT SNOW DID INDEED OCCUR ON A COUPLE OCCASIONS AND MAINLY
FAVORED THE NORTHWEST AND SOUTHWEST WIND SNOW BELTS. MUSKEGON RECEIVED OVER 20
INCHES OF SNOW BETWEEN THE 9TH AND 13TH FROM BOTH LAKE EFFECT AND LAKE ENHANCED
LOW PRESSURE SYSTEMS. ANOTHER FOOT OF SNOW FELL BETWEEN THE 17TH AND 20TH.
VARIOUS LOW PRESSURE SYSTEMS PRODUCED RAIN AND OCCASIONAL ACCUMULATIONS OF SNOW
FOR ALL AREAS... THOUGH NO MEMORABLE WINTER STORM OCCURRED.

$$

CAS/EBW
