000
CXUS53 KIND 011510
CLMLAF


CLIMATE REPORT
NATIONAL WEATHER SERVICE INDIANAPOLIS IN
1110 AM EDT TUE AUG 1 2017

...................................

...THE LAFAYETTE IN CLIMATE SUMMARY FOR THE MONTH OF JULY 2017...

CLIMATE NORMAL PERIOD 1981 TO 2010
CLIMATE RECORD PERIOD 9999 TO 9999

WEATHER         OBSERVED          NORMAL  DEPART  LAST YEAR`S
                 VALUE   DATE(S)  VALUE   FROM    VALUE  DATE(S)
                                          NORMAL
................................................................
TEMPERATURE (F)
HIGHEST            88   07/20                         91  07/24
                        07/19
                        07/12
LOWEST             54   07/09                         50  07/02
AVG. MAXIMUM     83.7              84.9    -1.2     82.8
AVG. MINIMUM     63.9              64.2    -0.3     64.3
MEAN             73.8              74.6    -0.8     73.5
DAYS MAX >= 90      0               5.8    -5.8        2
DAYS MAX <= 32      0               0.0     0.0        0
DAYS MIN <= 32      0               0.0     0.0        0
DAYS MIN <= 0       0               0.0     0.0        0

PRECIPITATION (INCHES)
TOTALS           6.32              3.97    2.35     4.50
DAILY AVG.       0.20              0.13    0.07     0.15
DAYS >= .01        10              11.4    -1.4       11
DAYS >= .10         8               7.2     0.8        8
DAYS >= .50         4               2.8     1.2        2
DAYS >= 1.00        4               1.1     2.9        1
GREATEST
 24 HR. TOTAL    1.75   07/21 TO 07/21

DEGREE_DAYS
HEATING TOTAL       0                 1      -1       10
 SINCE 7/1          0                 1      -1       10
COOLING TOTAL     282               297     -15      279
 SINCE 1/1        534               591     -57      580
.................................................................

WIND (MPH)
AVERAGE WIND SPEED              5.1
HIGHEST WIND SPEED/DIRECTION    32/320    DATE  07/21
HIGHEST GUST SPEED/DIRECTION    47/320    DATE  07/21

SKY COVER
POSSIBLE SUNSHINE (PERCENT)   MM
AVERAGE SKY COVER           0.30
NUMBER OF DAYS FAIR           23
NUMBER OF DAYS PC              7
NUMBER OF DAYS CLOUDY          1

AVERAGE RH (PERCENT)     78

WEATHER CONDITIONS. NUMBER OF DAYS WITH
THUNDERSTORM             11     MIXED PRECIP               0
HEAVY RAIN                7     RAIN                       4
LIGHT RAIN               11     FREEZING RAIN              0
LT FREEZING RAIN          0     HAIL                       0
HEAVY SNOW                0     SNOW                       0
LIGHT SNOW                0     SLEET                      0
FOG                      22     FOG W/VIS <= 1/4 MILE      2
HAZE                      1

-  INDICATES NEGATIVE NUMBERS.
R  INDICATES RECORD WAS SET OR TIED.
MM INDICATES DATA IS MISSING.
T  INDICATES TRACE AMOUNT.

$$
