000
CXUS55 KVEF 011903
CLMLAS


CLIMATE REPORT
NATIONAL WEATHER SERVICE LAS VEGAS, NV
1158 AM PDT TUE SEP 1 2015

...................................

...THE LAS VEGAS NV CLIMATE SUMMARY FOR THE MONTH OF AUGUST 2015...

CLIMATE NORMAL PERIOD 1981 TO 2010
CLIMATE RECORD PERIOD 1937 TO 2015

WEATHER         OBSERVED          NORMAL  DEPART  LAST YEAR`S
                 VALUE   DATE(S)  VALUE   FROM    VALUE  DATE(S)
                                          NORMAL
................................................................
TEMPERATURE (F)
RECORD
 HIGH             116   08/03/1979
                        08/01/1979
                        08/11/1940
 LOW               54   08/03/1937
HIGHEST           110   08/17       110       0      107  08/17
                        08/16                             08/01
LOWEST             73   08/07        69       4       69  08/03
                                                          08/04
AVG. MAXIMUM    104.0             102.0     2.0     98.8
AVG. MINIMUM     81.9              79.3     2.6     77.6
MEAN             92.9              90.6     2.3     88.2
DAYS MAX >= 90     31              30.0     1.0       29
DAYS MAX <= 32      0               0.0     0.0        0
DAYS MIN <= 32      0               0.0     0.0        0
DAYS MIN <= 0       0               0.0     0.0        0

PRECIPITATION (INCHES)
RECORD
 MAXIMUM         2.59   1957
 MINIMUM         0.00   2002
                        1985
                        1980
TOTALS           0.68              0.33    0.35     0.35
DAILY AVG.       0.02              0.01    0.01     0.01
DAYS >= .01         4               2.6     1.4        2
DAYS >= .10         1               0.9     0.1        1
DAYS >= .50         1               0.2     0.8        0
DAYS >= 1.00        0               0.0     0.0        0
GREATEST
 24 HR. TOTAL    0.57   08/13 TO 08/13
                        08/12 TO 08/13
                        08/13 TO 08/13

SNOWFALL (INCHES)
RECORDS
 TOTAL            0.0   2014
                        2013
 24 HR TOTAL      0.0
TOTALS            0.0               0.0     0.0      0.0
SINCE 7/1         0.0
SNOWDEPTH AVG.      0
DAYS >= TRACE       0
DAYS >= 1.0         0
GREATEST
 SNOW DEPTH         0
 24 HR TOTAL      0.0   08/31 TO 08/31
 STORM TOTAL      0.0
 (MM/DD(HH))

DEGREE_DAYS
HEATING TOTAL       0                 0       0        0
 SINCE 7/1          0                 0       0        0
COOLING TOTAL     873               795      78      728
 SINCE 1/1       3092              2849     243     3025

FREEZE DATES
RECORD
 EARLIEST     10/21/1949
 LATEST       04/12/1967
EARLIEST                        11/25
LATEST                          02/28
.................................................................

WIND (MPH)
AVERAGE WIND SPEED              7.1
HIGHEST WIND SPEED/DIRECTION    37/260    DATE  08/06
HIGHEST GUST SPEED/DIRECTION    44/260    DATE  08/06

SKY COVER
POSSIBLE SUNSHINE (PERCENT)   MM
AVERAGE SKY COVER           0.40
NUMBER OF DAYS FAIR           20
NUMBER OF DAYS PC              9
NUMBER OF DAYS CLOUDY          2

AVERAGE RH (PERCENT)     23

WEATHER CONDITIONS. NUMBER OF DAYS WITH
THUNDERSTORM              4     MIXED PRECIP               0
HEAVY RAIN                0     RAIN                       1
LIGHT RAIN                6     FREEZING RAIN              0
LT FREEZING RAIN          0     HAIL                       0
HEAVY SNOW                0     SNOW                       0
LIGHT SNOW                0     SLEET                      0
FOG                       0     FOG W/VIS <= 1/4 MILE      0
HAZE                      0

-  INDICATES NEGATIVE NUMBERS.
R  INDICATES RECORD WAS SET OR TIED.
MM INDICATES DATA IS MISSING.
T  INDICATES TRACE AMOUNT.

$$
