000
CXUS53 KLBF 011853
CLMLBF


CLIMATE REPORT
NATIONAL WEATHER SERVICE NORTH PLATTE
1249 PM CST WED FEB 1 2017

...................................

...THE NORTH PLATTE NE CLIMATE SUMMARY FOR THE MONTH OF JANUARY 2017...

CLIMATE NORMAL PERIOD 1981 TO 2010
CLIMATE RECORD PERIOD 1874 TO 2017

WEATHER         OBSERVED          NORMAL  DEPART  LAST YEAR`S
                 VALUE   DATE(S)  VALUE   FROM    VALUE  DATE(S)
                                          NORMAL
................................................................
TEMPERATURE (F)
RECORD
 HIGH              74   01/27/2015
 LOW              -35   01/15/1888
HIGHEST            60   01/30        59       1       60  01/28
LOWEST            -21   01/06       -10     -11       -2  01/10
AVG. MAXIMUM     36.8              38.9    -2.1     41.1
AVG. MINIMUM     12.9              11.1     1.8     15.8
MEAN             24.9              25.0    -0.1     28.5
DAYS MAX >= 90      0               0.0     0.0        0
DAYS MAX <= 32      9               9.3    -0.3        6
DAYS MIN <= 32     31              30.9     0.1       31
DAYS MIN <= 0       4               5.0    -1.0        2

PRECIPITATION (INCHES)
RECORD
 MAXIMUM         2.33   1879
 MINIMUM            T   1997
                        1964
                        1961
TOTALS           0.67              0.34    0.33     0.48
DAILY AVG.       0.02              0.01    0.01     0.02
DAYS >= .01         7               4.1     2.9        8
DAYS >= .10         3               1.1     1.9        2
DAYS >= .50         0               0.1    -0.1        0
DAYS >= 1.00        0               0.0     0.0        0
GREATEST
 24 HR. TOTAL    0.28   01/15 TO 01/16           01/25 TO 01/25
                                                          01/25 TO 01/25
                                                          01/25 TO 01/25

SNOWFALL (INCHES)
RECORDS
 TOTAL           21.2   1949
TOTALS            8.6               4.8     3.8      5.6
SINCE 7/1        14.4              15.6    -1.2     13.6
SNOWDEPTH AVG.      1                 2      -1        0
DAYS >= 1.0         2               1.4     0.6        2
GREATEST
 SNOW DEPTH         5   01/05                          2  01/26
 24 HR TOTAL      6.4   01/04 TO 01/04

DEGREE_DAYS
HEATING TOTAL    1236              1240      -4     1126
 SINCE 7/1       3503              4020    -517     3394
COOLING TOTAL       0                 0       0        0
 SINCE 1/1          0                 0       0        0
......................................................

WIND (MPH)
AVERAGE WIND SPEED              7.8
HIGHEST WIND SPEED/DIRECTION    29/310    DATE  01/27
HIGHEST GUST SPEED/DIRECTION    37/320    DATE  01/27

SKY COVER
POSSIBLE SUNSHINE (PERCENT)   MM
AVERAGE SKY COVER           0.40
NUMBER OF DAYS FAIR           18
NUMBER OF DAYS PC              6
NUMBER OF DAYS CLOUDY          7

AVERAGE RH (PERCENT)     72

WEATHER CONDITIONS. NUMBER OF DAYS WITH
THUNDERSTORM              0     MIXED PRECIP               0
HEAVY RAIN                0     RAIN                       0
LIGHT RAIN                5     FREEZING RAIN              0
LT FREEZING RAIN          1     HAIL                       0
HEAVY SNOW                0     SNOW                       1
LIGHT SNOW                6     SLEET                      0
FOG                      15     FOG W/VIS <= 1/4 MILE      3
HAZE                      5

-  INDICATES NEGATIVE NUMBERS.
R  INDICATES RECORD WAS SET OR TIED.
MM INDICATES DATA IS MISSING.
T  INDICATES TRACE AMOUNT.

$$
