000
CXUS51 KOKX 011659
CLMLGA

CLIMATE REPORT
NATIONAL WEATHER SERVICE NEW YORK NY
1259 PM EDT SAT NOV 1 2014



...THE LAGUARDIA NY CLIMATE SUMMARY FOR THE MONTH OF OCTOBER 2014...

CLIMATE NORMAL PERIOD 1981 TO 2010
CLIMATE RECORD PERIOD 1945 TO 2014

WEATHER         OBSERVED          NORMAL  DEPART  LAST YEAR`S
                 VALUE   DATE(S)  VALUE   FROM    VALUE  DATE(S)
                                          NORMAL
................................................................
TEMPERATURE (F)
RECORD
 HIGH              93   10/05/1941
 LOW               30   10/24/1969
HIGHEST            78   10/15        MM      MM       86  10/04
LOWEST             44   10/20        MM      MM       42  10/25
AVG. MAXIMUM     66.2              65.2     1.0     67.0
AVG. MINIMUM     54.4              51.0     3.4     54.8
MEAN             60.3              58.1     2.2     60.9
DAYS MAX >= 90      0               0.0     0.0        0
DAYS MAX <= 32      0               0.0     0.0        0
DAYS MIN <= 32      0               0.0     0.0        0
DAYS MIN <= 0       0               0.0     0.0        0

PRECIPITATION (INCHES)
RECORD
 MAXIMUM        14.71   2005
 MINIMUM         0.06   1963
TOTALS           3.89              3.78    0.11     0.43
DAILY AVG.       0.13              0.12    0.01     0.01
DAYS >= .01        10               8.5     1.5        5
DAYS >= .10         5               5.2    -0.2        1
DAYS >= .50         3               2.6     0.4        0
DAYS >= 1.00        2               1.0     1.0        0
GREATEST
 24 HR. TOTAL    1.26   10/21 TO 10/22           10/07 TO 10/07
                        10/22 TO 10/22                    10/31 TO 10/31
                        10/22 TO 10/23                    10/31 TO 10/31
 STORM TOTAL       MM                                 MM
 (MM/DD(HH))            MM                    10/07(00) TO 10/07(00)
                                                 10/31(00) TO 10/31(00)1
                                                 10/31(00) TO 10/31(00)1

SNOWFALL (INCHES)
RECORDS
 TOTAL            1.7   2011
 24 HR TOTAL       MM
TOTALS            0.0               0.0     0.0      0.0
 LIQUID EQUIV    0.00                 T    0.00     0.00
SINCE 7/1         0.0               0.0     0.0      0.0
 LIQUID 7/1      0.00              0.00             0.00
DAYS >= TRACE       0               0.0     0.0        0
DAYS >= 1.0         0               0.0     0.0        0
GREATEST
 SNOW DEPTH         0   MM                             0  MM
 24 HR TOTAL      0.0   10/31 TO 10/31           10/31 TO 10/31
                                                          10/31 TO 10/31
                                                          10/31 TO 10/31
 STORM TOTAL       MM                                 MM
 (MM/DD(HH))            MM                    10/31(00) TO 10/31(00)
                                                 10/31(00) TO 10/31(00)1
                                                 10/31(00) TO 10/31(00)1

DEGREE_DAYS
HEATING TOTAL     163               237     -74      171
 SINCE 7/1        176               272     -96      202
COOLING TOTAL      24                23       1       51
 SINCE 1/1       1192              1213     -21     1402
..................................................

WIND (MPH)
AVERAGE WIND SPEED              11.0
HIGHEST WIND SPEED/DIRECTION    28/330    DATE  10/23
HIGHEST GUST SPEED/DIRECTION    41/010    DATE  10/22

SKY COVER
POSSIBLE SUNSHINE (PERCENT)   MM
AVERAGE SKY COVER           0.70
NUMBER OF DAYS FAIR            4
NUMBER OF DAYS PC             12
NUMBER OF DAYS CLOUDY         15

AVERAGE RH (PERCENT)     64

WEATHER CONDITIONS. NUMBER OF DAYS WITH
THUNDERSTORM              0     MIXED PRECIP               0
HEAVY RAIN                3     RAIN                       5
LIGHT RAIN               17     FREEZING RAIN              0
LT FREEZING RAIN          0     HAIL                       0
HEAVY SNOW                0     SNOW                       0
LIGHT SNOW                0     SLEET                      0
FOG                       8     FOG W/VIS <= 1/4 MILE      0
HAZE                      2

-  INDICATES NEGATIVE NUMBERS.
R  INDICATES RECORD WAS SET OR TIED.
MM INDICATES DATA IS MISSING.
T  INDICATES TRACE AMOUNT.

$$
