000
CXUS54 KLZK 011215
CLMLIT

CLIMATE REPORT
NATIONAL WEATHER SERVICE LITTLE ROCK AR
552 AM CST SUN MAR 1 2015

...................................

...THE LITTLE ROCK ADAMS FIELD CLIMATE SUMMARY FOR THE MONTH OF FEBRUARY 2015...

CLIMATE NORMAL PERIOD 1981 TO 2010
CLIMATE RECORD PERIOD 1874 TO 2015

WEATHER         OBSERVED          NORMAL  DEPART  LAST YEAR`S
                 VALUE   DATE(S)  VALUE   FROM    VALUE  DATE(S)
                                          NORMAL
................................................................
TEMPERATURE (F)
RECORD
 HIGH              87   02/25/1918
 LOW              -12   02/12/1899
HIGHEST            75   02/14        56      19       79  02/20
LOWEST             19   02/19        35     -16       19  02/06
AVG. MAXIMUM     47.5              55.1    -7.6     51.1
AVG. MINIMUM     28.6              34.5    -5.9     30.5
MEAN             38.1              44.8    -6.7     40.8
DAYS MAX >= 90      0               0.0     0.0        0
DAYS MAX <= 32      4               0.8     3.2        3
DAYS MIN <= 32     21              11.4     9.6       18
DAYS MIN <= 0       0               0.0     0.0        0

PRECIPITATION (INCHES)
RECORD
 MAXIMUM        12.74   1882
 MINIMUM         0.51   1947
TOTALS           3.84              3.66    0.18     3.23
DAILY AVG.       0.14              0.13    0.01     0.12
DAYS >= .01        10               9.1     0.9        7
DAYS >= .10         7                                  4
DAYS >= .50         4                                  3
DAYS >= 1.00        1               1.1    -0.1        1
GREATEST
 24 HR. TOTAL    1.52   02/20 TO 02/21

SNOWFALL (INCHES)
RECORDS
 TOTAL           13.1   1921
 24 HR TOTAL     11.2   02/18/1921 TO 02/19/1921
 SNOW DEPTH         9   02/19/1921
TOTALS            5.3               1.3     4.0      2.7
 LIQUID EQUIV    0.53              0.10    0.43     0.27
SINCE 7/1         5.4               3.1     2.3      4.0
 LIQUID 7/1      0.54                MM      MM     0.40
SNOWDEPTH AVG.      0
DAYS >= TRACE       8               0.6     7.4        9
DAYS >= 1.0         3                                  1
GREATEST
 SNOW DEPTH         2   02/17
 24 HR TOTAL      2.2   02/16 TO 02/16

DEGREE_DAYS
HEATING TOTAL     746               567     179      670
 SINCE 7/1       2646              2513     133     2773
COOLING TOTAL       0                 1      -1        0
 SINCE 1/1          0                 2      -2        0

FREEZE DATES
RECORD
 EARLIEST     10/20/1989
 LATEST       04/19/1983
EARLIEST                        11/13
LATEST                          03/19
.........................................................

WIND (MPH)
AVERAGE WIND SPEED              8.6
HIGHEST WIND SPEED/DIRECTION    29/310    DATE  02/02
HIGHEST GUST SPEED/DIRECTION    38/320    DATE  02/02

SKY COVER
POSSIBLE SUNSHINE (PERCENT)   MM
AVERAGE SKY COVER           0.60
NUMBER OF DAYS FAIR            7
NUMBER OF DAYS PC              9
NUMBER OF DAYS CLOUDY         12

AVERAGE RH (PERCENT)     61

WEATHER CONDITIONS. NUMBER OF DAYS WITH
THUNDERSTORM              0     MIXED PRECIP               0
HEAVY RAIN                2     RAIN                       3
LIGHT RAIN                6     FREEZING RAIN              2
LT FREEZING RAIN          4     HAIL                       0
HEAVY SNOW                1     SNOW                       4
LIGHT SNOW                5     SLEET                      3
FOG                      11     FOG W/VIS <= 1/4 MILE      4
HAZE                      0

-  INDICATES NEGATIVE NUMBERS.
R  INDICATES RECORD WAS SET OR TIED.
MM INDICATES DATA IS MISSING.
T  INDICATES TRACE AMOUNT.

&&

...DATA FOR LITTLE ROCK ADAMS FIELD FOR FEBRUARY 2015...

.SUMMARY...
HIGH TEMPERATURES THE FIRST TWO WEEKS OF FEBRUARY WERE MOSTLY ABOVE
AVERAGE. THE WARMEST PERIODS WERE THE 7TH THROUGH THE 9TH...AND
AGAIN ON THE 14TH. IN FACT...TEMPERATURES REACHED THE MID 70S ON THE
14TH. THIS WAS BEFORE A STRONG FRONTAL SYSTEM MOVED THROUGH...WITH
TEMPERATURES DROPPING OVER 50 DEGREES IN LESS THAN 24 HOURS. BY THE
NEXT MORNING...THE TEMPERATURE WAS 23 DEGREES.

COLDER THAN AVERAGE TEMPERATURES CONTINUED THROUGH THE REMAINDER OF
THE MONTH...MAKING FEBRUARY THE COLDEST IN OVER THREE DECADES.
PRECIPITATION WAS ABOVE AVERAGE...AND MOSTLY FELL WITHIN THE LAST
HALF OF THE MONTH. SNOWFALL WAS ABOVE AVERAGE AS WELL.

.MONTHLY TEMPERATURES...

THE AVERAGE HIGH TEMPERATURE WAS THE COLDEST SINCE 2010. THE AVERAGE
LOW TEMPERATURE WAS THE COLDEST SINCE 1978...AND THE 9TH COLDEST ON
RECORD. THE AVERAGE MONTHLY TEMPERATURE WAS THE COLDEST SINCE 1978
AND THE 9TH COLDEST ON RECORD.

.DAILY AVERAGE TEMPERATURES...

ABOVE NORMAL ON SEVEN DAYS...NORMAL ON ONE DAY...AND BELOW NORMAL ON
20 DAYS.

.NUMBER OF DAYS WITH TEMPERATURES...

AT OR ABOVE 70 DEGREES...1 DAY....LEAST SINCE 2013
AT OR BELOW FREEZING....21 DAYS...MOST SINCE 1978

.DAILY TEMPERATURE RECORDS TIED OR BROKEN DURING THE MONTH...

DATE  RECORD TYPE                   NEW RECORD       PREVIOUS RECORD
23RD  COLDEST HIGH TEMPERATURE      32 IN 2015         35 IN 1989

.RAINFALL...

IT WAS THE WETTEST FEBRUARY SINCE 2013.

.DAILY RAINFALL RECORDS TIED OR BROKEN DURING THE MONTH...

DATE   NEW RECORD          PREVIOUS RECORD
21ST  1.36 IN 2015          1.27 IN 1945

.SNOWFALL...

IT WAS THE SNOWIEST FEBRUARY SINCE 2011...AND THE 12TH SNOWIEST ON
RECORD. AVERAGE SNOW DEPTH WAS ALSO THE HIGHEST SINCE 2011.

THERE WERE FIVE DAYS WITH MEASURABLE SNOWFALL...WHICH WAS THE MOST
SINCE 2003.

THERE WERE 10 DAYS WITH SNOW ON THE GROUND...MEASURABLE OR NOT...
WHICH WAS THE MOST SINCE 1936.

.DAILY SNOWFALL RECORDS TIED OR BROKEN DURING THE MONTH...

NONE.

$$

57
