000
CXUS54 KCRP 011614
CLMLRD

CLIMATE REPORT
NATIONAL WEATHER SERVICE CORPUS CHRISTI TX
1058 AM CDT SUN OCT 1 2017

...................................

...THE LAREDO CLIMATE SUMMARY FOR THE MONTH OF SEPTEMBER 2017...

CLIMATE NORMAL PERIOD 1981 TO 2010
CLIMATE RECORD PERIOD 1900 TO 2017

WEATHER         OBSERVED          NORMAL  DEPART  LAST YEAR`S
                 VALUE   DATE(S)  VALUE   FROM    VALUE  DATE(S)
                                          NORMAL
................................................................
TEMPERATURE (F)
RECORD
 HIGH             110   09/06/2000
                        09/05/2000
                        09/21/1926
 LOW               45   09/29/1918
HIGHEST           106   09/14        98       8      103  09/19
LOWEST             62   09/08        68      -6       64  09/30
AVG. MAXIMUM     95.6              93.4     2.2     96.3
AVG. MINIMUM     73.4              72.7     0.7     74.6
MEAN             84.5              83.1     1.4     85.4
DAYS MAX >= 90     25              22.4     2.6       26
DAYS MAX <= 32      0               0.0     0.0        0
DAYS MIN <= 32      0               0.0     0.0        0
DAYS MIN <= 0       0               0.0     0.0        0

PRECIPITATION (INCHES)
RECORD
 MAXIMUM        11.54   1971
 MINIMUM           MM   MM
TOTALS           8.77              2.93    5.84     5.05
DAILY AVG.       0.29              0.10    0.19     0.17
DAYS >= .01         6               6.7    -0.7        7
DAYS >= .10         6               4.3     1.7        4
DAYS >= .50         4               1.8     2.2        2
DAYS >= 1.00        2               0.9     1.1        1
GREATEST
 24 HR. TOTAL    5.24   09/26 TO 09/26           09/25 TO 09/25


SNOWFALL (INCHES)
RECORDS
 TOTAL            0.0   MM
 24 HR TOTAL      0.0   MM
TOTALS            0.0                MM      MM      0.0
SINCE 7/1         0.0               0.0     0.0      0.0
SNOWDEPTH AVG.      0                MM      MM        0
DAYS >= 1.0         0                MM      MM
GREATEST
 SNOW DEPTH         0   MM                             0
 24 HR TOTAL      0.0   MM                           0.0

DEGREE_DAYS
HEATING TOTAL       0                 1      -1        0
 SINCE 7/1          0                 1      -1        0
COOLING TOTAL     593               542      51      621
 SINCE 1/1       4318              3785     533     4040
......................................................

WIND (MPH)
AVERAGE WIND SPEED              10.0
HIGHEST WIND SPEED/DIRECTION    25/110    DATE  09/25
HIGHEST GUST SPEED/DIRECTION    33/120    DATE  09/25

SKY COVER
AVERAGE SKY COVER           0.30

AVERAGE RH (PERCENT)     62

WEATHER CONDITIONS. NUMBER OF DAYS WITH
THUNDERSTORM              5     MIXED PRECIP               0
HEAVY RAIN                5     RAIN                       5
LIGHT RAIN                6     FREEZING RAIN              0
LT FREEZING RAIN          0     HAIL                       0
HEAVY SNOW                0     SNOW                       0
LIGHT SNOW                0     SLEET                      0
FOG                       5     FOG W/VIS <= 1/4 MILE      0
HAZE                      1

-  INDICATES NEGATIVE NUMBERS.
R  INDICATES RECORD WAS SET OR TIED.
MM INDICATES DATA IS MISSING.
T  INDICATES TRACE AMOUNT.

$$
