000
CXUS54 KCRP 071749 CCA
CLMLRD

CLIMATE REPORT
NATIONAL WEATHER SERVICE CORPUS CHRISTI TX
1248 PM CDT THU JUL 7 2016

...................................

...THE LAREDO CLIMATE SUMMARY FOR THE MONTH OF JUNE 2016...

CLIMATE NORMAL PERIOD 1981 TO 2010
CLIMATE RECORD PERIOD 1900 TO 2016

WEATHER         OBSERVED          NORMAL  DEPART  LAST YEAR`S
                 VALUE   DATE(S)  VALUE   FROM    VALUE  DATE(S)
                                          NORMAL
................................................................
TEMPERATURE (F)
RECORD
 HIGH             115   06/11/1942
 LOW               48   06/22/2001
HIGHEST           104   06/18       101       3       99  06/13
                        06/15                             06/12
LOWEST             66   06/06        73      -7       68  06/01
                        06/02
AVG. MAXIMUM     97.8              98.1    -0.3     94.8
AVG. MINIMUM     74.6              75.9    -1.3     74.8
MEAN             86.2              87.0    -0.8     84.8
DAYS MAX >= 90     29              28.1     0.9       29
DAYS MAX <= 32      0               0.0     0.0        0
DAYS MIN <= 32      0               0.0     0.0        0
DAYS MIN <= 0       0               0.0     0.0        0

PRECIPITATION (INCHES)
RECORD
 MAXIMUM        12.29   1973
 MINIMUM         0.00   1980
                        1934
                        1928
TOTALS           1.92              2.23   -0.31     1.20
DAILY AVG.       0.06              0.07   -0.01     0.04
DAYS >= .01         5               5.1    -0.1        7
DAYS >= .10         2               3.1    -1.1        1
DAYS >= .50         2               1.5     0.5        1
DAYS >= 1.00        1               0.7     0.3        1
GREATEST
 24 HR. TOTAL    1.02   06/28 TO 06/29           06/21 TO 06/21


SNOWFALL (INCHES)
RECORDS
 TOTAL             MM   MM
 24 HR TOTAL       MM
TOTALS            0.0                MM      MM      0.0
SINCE 7/1         0.0               0.0     0.0      0.0
SNOWDEPTH AVG.      0                MM      MM        0
DAYS >= 1.0         0                MM      MM
GREATEST
 SNOW DEPTH         0   MM                             0
 24 HR TOTAL      0.0   06/30 TO 06/30               0.0

DEGREE_DAYS
HEATING TOTAL       0                 0       0        0
 SINCE 7/1        594               926    -332     1064
COOLING TOTAL     643               660     -17      600
 SINCE 1/1       1907              1803     104     1542
.................................................

WIND (MPH)
AVERAGE WIND SPEED              11.1
HIGHEST WIND SPEED/DIRECTION    33/190    DATE  06/28
HIGHEST GUST SPEED/DIRECTION    52/190    DATE  06/28

SKY COVER
AVERAGE SKY COVER           0.20

AVERAGE RH (PERCENT)     64

WEATHER CONDITIONS. NUMBER OF DAYS WITH
THUNDERSTORM              8     MIXED PRECIP               0
HEAVY RAIN                2     RAIN                       4
LIGHT RAIN                9     FREEZING RAIN              0
LT FREEZING RAIN          0     HAIL                       0
HEAVY SNOW                0     SNOW                       0
LIGHT SNOW                0     SLEET                      0
FOG                       4     FOG W/VIS <= 1/4 MILE      0
HAZE                      3

-  INDICATES NEGATIVE NUMBERS.
R  INDICATES RECORD WAS SET OR TIED.
MM INDICATES DATA IS MISSING.
T  INDICATES TRACE AMOUNT.

$$

ANM
