000
CXUS53 KTOP 011425
CLMLWC


CLIMATE REPORT
NATIONAL WEATHER SERVICE TOPEKA KS
924 AM CDT MON JUN 1 2015

...................................

...THE LAWRENCE KS CLIMATE SUMMARY FOR THE MONTH OF MAY 2015...

CLIMATE NORMAL PERIOD 1981 TO 2010
CLIMATE RECORD PERIOD 9999 TO 9999

WEATHER         OBSERVED          NORMAL  DEPART  LAST YEAR`S
                 VALUE   DATE(S)  VALUE   FROM    VALUE
                                          NORMAL
.............................................................
TEMPERATURE (F)
HIGHEST            85   05/04                         91
LOWEST             38   05/12                         32
AVG. MAXIMUM     73.4              76.4    -3.0     80.4
AVG. MINIMUM     54.7              53.0     1.7     53.5
MEAN             64.1              64.7    -0.6     66.9
DAYS MAX >= 90      0               1.3    -1.3        4
DAYS MAX <= 32      0               0.0     0.0        0
DAYS MIN <= 32      0               0.3    -0.3        1
DAYS MIN <= 0       0               0.0     0.0        0

PRECIPITATION (INCHES)
TOTALS           9.07              5.19    3.88     2.07
DAILY AVG.       0.29                               0.07
DAYS >= .01        21                                  8
DAYS >= .10        17                                  4
DAYS >= .50         6                                  2
DAYS >= 1.00        2                                  0
GREATEST
 24 HR. TOTAL    2.38   05/23 TO 05/24              0.91

DEGREE_DAYS
HEATING TOTAL      93               105     -12      114
 SINCE 7/1       5225              5084     141     5635
COOLING TOTAL      71                96     -25      183
 SINCE 1/1         76               119     -43      193
..............................................................

WIND (MPH)
AVERAGE WIND SPEED              9.0
HIGHEST WIND SPEED/DIRECTION    31/230    DATE  05/05
HIGHEST GUST SPEED/DIRECTION    41/200    DATE  05/05

SKY COVER
POSSIBLE SUNSHINE (PERCENT)   MM
AVERAGE SKY COVER           0.50
NUMBER OF DAYS FAIR           10
NUMBER OF DAYS PC             14
NUMBER OF DAYS CLOUDY          7

AVERAGE RH (PERCENT)     74

WEATHER CONDITIONS. NUMBER OF DAYS WITH
THUNDERSTORM             13     MIXED PRECIP               0
HEAVY RAIN                7     RAIN                      14
LIGHT RAIN               21     FREEZING RAIN              0
LT FREEZING RAIN          0     HEAVY SNOW                 0
SNOW                      0     LIGHT SNOW                 0
FOG                      22     FOG W/VIS <= 1/4 MILE      1
HAZE                      2

-  INDICATES NEGATIVE NUMBERS.
R  INDICATES RECORD WAS SET OR TIED.
MM INDICATES DATA IS MISSING.
T  INDICATES TRACE AMOUNT.

$$
