000
CXUS53 KTOP 011429
CLMLWC


CLIMATE REPORT
NATIONAL WEATHER SERVICE TOPEKA KS
819 AM CST SUN MAR 1 2015

...................................

...THE LAWRENCE KS CLIMATE SUMMARY FOR THE MONTH OF FEBRUARY 2015...

CLIMATE NORMAL PERIOD 1981 TO 2010
CLIMATE RECORD PERIOD 9999 TO 9999

WEATHER         OBSERVED          NORMAL  DEPART  LAST YEAR`S
                 VALUE   DATE(S)  VALUE   FROM    VALUE
                                          NORMAL
.............................................................
TEMPERATURE (F)
HIGHEST            67   02/08                         67
LOWEST             -2   02/05                        -12
AVG. MAXIMUM     37.5              45.4    -7.9     37.3
AVG. MINIMUM     14.4              22.9    -8.5     14.8
MEAN             25.9              34.1    -8.2     26.0
DAYS MAX >= 90      0               0.0     0.0        0
DAYS MAX <= 32     12               4.0     8.0       12
DAYS MIN <= 32     27              23.2     3.8       27
DAYS MIN <= 0       2               0.4     1.6        4

PRECIPITATION (INCHES)
TOTALS           0.63              1.30   -0.67     0.97
DAILY AVG.       0.02                               0.04
DAYS >= .01         8                                  4
DAYS >= .10         1                                  2
DAYS >= .50         0                                  1
DAYS >= 1.00        0                                  0
GREATEST
 24 HR. TOTAL    1.21   01/31 TO 02/01              0.72

DEGREE_DAYS
HEATING TOTAL    1090               864     226     1083
 SINCE 7/1       4289              4015     274     4426
COOLING TOTAL       0                 0       0        0
 SINCE 1/1          0                 0       0        0
..............................................................

WIND (MPH)
AVERAGE WIND SPEED              9.2
HIGHEST WIND SPEED/DIRECTION    37/330    DATE  02/01
HIGHEST GUST SPEED/DIRECTION    44/330    DATE  02/01

SKY COVER
POSSIBLE SUNSHINE (PERCENT)   MM
AVERAGE SKY COVER           0.40
NUMBER OF DAYS FAIR           14
NUMBER OF DAYS PC             11
NUMBER OF DAYS CLOUDY          3

AVERAGE RH (PERCENT)     67

WEATHER CONDITIONS. NUMBER OF DAYS WITH
THUNDERSTORM              0     MIXED PRECIP               0
HEAVY RAIN                0     RAIN                       0
LIGHT RAIN                3     FREEZING RAIN              0
LT FREEZING RAIN          2     HEAVY SNOW                 0
SNOW                      2     LIGHT SNOW                 8
FOG                      13     FOG W/VIS <= 1/4 MILE      1
HAZE                     15

-  INDICATES NEGATIVE NUMBERS.
R  INDICATES RECORD WAS SET OR TIED.
MM INDICATES DATA IS MISSING.
T  INDICATES TRACE AMOUNT.

$$
