000
CXUS56 KHNX 011612
CLMMAE


CLIMATE REPORT
NATIONAL WEATHER SERVICE SAN JOAQUIN VALLEY, CA
759 AM PST WED FEB 1 2017

...................................

...THE MADERA CA AIRPORT CLIMATE SUMMARY FOR THE MONTH OF JANUARY 2017...

CLIMATE NORMAL PERIOD 1981 TO 2010
CLIMATE RECORD PERIOD 1998 TO 2017

WEATHER         OBSERVED          NORMAL  DEPART  LAST YEAR`S
                 VALUE   DATE(S)  VALUE   FROM    VALUE  DATE(S)
                                          NORMAL
................................................................
TEMPERATURE (F)
RECORD
 HIGH              77   01/24/2014
 LOW               20   01/12/2007
HIGHEST            71   01/08        MM      MM       66  01/13
LOWEST             27   01/06        MM      MM       27  01/01
AVG. MAXIMUM     56.3              54.0     2.3     58.5
AVG. MINIMUM     40.1              37.2     2.9     41.7
MEAN             48.2              45.6     2.6     50.1
DAYS MAX >= 90      0               0.0     0.0        0
DAYS MIN <= 32      5               7.8    -2.8        1

PRECIPITATION (INCHES)
RECORD
 MAXIMUM         3.63   2016
TOTALS           5.17R             2.45    2.72     3.63
DAYS >= .01        14                MM      MM       13
DAYS >= .10        13                MM      MM        7
DAYS >= .50         5                MM      MM        4
DAYS >= 1.00        0                MM      MM        0
GREATEST
 24 HR. TOTAL    0.83   01/11 TO 01/12
                        01/12 TO 01/12
                        01/12 TO 01/13

SNOWFALL (INCHES)
RECORDS
 TOTAL            0.0
TOTALS            0.0               0.0

DEGREE_DAYS
HEATING TOTAL     511               601     -90      454
 SINCE 7/1       1371              1676    -305     1439
COOLING TOTAL       0                 0       0        0
 SINCE 1/1          0                 0       0        0
.................................................................

WIND (MPH)
AVERAGE WIND SPEED              6.3
HIGHEST WIND SPEED/DIRECTION    31/160    DATE  01/08
HIGHEST GUST SPEED/DIRECTION    38/120    DATE  01/20

AVERAGE RH (PERCENT)     76

WEATHER CONDITIONS. NUMBER OF DAYS WITH
THUNDERSTORM              0     RAIN                      11
HAIL                      0     FOG                       28
FOG W/VIS <= 1/4 MILE     4     HAZE                       9

-  INDICATES NEGATIVE NUMBERS.
R  INDICATES RECORD WAS SET OR TIED.
MM INDICATES DATA IS MISSING.
T  INDICATES TRACE AMOUNT.

$$
