000
CXUS56 KHNX 041545
CLMMAE


CLIMATE REPORT
NATIONAL WEATHER SERVICE SAN JOAQUIN VALLEY - HANFORD CA
845 AM PDT THU JUN 4 2015

...................................

...THE MADERA CA AIRPORT CLIMATE SUMMARY FOR THE MONTH OF MAY 2015...

CLIMATE NORMAL PERIOD 1981 TO 2010
CLIMATE RECORD PERIOD 1998 TO 2015

WEATHER         OBSERVED          NORMAL  DEPART  LAST YEAR`S
                 VALUE   DATE(S)  VALUE   FROM    VALUE  DATE(S)
                                          NORMAL
................................................................
TEMPERATURE (F)
RECORD
 HIGH             106   05/17/2009
 LOW               39   05/11/2010
                        05/01/2008
HIGHEST            97   05/30        MM      MM      101  05/15
LOWEST             46   05/13        MM      MM       46  05/07
AVG. MAXIMUM     81.5              83.6    -2.1     86.7
AVG. MINIMUM     52.8              51.0     1.8     53.7
MEAN             67.2              67.3    -0.1     70.2
DAYS MAX >= 90      5               7.3    -2.3       13
DAYS MIN <= 32      0               0.0     0.0        0

PRECIPITATION (INCHES)
RECORD
 MAXIMUM         1.81   2005
TOTALS           0.45              0.48   -0.03        T
DAYS >= .01         3                MM      MM        0
DAYS >= .10         2                MM      MM        0
DAYS >= .50         0                MM      MM        0
DAYS >= 1.00        0                MM      MM        0
GREATEST
 24 HR. TOTAL    0.31   05/07 TO 05/08

SNOWFALL (INCHES)
RECORDS
 TOTAL             MM   MM
TOTALS            0.0                MM

DEGREE_DAYS
HEATING TOTAL      27                48     -21       13
 SINCE 7/1       1726              2652    -926     2136
COOLING TOTAL     103               119     -16      185
 SINCE 1/1        181               144      37      242
.................................................................

WIND (MPH)
AVERAGE WIND SPEED              7.6
HIGHEST WIND SPEED/DIRECTION    22/310    DATE  05/31
HIGHEST GUST SPEED/DIRECTION    29/260    DATE  05/14

AVERAGE RH (PERCENT)     51

WEATHER CONDITIONS. NUMBER OF DAYS WITH
THUNDERSTORM              0     RAIN                       3
HAIL                      0     FOG                        2
FOG W/VIS <= 1/4 MILE     0     HAZE                       3

-  INDICATES NEGATIVE NUMBERS.
R  INDICATES RECORD WAS SET OR TIED.
MM INDICATES DATA IS MISSING.
T  INDICATES TRACE AMOUNT.

$$

SANGER/OCHS

WEATHER.GOV/HANFORD
