000
CXUS56 KHNX 011718
CLMMAE


CLIMATE REPORT
NATIONAL WEATHER SERVICE SAN JOAQUIN VALLEY, CA
911 AM PST WED MAR 1 2017

...................................

...THE MADERA CA AIRPORT CLIMATE SUMMARY FOR THE MONTH OF FEBRUARY 2017...

CLIMATE NORMAL PERIOD 1981 TO 2010
CLIMATE RECORD PERIOD 1998 TO 2017

WEATHER         OBSERVED          NORMAL  DEPART  LAST YEAR`S
                 VALUE   DATE(S)  VALUE   FROM    VALUE  DATE(S)
                                          NORMAL
................................................................
TEMPERATURE (F)
RECORD
 HIGH              78   02/25/2014
                        02/24/2014
                        02/24/2014
 LOW               26   02/08/2001
HIGHEST            72   02/15        MM      MM       76  02/26
                                                          02/16
                                                          02/09
LOWEST             30   02/24        MM      MM       31  02/03
AVG. MAXIMUM     62.4              61.0     1.4     67.7
AVG. MINIMUM     45.2              40.0     5.2     40.7
MEAN             53.8              50.5     3.3     54.2
DAYS MAX >= 90      0               0.0     0.0        0
DAYS MIN <= 32      2               2.0     0.0        1

PRECIPITATION (INCHES)
RECORD
 MAXIMUM         4.48   2000
TOTALS           3.85              2.13    1.72     0.06
DAYS >= .01        13                MM      MM        2
DAYS >= .10         8                MM      MM        0
DAYS >= .50         3                MM      MM        0
DAYS >= 1.00        1                MM      MM        0
GREATEST
 24 HR. TOTAL    1.55   02/09 TO 02/10

SNOWFALL (INCHES)
RECORDS
 TOTAL            0.0
TOTALS            0.0                MM

DEGREE_DAYS
HEATING TOTAL     308               406     -98      305
 SINCE 7/1       1679              2082    -403     1744
COOLING TOTAL       0                 0       0        0
 SINCE 1/1          0                 0       0        0
.................................................................

WIND (MPH)
AVERAGE WIND SPEED              7.8
HIGHEST WIND SPEED/DIRECTION    32/110    DATE  02/17
HIGHEST GUST SPEED/DIRECTION    43/120    DATE  02/17

AVERAGE RH (PERCENT)     75

WEATHER CONDITIONS. NUMBER OF DAYS WITH
THUNDERSTORM              0     RAIN                       6
HAIL                      0     FOG                       19
FOG W/VIS <= 1/4 MILE     2     HAZE                       6

-  INDICATES NEGATIVE NUMBERS.
R  INDICATES RECORD WAS SET OR TIED.
MM INDICATES DATA IS MISSING.
T  INDICATES TRACE AMOUNT.

$$
