000
CXUS54 KMAF 011251
CLMMAF


CLIMATE REPORT
NATIONAL WEATHER SERVICE MIDLAND TX
750 AM CDT SUN OCT 1 2017

...................................

...THE MIDLAND CLIMATE SUMMARY FOR THE MONTH OF SEPTEMBER 2017...

CLIMATE NORMAL PERIOD 1981 TO 2010
CLIMATE RECORD PERIOD 1930 TO 2017

WEATHER         OBSERVED          NORMAL  DEPART  LAST YEAR`S
                 VALUE   DATE(S)  VALUE   FROM    VALUE  DATE(S)
                                          NORMAL
................................................................
TEMPERATURE (F)
RECORD
 HIGH             107   09/20/1953
 LOW               36   09/24/1989
HIGHEST           104   09/14        86      18       97  09/09
LOWEST             59   09/11        62      -3       52  09/28
AVG. MAXIMUM     88.5              86.9     1.6     88.2
AVG. MINIMUM     66.2              62.0     4.2     66.0
MEAN             77.3              74.5     2.8     77.1
DAYS MAX >= 90     17              11.1     5.9       16
DAYS MAX <= 32      0               0.0     0.0        0
DAYS MIN <= 32      0               0.0     0.0        0
DAYS MIN <= 0       0               0.0     0.0        0

PRECIPITATION (INCHES)
RECORD
 MAXIMUM         9.70   1980
 MINIMUM         0.00   2000
TOTALS           4.07              1.86    2.21     2.11
DAILY AVG.       0.14              0.06    0.08     0.07
DAYS >= .01         9               5.4     3.6        6
DAYS >= .10         5               3.3     1.7        6
DAYS >= .50         4               1.4     2.6        3
DAYS >= 1.00        2               0.5     1.5        0
GREATEST
 24 HR. TOTAL    1.23   09/26 TO 09/26              0.97

DEGREE_DAYS
HEATING TOTAL       7                11      -4        1
 SINCE 7/1          7                11      -4        1
COOLING TOTAL     382               295      87      369
 SINCE 1/1       2629              2179     450     2601
.................................................................

WIND (MPH)
AVERAGE WIND SPEED              10.8
HIGHEST WIND SPEED/DIRECTION    36/270    DATE  09/15
HIGHEST GUST SPEED/DIRECTION    50/270    DATE  09/15

SKY COVER
POSSIBLE SUNSHINE (PERCENT)   MM
AVERAGE SKY COVER           0.30
NUMBER OF DAYS FAIR           22
NUMBER OF DAYS PC              2
NUMBER OF DAYS CLOUDY          6

AVERAGE RH (PERCENT)     51

WEATHER CONDITIONS. NUMBER OF DAYS WITH
THUNDERSTORM              0     MIXED PRECIP               0
HEAVY RAIN                5     RAIN                       5
LIGHT RAIN               10     FREEZING RAIN              0
LT FREEZING RAIN          0     HAIL                       0
HEAVY SNOW                0     SNOW                       0
LIGHT SNOW                0     SLEET                      0
FOG                       7     FOG W/VIS <= 1/4 MILE      1
HAZE                      9

-  INDICATES NEGATIVE NUMBERS.
R  INDICATES RECORD WAS SET OR TIED.
MM INDICATES DATA IS MISSING.
T  INDICATES TRACE AMOUNT.

$$
