000
CXUS54 KMAF 011546
CLMMAF


CLIMATE REPORT
NATIONAL WEATHER SERVICE MIDLAND TX
944 AM CST MON JAN 1 2018

...................................

...THE MIDLAND CLIMATE SUMMARY FOR THE MONTH OF DECEMBER 2017...

CLIMATE NORMAL PERIOD 1981 TO 2010
CLIMATE RECORD PERIOD 1930 TO 2017

WEATHER         OBSERVED          NORMAL  DEPART  LAST YEAR`S
                 VALUE   DATE(S)  VALUE   FROM    VALUE  DATE(S)
                                          NORMAL
................................................................
TEMPERATURE (F)
RECORD
 HIGH              85   12/04/1954
 LOW                    12/23/1989
HIGHEST            79   12/04        58      21       82  12/16
LOWEST             19   12/31        31     -12       16  12/18
AVG. MAXIMUM     59.3              58.1     1.2     59.8
AVG. MINIMUM     32.9              30.8     2.1     35.3
MEAN             46.1              44.4     1.7     47.5
DAYS MAX >= 90      0               0.0     0.0        0
DAYS MAX <= 32      1               0.7     0.3        1
DAYS MIN <= 32     19              17.2     1.8        9
DAYS MIN <= 0       0               0.0     0.0        0

PRECIPITATION (INCHES)
RECORD
 MAXIMUM         3.30   1986
 MINIMUM         0.00   1973
TOTALS           0.39              0.60   -0.21     0.41
DAILY AVG.       0.01              0.02   -0.01     0.01
DAYS >= .01         4               3.7     0.3        5
DAYS >= .10         1               1.5    -0.5        1
DAYS >= .50         0               0.3    -0.3        0
DAYS >= 1.00        0               0.0     0.0        0
GREATEST
 24 HR. TOTAL    0.34   12/06 TO 12/06              0.32

SNOWFALL (INCHES)
RECORDS
 TOTAL            9.8   1998
TOTALS              T               1.5    -1.5      0.3
SINCE 7/1           T               2.0    -2.0      0.3
SNOWDEPTH AVG.      0                MM      MM        0
DAYS >= 1.0         0               0.5    -0.5        0
GREATEST
 SNOW DEPTH         T   12/27                          0  MM
 24 HR TOTAL        T   12/27 TO 12/27               0.3

DEGREE_DAYS
HEATING TOTAL     577               637     -60      534
 SINCE 7/1        898              1116    -218      745
.................................................................

WIND (MPH)
AVERAGE WIND SPEED              9.3
HIGHEST WIND SPEED/DIRECTION    31/030    DATE  12/24
HIGHEST GUST SPEED/DIRECTION    38/040    DATE  12/24

SKY COVER
POSSIBLE SUNSHINE (PERCENT)   MM
AVERAGE SKY COVER           0.30
NUMBER OF DAYS FAIR           21
NUMBER OF DAYS PC              7
NUMBER OF DAYS CLOUDY          3

AVERAGE RH (PERCENT)     58

WEATHER CONDITIONS. NUMBER OF DAYS WITH
THUNDERSTORM              0     MIXED PRECIP               0
HEAVY RAIN                0     RAIN                       1
LIGHT RAIN                5     FREEZING RAIN              0
LT FREEZING RAIN          1     HAIL                       0
HEAVY SNOW                0     SNOW                       0
LIGHT SNOW                2     SLEET                      0
FOG                      12     FOG W/VIS <= 1/4 MILE      7
HAZE                     12

-  INDICATES NEGATIVE NUMBERS.
R  INDICATES RECORD WAS SET OR TIED.
MM INDICATES DATA IS MISSING.
T  INDICATES TRACE AMOUNT.

$$
