000
CXUS53 KABR 091051
CLMMBG


CLIMATE REPORT
NATIONAL WEATHER SERVICE ABERDEEN SD
551 AM CDT FRI JUN 9 2017

...................................

...THE MOBRIDGE SD CLIMATE SUMMARY FOR THE MONTH OF MAY 2017...

CLIMATE NORMAL PERIOD 1981 TO 2010
CLIMATE RECORD PERIOD 1911 TO 2017

WEATHER         OBSERVED          NORMAL  DEPART  LAST YEAR`S
                 VALUE   DATE(S)  VALUE   FROM    VALUE  DATE(S)
                                          NORMAL
................................................................
TEMPERATURE (F)
RECORD
 HIGH             108   05/28/1934
 LOW               15   05/03/2005
HIGHEST            91   05/07        70      21       88  05/05
LOWEST             31   05/01        MM      MM       31  05/15
AVG. MAXIMUM     72.8              68.4     4.4     72.5
AVG. MINIMUM     43.2              43.9    -0.7     45.2
MEAN             58.0              56.2     1.8     58.8
DAYS MAX >= 90      1               0.5     0.5        0
DAYS MAX <= 32      0               0.0     0.0        0
DAYS MIN <= 32      2               2.3    -0.3        2
DAYS MIN <= 0       0               0.0     0.0        0

PRECIPITATION (INCHES)
RECORD
 MAXIMUM         9.32   2015
 MINIMUM         0.05   1936
TOTALS           0.67              2.82   -2.15     3.75
DAYS >= .01         6                MM      MM       11
DAYS >= .10         2                MM      MM        7
DAYS >= .50         0                MM      MM        3
DAYS >= 1.00        0                MM      MM        0

SNOWFALL (INCHES)
RECORDS
 TOTAL            7.5   5
                        0
                        -26215
 SNOW DEPTH        MM   MM
TOTALS            0.0                MM      MM      0.0
SINCE 7/1        47.3                MM      MM     18.3
SNOWDEPTH AVG.      0                MM      MM        0
DAYS >= TRACE       0
DAYS >= 1.0         0
GREATEST
 SNOW DEPTH         0   MM                             0  MM

DEGREE_DAYS
HEATING TOTAL     229               289     -60      198
 SINCE 7/1       7126              7884    -758     6303
COOLING TOTAL      20                15       5       14
 SINCE 1/1         20                16       4       16

FREEZE DATES
RECORD
 EARLIEST     MM
 LATEST       MM
EARLIEST      05/01             MM
LATEST        05/04             MM
.................................................................

WIND (MPH)
AVERAGE WIND SPEED              11.4
RESULTANT WIND SPEED/DIRECTION   3/009
HIGHEST WIND SPEED/DIRECTION    36/020    DATE  05/17
HIGHEST GUST SPEED/DIRECTION    52/320    DATE  05/21

SKY COVER
POSSIBLE SUNSHINE (PERCENT)   MM
AVERAGE SKY COVER           0.30
NUMBER OF DAYS FAIR           19
NUMBER OF DAYS PC             10
NUMBER OF DAYS CLOUDY          2

AVERAGE RH (PERCENT)     52

WEATHER CONDITIONS. NUMBER OF DAYS WITH
THUNDERSTORM              0     MIXED PRECIP               0
HEAVY RAIN                0     RAIN                       2
LIGHT RAIN               11     FREEZING RAIN              0
LT FREEZING RAIN          0     HAIL                       0
HEAVY SNOW                0     SNOW                       0
LIGHT SNOW                0     SLEET                      0
FOG                       4     FOG W/VIS <= 1/4 MILE      1
HAZE                      1

-  INDICATES NEGATIVE NUMBERS.
R  INDICATES RECORD WAS SET OR TIED.
MM INDICATES DATA IS MISSING.
T  INDICATES TRACE AMOUNT.

$$
