000
CXUS53 KEAX 010746
CLMMCI

CLIMATE REPORT
NATIONAL WEATHER SERVICE KANSAS CITY/PLEASANT HILL MO
242 AM CDT SUN OCT 1 2017

...................................

...THE KANSAS CITY INTERNATIONAL MO CLIMATE SUMMARY FOR THE MONTH OF SEPTEMBER 2017...

CLIMATE NORMAL PERIOD 1981 TO 2010
CLIMATE RECORD PERIOD 1888 TO 2017

WEATHER         OBSERVED          NORMAL  DEPART  LAST YEAR`S
                 VALUE   DATE(S)  VALUE   FROM    VALUE  DATE(S)
                                          NORMAL
................................................................
TEMPERATURE (F)
RECORD
 HIGH             109   09/03/1947
 LOW               31   09/22/1995
HIGHEST            90   09/21        93      -3       91  09/20
LOWEST             46   09/07        40       6       47  09/29
AVG. MAXIMUM     81.6              79.0     2.6     81.0
AVG. MINIMUM     60.6              57.3     3.3     61.8
MEAN             71.1              68.2     2.9     71.4
DAYS MAX >= 90      1               2.7    -1.7        3
DAYS MAX <= 32      0               0.0     0.0        0
DAYS MIN <= 32      0               0.0     0.0        0
DAYS MIN <= 0       0               0.0     0.0        0

PRECIPITATION (INCHES)
RECORD
 MAXIMUM        16.17   1914
 MINIMUM         0.21   1937
TOTALS           2.80              4.62   -1.82     4.94
DAILY AVG.       0.09              0.15   -0.06     0.16
DAYS >= .01         6               8.6    -2.6        8
DAYS >= .10         5               6.3    -1.3        7
DAYS >= .50         2               3.2    -1.2        4
DAYS >= 1.00        1               1.4    -0.4        1
GREATEST
 24 HR. TOTAL    1.17   09/19 TO 09/19

SNOWFALL (INCHES)
RECORDS
 TOTAL            0.0   0
                        0
                        0
TOTALS            0.0               0.0     0.0      0.0
SINCE 7/1         0.0               0.0     0.0      0.0
SNOWDEPTH AVG.      0                MM      MM        0
DAYS >= 1.0         0               0.0     0.0        0
GREATEST
 SNOW DEPTH         0   MM                             0  MM
 24 HR TOTAL      0.0   09/30 TO 09/30

DEGREE_DAYS
HEATING TOTAL      16                65     -49       21
 SINCE 7/1         20                67     -47       21
COOLING TOTAL     205               159      46      220
 SINCE 1/1       1283              1332     -49     1517
.................................................................

WIND (MPH)
AVERAGE WIND SPEED              8.5
HIGHEST WIND SPEED/DIRECTION    26/160    DATE  09/19
HIGHEST GUST SPEED/DIRECTION    39/190    DATE  09/16

SKY COVER
POSSIBLE SUNSHINE (PERCENT)   MM
AVERAGE SKY COVER           0.40
NUMBER OF DAYS FAIR           12
NUMBER OF DAYS PC             14
NUMBER OF DAYS CLOUDY          4

AVERAGE RH (PERCENT)     72

WEATHER CONDITIONS. NUMBER OF DAYS WITH
THUNDERSTORM              4     MIXED PRECIP               0
HEAVY RAIN                5     RAIN                       3
LIGHT RAIN                6     FREEZING RAIN              0
LT FREEZING RAIN          0     HAIL                       0
HEAVY SNOW                0     SNOW                       0
LIGHT SNOW                0     SLEET                      0
FOG                      16     FOG W/VIS <= 1/4 MILE      1
HAZE                     17

-  INDICATES NEGATIVE NUMBERS.
R  INDICATES RECORD WAS SET OR TIED.
MM INDICATES DATA IS MISSING.
T  INDICATES TRACE AMOUNT.

$$
