000
CXUS52 KMLB 011342
CLMMCO


CLIMATE REPORT
NATIONAL WEATHER SERVICE MELBOURNE FL
909 AM EDT SAT JUL 1 2017

...................................

...THE ORLANDO  AREA CLIMATE SUMMARY FOR THE MONTH OF JUNE 2017...

CLIMATE NORMAL PERIOD 1981 TO 2010
CLIMATE RECORD PERIOD 1892 TO 2017

WEATHER         OBSERVED          NORMAL  DEPART  LAST YEAR`S
                 VALUE   DATE(S)  VALUE   FROM    VALUE  DATE(S)
                                          NORMAL
................................................................
TEMPERATURE (F)
MONTHLY RECORD
 HOTTEST         84.9   1998
 COLDEST         75.4   1930
DAILY RECORD
 HIGH             101   06/06/1927
                        06/18/1921
 LOW               55   06/13/1913
JUNE 2017
HIGHEST            92   06/30                         96
                        06/25
                        06/24
                        06/01
LOWEST             68   06/28                         68
                        06/09
AVG. MAXIMUM     88.0              90.7    -2.7     91.9
AVG. MINIMUM     71.5              72.0    -0.5     73.6
MEAN             79.7              81.4    -1.7     82.8
DAYS MAX >= 90     12              18.2    -6.2       22
DAYS MAX <= 32      0               0.0     0.0        0
DAYS MIN <= 32      0               0.0     0.0        0
DAYS MIN <= 0       0               0.0     0.0        0

PRECIPITATION (INCHES)
MONTHLY RECORD
 MAXIMUM        18.28   1968
 MINIMUM         0.88   1931
DAILY RECORD
 MAXIMUM         6.05   06/04/1968
JUNE 2017
TOTALS           5.44              7.58   -2.14     7.71
DAYS >= .01        22              15.6     6.4       16
DAYS >= .10        14              11.0     3.0       11
DAYS >= .50         4               5.4    -1.4        7
DAYS >= 1.00        1               2.3    -1.3        2
GREATEST
 24 HR. TOTAL    1.04   06/08 TO 06/08
                        06/01 TO 06/01
                        06/01 TO 06/02

SNOWFALL (INCHES)
TOTALS            0.0               0.0     0.0      0.0
SINCE 7/1         0.0               0.0     0.0      0.0
DAYS >= TRACE       0                                  0

DEGREE_DAYS
HEATING TOTAL       0                 0       0        0
 SINCE 7/1        209               571    -362      370
COOLING TOTAL     449               490     -41      539
 SINCE 1/1       1485              1291     194     1454
.................................................................

WIND (MPH)
AVERAGE WIND SPEED              6.3
HIGHEST WIND SPEED/DIRECTION    30/140    DATE  06/19
HIGHEST GUST SPEED/DIRECTION    39/220    DATE  06/10

SKY COVER
POSSIBLE SUNSHINE (PERCENT)   MM
AVERAGE SKY COVER           0.70
NUMBER OF DAYS FAIR            0
NUMBER OF DAYS PC             11
NUMBER OF DAYS CLOUDY         19

AVERAGE RH (PERCENT)     81

WEATHER CONDITIONS. NUMBER OF DAYS WITH
THUNDERSTORM             26     MIXED PRECIP               0
HEAVY RAIN                9     RAIN                      11
LIGHT RAIN               25     LT FREEZING RAIN           0
HAIL                      0     LIGHT SNOW                 0
SLEET                     0     FOG                       21
FOG W/VIS <= 1/4 MILE     1     HAZE                       2

-  INDICATES NEGATIVE NUMBERS.
R  INDICATES RECORD WAS SET OR TIED.
MM INDICATES DATA IS MISSING.
T  INDICATES TRACE AMOUNT.

$$

RODRIGUEZ
