000
CXUS52 KMLB 011306
CLMMCO


CLIMATE REPORT
NATIONAL WEATHER SERVICE MELBOURNE FL
843 AM EDT FRI MAY 1 2015

...................................

...THE ORLANDO AREA CLIMATE SUMMARY FOR THE MONTH OF APRIL 2015...

CLIMATE NORMAL PERIOD 1981 TO 2010
CLIMATE RECORD PERIOD 1892 TO 2015

WEATHER         OBSERVED          NORMAL  DEPART  LAST YEAR`S
                 VALUE   DATE(S)  VALUE   FROM    VALUE  DATE(S)
                                          NORMAL
................................................................
TEMPERATURE (F)
MONTHLY RECORD
 WARMEST         78.7   1908
 COOLEST         66.8   1987, 1901
DAILY RECORD
 HIGH              98   04/26/1908
 LOW               37   04/02/1919
APRIL 2015
HIGHEST            92   04/19                         93
LOWEST             63   04/04                         49
                        04/02
AVG. MAXIMUM     87.2              82.5     4.7     84.3
AVG. MINIMUM     68.0              60.0     8.0     62.8
MEAN             77.6              71.2     6.4     73.6
DAYS MAX >= 90      6               2.0     4.0        4
DAYS MAX <= 32      0               0.0     0.0        0
DAYS MIN <= 32      0               0.0     0.0        0
DAYS MIN <= 0       0               0.0     0.0        0

PRECIPITATION (INCHES)
MONTHLY RECORD
 MAXIMUM         9.10   1992
 MINIMUM         0.00   1896
DAILY RECORD
 MAXIMUM         5.13   04/11/1992
APRIL 2015
TOTALS           4.21              2.68    1.53     4.20
DAYS >= .01         9               6.2     2.8        6
DAYS >= .10         8               3.9     4.1        4
DAYS >= .50         4               1.8     2.2        4
DAYS >= 1.00        1               0.6     0.4        2
GREATEST
 24 HR. TOTAL    1.50   04/11 TO 04/11

SNOWFALL (INCHES)
TOTALS            0.0               0.0     0.0      0.0
SINCE 7/1         0.0               0.0     0.0      0.0
DAYS >= TRACE       0                                  0

DEGREE_DAYS
HEATING TOTAL       0                12     -12        0
 SINCE 7/1        486               570     -84      406
COOLING TOTAL     384               199     185      265
 SINCE 1/1        726               421     305      522
.................................................................

WIND (MPH)
AVERAGE WIND SPEED              7.3
HIGHEST WIND SPEED/DIRECTION    33/070    DATE  04/11
HIGHEST GUST SPEED/DIRECTION    41/080    DATE  04/11

SKY COVER
POSSIBLE SUNSHINE (PERCENT)   MM
AVERAGE SKY COVER           0.60
NUMBER OF DAYS FAIR            3
NUMBER OF DAYS PC             19
NUMBER OF DAYS CLOUDY          8

AVERAGE RH (PERCENT)     72

WEATHER CONDITIONS. NUMBER OF DAYS WITH
THUNDERSTORM             10     MIXED PRECIP               0
HEAVY RAIN                5     RAIN                       6
LIGHT RAIN               12     LT FREEZING RAIN           0
HAIL                      0     LIGHT SNOW                 0
SLEET                     0     FOG                       16
FOG W/VIS <= 1/4 MILE     2     HAZE                       1

-  INDICATES NEGATIVE NUMBERS.
R  INDICATES RECORD WAS SET OR TIED.
MM INDICATES DATA IS MISSING.
T  INDICATES TRACE AMOUNT.

$$

ULRICH
