000
CXUS51 KCTP 010752
CLMMDT

CLIMATE REPORT
NATIONAL WEATHER SERVICE STATE COLLEGE PA
352 AM EDT FRI JUL 1 2016

...................................

...THE HARRISBURG PA CLIMATE SUMMARY FOR THE MONTH OF JUNE 2016...

CLIMATE NORMAL PERIOD 1981 TO 2010
CLIMATE RECORD PERIOD 1888 TO 2016

WEATHER         OBSERVED          NORMAL  DEPART  LAST YEAR`S
                 VALUE   DATE(S)  VALUE   FROM    VALUE  DATE(S)
                                          NORMAL
................................................................
TEMPERATURE (F)
RECORD
 HIGH             100   06/27/1966
                        06/26/1952
                        06/29/1934
 LOW               40   06/11/1980
HIGHEST            91   06/20                         92  06/11
                        06/19
                        06/11
LOWEST             50   06/09                         54  06/02
AVG. MAXIMUM     83.0              81.0     2.0     81.2
AVG. MINIMUM     64.0              62.0     2.0     64.6
MEAN             73.5              71.5     2.0     72.9
DAYS MAX >= 90      3               2.7     0.3        2
DAYS MAX <= 32      0               0.0     0.0        0
DAYS MIN <= 32      0               0.0     0.0        0
DAYS MIN <= 0       0               0.0     0.0        0

PRECIPITATION (INCHES)
RECORD
 MAXIMUM        18.55   1972
 MINIMUM         0.07   1966
TOTALS           4.46              3.60    0.86     6.84
DAILY AVG.       0.15              0.12    0.03     0.23
DAYS >= .01        11              11.1    -0.1       18
DAYS >= .10         7               6.9     0.1       10
DAYS >= .50         4               2.9     1.1        7
DAYS >= 1.00        2               0.9     1.1        1
GREATEST
 24 HR. TOTAL    1.34   06/28 TO 06/28

SNOWFALL (INCHES)
RECORDS
 TOTAL            0.0   MM
TOTALS            0.0               0.0     0.0      0.0
SINCE 7/1        39.1              30.6     8.5     39.2
SNOWDEPTH AVG.      0                MM      MM        0
DAYS >= 1.0         0               0.0     0.0        0
GREATEST
 SNOW DEPTH         0   MM                             0  MM
 24 HR TOTAL      0.0   06/30 TO 06/30

DEGREE_DAYS
HEATING TOTAL       5                18     -13       13
 SINCE 7/1       4461              5269    -808     5600
COOLING TOTAL     266               213      53      261
 SINCE 1/1        363               278      85      435
.................................................

WIND (MPH)
AVERAGE WIND SPEED              7.0
HIGHEST WIND SPEED/DIRECTION    38/350    DATE  06/28
HIGHEST GUST SPEED/DIRECTION    52/340    DATE  06/28

SKY COVER
POSSIBLE SUNSHINE (PERCENT)   MM
AVERAGE SKY COVER           0.60
NUMBER OF DAYS FAIR            5
NUMBER OF DAYS PC             17
NUMBER OF DAYS CLOUDY          8

AVERAGE RH (PERCENT)     61

WEATHER CONDITIONS. NUMBER OF DAYS WITH
THUNDERSTORM              6     MIXED PRECIP               0
HEAVY RAIN                5     RAIN                       7
LIGHT RAIN               14     FREEZING RAIN              0
LT FREEZING RAIN          0     HAIL                       0
HEAVY SNOW                0     SNOW                       0
LIGHT SNOW                0     SLEET                      0
FOG                      12     FOG W/VIS <= 1/4 MILE      1
HAZE                     12

-  INDICATES NEGATIVE NUMBERS.
R  INDICATES RECORD WAS SET OR TIED.
MM INDICATES DATA IS MISSING.
T  INDICATES TRACE AMOUNT.

$$
