000
CXUS54 KMEG 031435
CLMMEG


CLIMATE REPORT
NATIONAL WEATHER SERVICE MEMPHIS TN
833 AM CST TUE MAR 3 2015

...................................

...THE MEMPHIS/GERMANTOWN WFO CLIMATE SUMMARY FOR THE MONTH OF FEBRUARY 2015...

CLIMATE NORMAL PERIOD 1981 TO 2010
CLIMATE RECORD PERIOD 1988 TO 2015

WEATHER         OBSERVED          NORMAL  DEPART  LAST YEAR`S
                 VALUE   DATE(S)  VALUE   FROM    VALUE  DATE(S)
                                          NORMAL
................................................................
TEMPERATURE (F)
RECORD
 HIGH              79   02/23/2012
 LOW                3   02/05/1996
HIGHEST            65   02/14        MM      MM       73  02/20
                                                          02/18
LOWEST             10   02/19        MM      MM       17  02/11
AVG. MAXIMUM     44.6              53.3    -8.7     49.6
AVG. MINIMUM     25.4              32.7    -7.3     30.1
MEAN             35.0              43.0    -8.0     39.9
DAYS MAX >= 90      0               0.0     0.0        0
DAYS MAX <= 32      5               1.2     3.8        3
DAYS MIN <= 32     24              14.4     9.6       20
DAYS MIN <= 0       0               0.0     0.0        0

PRECIPITATION (INCHES)
RECORD
 MAXIMUM        10.34   1989
 MINIMUM         1.61   1999
TOTALS           4.74              4.67    0.07     5.39
DAILY AVG.       0.17              0.17    0.00     0.19
DAYS >= .01         8               9.3    -1.3        9
DAYS >= .10         5               7.3    -2.3        4
DAYS >= .50         4               3.3     0.7        2
DAYS >= 1.00        1               1.4    -0.4        2
GREATEST
 24 HR. TOTAL    1.97   02/21 TO 02/21

SNOWFALL (INCHES)
RECORDS
 TOTAL            6.3   2010
TOTALS            1.9               1.2     0.7      0.5
SINCE 7/1         2.2               1.6     0.6      0.5
SNOWDEPTH AVG.      0                MM      MM        0
DAYS >= 1.0         1               0.4     0.6        0
GREATEST
 SNOW DEPTH         1   02/26                          1  02/08
                        02/18
                        02/17
 24 HR TOTAL      1.1   MM

DEGREE_DAYS
HEATING TOTAL     834               617     217      695
 SINCE 7/1       2907              2746     161     3004
COOLING TOTAL       0                 1      -1        0
 SINCE 1/1          0                 1      -1        0
.................................................................



-  INDICATES NEGATIVE NUMBERS.
R  INDICATES RECORD WAS SET OR TIED.
MM INDICATES DATA IS MISSING.
T  INDICATES TRACE AMOUNT.

$$
