000
CXUS54 KJAN 011219
CLMMEI


CLIMATE REPORT
NATIONAL WEATHER SERVICE JACKSON MS
616 AM CST MON FEB 1 2016

...................................

...THE MERIDIAN CLIMATE SUMMARY FOR THE MONTH OF JANUARY 2016...

CLIMATE NORMAL PERIOD 1981 TO 2010
CLIMATE RECORD PERIOD 1889 TO 2016

WEATHER         OBSERVED          NORMAL  DEPART  LAST YEAR`S
                 VALUE   DATE(S)  VALUE   FROM    VALUE  DATE(S)
                                          NORMAL
................................................................
TEMPERATURE (F)
RECORD
 HIGH              83   01/26/1950
                        01/10/1949
 LOW                0   01/12/1962
HIGHEST            74   01/31        74       0       74  01/29
LOWEST             22   01/24        18       4       12  01/08
AVG. MAXIMUM     56.7              56.5     0.2     56.6
AVG. MINIMUM     32.9              33.1    -0.2     32.2
MEAN             44.8              44.8     0.0     44.4
DAYS MAX >= 90      0               0.0     0.0        0
DAYS MAX <= 32      0               0.3    -0.3        0
DAYS MIN <= 32     16              15.9     0.1       18
DAYS MIN <= 0       0               0.0     0.0        0

PRECIPITATION (INCHES)
RECORD
 MAXIMUM        18.77   1937
 MINIMUM         0.72   1927
TOTALS           3.24              5.13   -1.89     6.71
DAILY AVG.       0.10              0.17   -0.07     0.22
DAYS >= .01         8               9.8    -1.8        8
DAYS >= .10         4               7.4    -3.4        7
DAYS >= .50         2               3.3    -1.3        3
DAYS >= 1.00        2               1.4     0.6        2
GREATEST
 24 HR. TOTAL    1.53   01/26 TO 01/26              4.53

SNOWFALL (INCHES)
RECORDS
 TOTAL            7.6   1904
TOTALS              T               0.2    -0.2      0.0
SINCE 7/1           T               0.3    -0.3      0.0
DAYS >= TRACE       1
DAYS >= 1.0         0               0.1    -0.1        0
GREATEST
 24 HR TOTAL        T   01/22 TO 01/22

DEGREE_DAYS
HEATING TOTAL     618               629     -11      631
 SINCE 7/1       1157              1637    -480     1624
COOLING TOTAL       0                 3      -3        0
 SINCE 1/1          0                 0       0        0
.................................................................

WIND (MPH)
AVERAGE WIND SPEED              6.6
HIGHEST WIND SPEED/DIRECTION    25/020    DATE  01/04
HIGHEST GUST SPEED/DIRECTION    35/300    DATE  01/22

SKY COVER
POSSIBLE SUNSHINE (PERCENT)   MM
AVERAGE SKY COVER           0.30
NUMBER OF DAYS FAIR           18
NUMBER OF DAYS PC              8
NUMBER OF DAYS CLOUDY          5

AVERAGE RH (PERCENT)     70

WEATHER CONDITIONS. NUMBER OF DAYS WITH
THUNDERSTORM              1     MIXED PRECIP               0
HEAVY RAIN                3     RAIN                       3
LIGHT RAIN               11     FREEZING RAIN              0
LT FREEZING RAIN          0     HAIL                       0
HEAVY SNOW                0     SNOW                       0
LIGHT SNOW                1     SLEET                      0
FOG                      12     FOG W/VIS <= 1/4 MILE      2
HAZE                      1

-  INDICATES NEGATIVE NUMBERS.
R  INDICATES RECORD WAS SET OR TIED.
MM INDICATES DATA IS MISSING.
T  INDICATES TRACE AMOUNT.

$$
