000
CXUS54 KJAN 021236
CLMMEI


CLIMATE REPORT
NATIONAL WEATHER SERVICE JACKSON MS
735 AM CDT FRI JUN 2 2017

...................................

...THE MERIDIAN CLIMATE SUMMARY FOR THE MONTH OF MAY 2017...

CLIMATE NORMAL PERIOD 1981 TO 2010
CLIMATE RECORD PERIOD 1889 TO 2017

WEATHER         OBSERVED          NORMAL  DEPART  LAST YEAR`S
                 VALUE   DATE(S)  VALUE   FROM    VALUE  DATE(S)
                                          NORMAL
................................................................
TEMPERATURE (F)
RECORD
 HIGH              99   05/31/1951
                        05/30/1951
 LOW               38   05/04/2013
                        05/04/1971
                        05/04/1970
HIGHEST            91   05/19        91       0       97  05/30
                        05/16
LOWEST             44   05/06        45      -1       46  05/07
                                                          05/06
AVG. MAXIMUM     83.4              83.2     0.2     83.2
AVG. MINIMUM     60.1              58.5     1.6     59.5
MEAN             71.7              70.8     0.9     71.3
DAYS MAX >= 90      4               2.9     1.1        5
DAYS MAX <= 32      0               0.0     0.0        0
DAYS MIN <= 32      0               0.0     0.0        0
DAYS MIN <= 0       0               0.0     0.0        0

PRECIPITATION (INCHES)
RECORD
 MAXIMUM        12.15   1909
 MINIMUM         0.27   1951
TOTALS           3.37              4.50   -1.13     0.97
DAILY AVG.       0.11              0.15   -0.04     0.03
DAYS >= .01        11               9.0     2.0        6
DAYS >= .10         6               6.2    -0.2        2
DAYS >= .50         4               2.9     1.1        1
DAYS >= 1.00        1               1.6    -0.6        0
GREATEST
 24 HR. TOTAL    2.64   04/30 TO 05/01              0.93

SNOWFALL (INCHES)
RECORDS
 TOTAL            0.0   MM
TOTALS            0.0               0.0     0.0      0.0
SINCE 7/1         0.8               0.6     0.2        T
DAYS >= TRACE       0
DAYS >= 1.0         0               0.0     0.0        0
GREATEST
 24 HR TOTAL      0.0   05/31 TO 05/31

DEGREE_DAYS
HEATING TOTAL      13                19      -6        8
 SINCE 7/1       1362              2553   -1191     1815
COOLING TOTAL     230               200      30      211
 SINCE 1/1        493               283     210      312
.................................................................

WIND (MPH)
AVERAGE WIND SPEED              5.6
HIGHEST WIND SPEED/DIRECTION    35/140    DATE  05/04
HIGHEST GUST SPEED/DIRECTION    47/140    DATE  05/04

SKY COVER
POSSIBLE SUNSHINE (PERCENT)   MM
AVERAGE SKY COVER           0.30
NUMBER OF DAYS FAIR           17
NUMBER OF DAYS PC             11
NUMBER OF DAYS CLOUDY          3

AVERAGE RH (PERCENT)     74

WEATHER CONDITIONS. NUMBER OF DAYS WITH
THUNDERSTORM              6     MIXED PRECIP               0
HEAVY RAIN                5     RAIN                       8
LIGHT RAIN               15     FREEZING RAIN              0
LT FREEZING RAIN          0     HAIL                       0
HEAVY SNOW                0     SNOW                       0
LIGHT SNOW                0     SLEET                      0
FOG                      15     FOG W/VIS <= 1/4 MILE      0
HAZE                      0

-  INDICATES NEGATIVE NUMBERS.
R  INDICATES RECORD WAS SET OR TIED.
MM INDICATES DATA IS MISSING.
T  INDICATES TRACE AMOUNT.

$$
