000
CXUS54 KMEG 021445
CLMMEM


CLIMATE REPORT
NATIONAL WEATHER SERVICE MEMPHIS TN
942 AM CDT TUE AUG 2 2016

...................................

...THE MEMPHIS CLIMATE SUMMARY FOR THE MONTH OF JULY 2016...

CLIMATE NORMAL PERIOD 1981 TO 2010
CLIMATE RECORD PERIOD 1872 TO 2016

WEATHER         OBSERVED          NORMAL  DEPART  LAST YEAR`S
                 VALUE   DATE(S)  VALUE   FROM    VALUE  DATE(S)
                                          NORMAL
................................................................
TEMPERATURE (F)
RECORD
 HIGH             108   07/13/1980
 LOW               52   07/23/1947
HIGHEST           100   07/22        92       8       99  07/29
                                                          07/20
LOWEST             72   07/30        73      -1       69  07/05
                        07/29
                        07/11
AVG. MAXIMUM     93.7              91.6     2.1     92.7
AVG. MINIMUM     76.3              73.8     2.5     76.4
MEAN             85.0              82.7     2.3     84.5
DAYS MAX >= 90     28              20.9     7.1       25
DAYS MAX <= 32      0               0.0     0.0        0
DAYS MIN <= 32      0               0.0     0.0        0
DAYS MIN <= 0       0               0.0     0.0        0

PRECIPITATION (INCHES)
RECORD
 MAXIMUM         9.96   1998
 MINIMUM         0.01   1943
TOTALS           8.02              4.59    3.43     5.17
DAILY AVG.       0.26              0.15    0.11     0.17
DAYS >= .01        13               8.8     4.2        9
DAYS >= .10        10               6.2     3.8        4
DAYS >= .50         6               3.0     3.0        2
DAYS >= 1.00        3               1.6     1.4        2
GREATEST
 24 HR. TOTAL    2.23   07/27 TO 07/28

SNOWFALL (INCHES)
RECORDS
 TOTAL            0.0   2002
                        2001
                        2000
TOTALS            0.0               0.0     0.0      0.0
SINCE 7/1         0.0               0.0     0.0      0.0
SNOWDEPTH AVG.      0                MM      MM        0
DAYS >= 1.0         0               0.0     0.0        0
GREATEST
 SNOW DEPTH         0   MM                             0  MM
 24 HR TOTAL      0.0   07/31 TO 07/31

DEGREE_DAYS
HEATING TOTAL       0                 0       0        0
 SINCE 7/1          0                 0       0        0
COOLING TOTAL     629               549      80      613
 SINCE 1/1       1486              1308     178     1444
.................................................................

WIND (MPH)
AVERAGE WIND SPEED              6.5
HIGHEST WIND SPEED/DIRECTION    40/130    DATE  07/20
HIGHEST GUST SPEED/DIRECTION    66/110    DATE  07/20

SKY COVER
POSSIBLE SUNSHINE (PERCENT)   MM
AVERAGE SKY COVER           0.60
NUMBER OF DAYS FAIR            6
NUMBER OF DAYS PC             19
NUMBER OF DAYS CLOUDY          6

AVERAGE RH (PERCENT)     68

WEATHER CONDITIONS. NUMBER OF DAYS WITH
THUNDERSTORM              0     MIXED PRECIP               0
HEAVY RAIN                8     RAIN                       7
LIGHT RAIN               16     FREEZING RAIN              0
LT FREEZING RAIN          0     HAIL                       0
HEAVY SNOW                0     SNOW                       0
LIGHT SNOW                0     SLEET                      0
FOG                       9     FOG W/VIS <= 1/4 MILE      1
HAZE                      5

-  INDICATES NEGATIVE NUMBERS.
R  INDICATES RECORD WAS SET OR TIED.
MM INDICATES DATA IS MISSING.
T  INDICATES TRACE AMOUNT.

$$
