000
CXUS51 KCLE 011742
CLMMFD


CLIMATE REPORT
NATIONAL WEATHER SERVICE CLEVELAND OH
136 PM EDT SAT APR 1 2017

...................................

...THE MANSFIELD OH CLIMATE SUMMARY FOR THE MONTH OF MARCH 2017...

CLIMATE NORMAL PERIOD 1981 TO 2010
CLIMATE RECORD PERIOD 1916 TO 2017

WEATHER         OBSERVED          NORMAL  DEPART  LAST YEAR`S
                 VALUE   DATE(S)  VALUE   FROM    VALUE
                                          NORMAL
.............................................................
TEMPERATURE (F)
RECORD
 HIGH              84   03/22/2012
 LOW               -6   03/28/1980
HIGHEST            73   03/24
LOWEST             11   03/15
                        03/14
AVG. MAXIMUM     46.5              46.2     0.3     53.6
AVG. MINIMUM     29.9              28.0     1.9     36.0
MEAN             38.2              37.1     1.1     44.8
DAYS MAX >= 90      0               0.0     0.0        0
DAYS MAX <= 32      6               4.3     1.7        2
DAYS MIN <= 32     18              20.7    -2.7       15
DAYS MIN <= 0       0               0.1    -0.1        0

PRECIPITATION (INCHES)
RECORD
 MAXIMUM         7.04   1964
 MINIMUM         1.16   1960
TOTALS           3.76              3.39    0.37     4.15
DAYS >= .01        19              13.8     5.2       16
DAYS >= .10        11               7.5     3.5       10
DAYS >= .50         2               2.1    -0.1        4
DAYS >= 1.00        0               0.6    -0.6        0
GREATEST
 24 HR. TOTAL    0.61   03/06 TO 03/06              0.85

SNOWFALL (INCHES)
RECORDS
 TOTAL           21.4   2008
TOTALS           10.7               7.8     2.9      3.0
SINCE 7/1        32.3              45.7   -13.4     23.4
DAYS >= 1.0         5               2.3     2.7        1
GREATEST
 24 HR TOTAL      3.8   03/14 TO 03/14

DEGREE_DAYS
HEATING TOTAL     822               865     -43      619
 SINCE 7/1       4492              5490    -998     4391
COOLING TOTAL       0                 1      -1        0
 SINCE 1/1          0                 1      -1        0
..............................................................

WIND (MPH)
AVERAGE WIND SPEED              11.3
HIGHEST WIND SPEED/DIRECTION    40/180    DATE  03/01
HIGHEST GUST SPEED/DIRECTION    56/180    DATE  03/01

SKY COVER
AVERAGE SKY COVER           0.60

AVERAGE RH (PERCENT)     70

WEATHER CONDITIONS. NUMBER OF DAYS WITH
THUNDERSTORM              0     MIXED PRECIP               0
HEAVY RAIN                1     RAIN                       4
LIGHT RAIN               10     FREEZING RAIN              0
LT FREEZING RAIN          1     HAIL                       0
HEAVY SNOW                1     SNOW                       2
LIGHT SNOW               10     SLEET                      0
FOG                      20     FOG W/VIS <= 1/4 MILE      5
HAZE                      9

-  INDICATES NEGATIVE NUMBERS.
R  INDICATES RECORD WAS SET OR TIED.
MM INDICATES DATA IS MISSING.
T  INDICATES TRACE AMOUNT.

$$
