993
CXUS44 KBRO 011127
CLMMFE


CLIMATE REPORT
NATIONAL WEATHER SERVICE BROWNSVILLE TX
620 AM CDT FRI APR 1 2016

...................................

...THE MCALLEN CLIMATE SUMMARY FOR THE MONTH OF MARCH 2016...

CLIMATE NORMAL PERIOD 1981 TO 2010
CLIMATE RECORD PERIOD 1961 TO 2016

WEATHER         OBSERVED          NORMAL  DEPART  LAST YEAR`S
                 VALUE   DATE(S)  VALUE   FROM    VALUE  DATE(S)
                                          NORMAL
................................................................
TEMPERATURE (F)
HIGHEST           100   03/31        95       5       90  03/26
LOWEST             48   03/21        42       6       40  03/07
AVG. MAXIMUM     86.5              81.8     4.7
AVG. MINIMUM     65.9              59.8     6.1
MEAN             76.2              70.8     5.4     68.0
DAYS MAX >= 90     10               4.6     5.4
DAYS MAX <= 32      0               0.0     0.0
DAYS MIN <= 32      0               0.0     0.0
DAYS MIN <= 0       0               0.0     0.0

PRECIPITATION (INCHES)
TOTALS             MM              1.03      MM     1.39
DAILY AVG.         MM              0.03      MM     0.05
DAYS >= .01        MM               4.0      MM        7
DAYS >= .10        MM               1.4      MM        4
DAYS >= .50        MM               0.4      MM        0
DAYS >= 1.00       MM               0.2      MM        0

DEGREE_DAYS
HEATING TOTAL       6                38     -32       66
 SINCE 7/1        317               571    -254      756
COOLING TOTAL     361               218     143      166
 SINCE 1/1        566               377     189      251                               .................................................

WIND (MPH)
AVERAGE WIND SPEED              11.1
HIGHEST WIND SPEED/DIRECTION    36/010    DATE  03/19
HIGHEST GUST SPEED/DIRECTION    47/160    DATE  03/07

SKY COVER
AVERAGE SKY COVER           0.50
NUMBER OF DAYS FAIR           14
NUMBER OF DAYS PC             10
NUMBER OF DAYS CLOUDY          7

AVERAGE RH (PERCENT)     64

WEATHER CONDITIONS. NUMBER OF DAYS WITH
THUNDERSTORM              0     MIXED PRECIP               0
HEAVY RAIN                1     RAIN                       1
LIGHT RAIN                7     FREEZING RAIN              0
LT FREEZING RAIN          0     HAIL                       0
HEAVY SNOW                0     SNOW                       0
LIGHT SNOW                0     SLEET                      0
FOG                      18     FOG W/VIS <= 1/4 MILE      0
HAZE                     23

-  INDICATES NEGATIVE NUMBERS.
R  INDICATES RECORD WAS SET OR TIED.
MM INDICATES DATA IS MISSING.
T  INDICATES TRACE AMOUNT.

$$
