000
CXUS53 KTOP 011419
CLMMHK


CLIMATE REPORT
NATIONAL WEATHER SERVICE TOPEKA KS
915 AM CDT MON MAY 1 2017

...................................

...THE MANHATTAN KS CLIMATE SUMMARY FOR THE MONTH OF APRIL 2017...

CLIMATE NORMAL PERIOD 1981 TO 2010
CLIMATE RECORD PERIOD 9999 TO 9999

WEATHER         OBSERVED          NORMAL  DEPART  LAST YEAR`S
                 VALUE   DATE(S)  VALUE   FROM    VALUE
                                          NORMAL
.............................................................
TEMPERATURE (F)
HIGHEST            84   04/19                         87
LOWEST             29   04/11                         22
AVG. MAXIMUM     67.9              66.8     1.1     71.2
AVG. MINIMUM     45.4              41.2     4.2     44.4
MEAN             56.6              54.0     2.6     57.8
DAYS MAX >= 90      0               0.1    -0.1        0
DAYS MAX <= 32      0               0.1    -0.1        0
DAYS MIN <= 32      4               6.0    -2.0        4
DAYS MIN <= 0       0               0.0     0.0        0

PRECIPITATION (INCHES)
TOTALS           4.66              2.80    1.86     7.92
DAILY AVG.       0.16                               0.26
DAYS >= .01        16                                 11
DAYS >= .10        10                                 10
DAYS >= .50         4                                  5
DAYS >= 1.00        0                                  2
GREATEST
 24 HR. TOTAL    0.90   04/04 TO 04/04              3.06

DEGREE_DAYS
HEATING TOTAL     282               345     -63      231
 SINCE 7/1       4075              5181   -1106     4001
COOLING TOTAL      38                15      23       19
 SINCE 1/1         44                17      27       28
..............................................................

WIND (MPH)
AVERAGE WIND SPEED              9.2
HIGHEST WIND SPEED/DIRECTION    35/050    DATE  04/30
HIGHEST GUST SPEED/DIRECTION    48/210    DATE  04/14

SKY COVER
POSSIBLE SUNSHINE (PERCENT)   MM
AVERAGE SKY COVER           0.40
NUMBER OF DAYS FAIR           12
NUMBER OF DAYS PC             11
NUMBER OF DAYS CLOUDY          7

AVERAGE RH (PERCENT)     70

WEATHER CONDITIONS. NUMBER OF DAYS WITH
THUNDERSTORM              7     MIXED PRECIP               0
HEAVY RAIN                3     RAIN                       9
LIGHT RAIN               20     FREEZING RAIN              0
LT FREEZING RAIN          0     HEAVY SNOW                 0
SNOW                      0     LIGHT SNOW                 0
FOG                      15     FOG W/VIS <= 1/4 MILE      0
HAZE                     10

-  INDICATES NEGATIVE NUMBERS.
R  INDICATES RECORD WAS SET OR TIED.
MM INDICATES DATA IS MISSING.
T  INDICATES TRACE AMOUNT.

$$
