650
CXUS52 KMFL 121545 CCA
CLMMIA

CLIMATE REPORT
NATIONAL WEATHER SERVICE MIAMI, FL
718 AM EDT WED NOV 1 2017

...................................

...THE MIAMI CLIMATE SUMMARY FOR THE MONTH OF OCTOBER 2017...

CLIMATE NORMAL PERIOD 1981 TO 2010
CLIMATE RECORD PERIOD 1895 TO 2017

WEATHER         OBSERVED          NORMAL  DEPART  LAST YEAR`S
                 VALUE   DATE(S)  VALUE   FROM    VALUE
                                          NORMAL
.............................................................
TEMPERATURE (F)
RECORD
 HIGH              95   10/01/1980
 LOW               45   10/22/1938
HIGHEST            91   10/08                         92
                        10/01
LOWEST             59   10/30                         67
AVG. MAXIMUM     86.5              86.2     0.3     86.5
AVG. MINIMUM     75.1              73.5     1.6     75.0
MEAN             80.8              79.9     0.9     80.7
DAYS MAX >= 90      7                                  7
DAYS MAX <= 32      0                                  0
DAYS MIN <= 32      0                                  0
DAYS MIN <= 0       0                                  0

PRECIPITATION (INCHES)
RECORD
 MAXIMUM        27.86   1908
 MINIMUM         0.72   2002
TOTALS          12.61              6.33    6.28     9.62
DAILY AVG.       0.41              0.20    0.21
DAYS >= .01        19                                 16
DAYS >= .10        11                                 13
DAYS >= .50         6                                  8
DAYS >= 1.00        4                                  3
GREATEST
 24 HR. TOTAL    2.80   10/05 TO 10/05              3.62

DEGREE_DAYS
HEATING TOTAL       0                 0       0        0
 SINCE 7/1          0                 0       0        0
COOLING TOTAL     500               460      40      495
 SINCE 1/1       4675              4072     603     4288
..............................................................

WIND (MPH)
AVERAGE WIND SPEED              9.6
HIGHEST WIND SPEED/DIRECTION    32/130    DATE  10/28
HIGHEST GUST SPEED/DIRECTION    42/140    DATE  10/28

SKY COVER
POSSIBLE SUNSHINE (PERCENT)   MM
AVERAGE SKY COVER           0.60
NUMBER OF DAYS FAIR            3
NUMBER OF DAYS PC             16
NUMBER OF DAYS CLOUDY         12

AVERAGE RH (PERCENT)     74

WEATHER CONDITIONS. NUMBER OF DAYS WITH
THUNDERSTORM              7     MIXED PRECIP               0
HEAVY RAIN                9     RAIN                      11
LIGHT RAIN               17     FREEZING RAIN              0
LT FREEZING RAIN          0     HAIL                       0
HEAVY SNOW                0     SNOW                       0
LIGHT SNOW                0     SLEET                      0
FOG                      15     FOG W/VIS <= 1/4 MILE      0
HAZE                      3

-  INDICATES NEGATIVE NUMBERS.
R  INDICATES RECORD WAS SET OR TIED.
MM INDICATES DATA IS MISSING.
T  INDICATES TRACE AMOUNT.

..................................................................


...............DATA FOR MIAMI BEACH.....OCTOBER 2017.............

...TEMPERATURE DATA...

AVERAGE FOR THE MONTH .... 78.9 OR 0.3 DEGREES BELOW NORMAL.
AVERAGE MAXIMUM .......... 83.5 OR 0.2 DEGREES BELOW NORMAL.
AVERAGE MINIMUM .......... 74.2 OR 0.5 DEGREES BELOW NORMAL.

HIGHEST TEMPERATURE FOR THE MONTH: 88 DEGREES ON THE 1ST.
LOWEST TEMPERATURE FOR THE MONTH: 61 DEGREES ON THE 26TH.


...PRECIPITATION...

TOTAL FOR THE MONTH 7.45 INCHES OR 2.98 INCHES ABOVE NORMAL.
TOTAL FOR THE YEAR  M INCHES OR M INCHES ABOVE NORMAL.
GREATEST 24-HOUR PERIOD RAINFALL 2.70 INCHES ON THE 29TH.

NUMBER OF DAYS HAVING 0.01 INCHES OR MORE ...  11.
NUMBER OF DAYS HAVING 0.10 INCHES OR MORE ...  11.
NUMBER OF DAYS HAVING 0.50 INCHES OR MORE ...   5.
NUMBER OF DAYS HAVING 1.00 INCHES OR MORE ...   2.


..................................................................


.........DATA FOR NWS MIAMI (WEST MIAMI).....OCTOBER 2017.......

...TEMPERATURE DATA...

AVERAGE FOR THE MONTH .... 79.6 OR 1.0 DEGREES ABOVE NORMAL.
AVERAGE MAXIMUM .......... 85.7 OR 0.7 DEGREES ABOVE NORMAL.
AVERAGE MINIMUM .......... 79.6 OR 1.0 DEGREES ABOVE NORMAL.

HIGHEST TEMPERATURE FOR THE MONTH: 91 DEGREES ON THE 1ST, 9TH.
LOWEST  TEMPERATURE FOR THE MONTH: 58 DEGREES ON THE 30TH, 31ST.


...PRECIPITATION...

TOTAL FOR THE MONTH 12.53 INCHES OR 4.95 INCHES  ABOVE NORMAL.
TOTAL FOR THE YEAR  72.25 INCHES OR 12.47 INCHES ABOVE NORMAL.
GREATEST 24-HOUR PERIOD RAINFALL 3.51 INCHES ON THE 29TH.

NUMBER OF DAYS HAVING 0.01 INCHES OR MORE ... 20.
NUMBER OF DAYS HAVING 0.10 INCHES OR MORE ... 12.
NUMBER OF DAYS HAVING 0.50 INCHES OR MORE ...  7.
NUMBER OF DAYS HAVING 1.00 INCHES OR MORE ...  4.


..................................................................

$$
