000
CXUS53 KGRR 041313
CLMMKG

CLIMATE REPORT
NATIONAL WEATHER SERVICE GRAND RAPIDS, MI
209 PM EST THU DEC 1 2016

...................................

...THE MUSKEGON MI CLIMATE SUMMARY FOR THE MONTH OF NOVEMBER 2016...

CLIMATE NORMAL PERIOD 1981 TO 2010
CLIMATE RECORD PERIOD 1896 TO 2016

WEATHER         OBSERVED          NORMAL  DEPART  LAST YEAR`S
                 VALUE   DATE(S)  VALUE   FROM    VALUE  DATE(S)
                                          NORMAL
................................................................
TEMPERATURE (F)
RECORD
 HIGH              76   11/02/1961
                        11/20/1930
 LOW              -14   11/25/1950
HIGHEST            70   11/17        63       7       70  11/03
LOWEST             22   11/22        18       4       18  11/29
AVG. MAXIMUM     53.8              46.4     7.4     53.7
AVG. MINIMUM     39.0              34.0     5.0     37.4
MEAN             46.4              40.2     6.2     45.5
DAYS MAX >= 90      0               0.0     0.0        0
DAYS MAX <= 32      0               1.7    -1.7        0
DAYS MIN <= 32      6              13.1    -7.1       13
DAYS MIN <= 0       0               0.0     0.0        0

PRECIPITATION (INCHES)
RECORD
 MAXIMUM         6.77   2005
 MINIMUM         0.04   1904
TOTALS           2.48              3.36   -0.88     3.22
DAILY AVG.       0.08              0.11   -0.03     0.11
DAYS >= .01        10              14.1    -4.1       12
DAYS >= .10         8               7.3     0.7        8
DAYS >= .50         1               2.1    -1.1        3
DAYS >= 1.00        0               0.7    -0.7        1
GREATEST
 24 HR. TOTAL    1.17   11/28 TO 11/29

SNOWFALL (INCHES)
RECORDS
 TOTAL           25.7   1995
 24 HR TOTAL     16.0   11/14/1908 TO 11/14/1908
 SNOW DEPTH        16   11/14/1908
TOTALS            1.0               6.0    -5.0      3.9
SINCE 7/1         1.0               6.2    -5.2      3.9
SNOWDEPTH AVG.      0                MM      MM        0
DAYS >= TRACE       2               4.0    -2.0        5
DAYS >= 1.0         1               1.7    -0.7        1
GREATEST
 SNOW DEPTH         T   11/20                          3  11/23
                                                          11/22
 24 HR TOTAL      1.0   11/19 TO 11/19

DEGREE_DAYS
HEATING TOTAL     553               744    -191      577
 SINCE 7/1        905              1367    -462     1067
COOLING TOTAL       0                 0       0        0
 SINCE 1/1        774               566     208      570

FREEZE DATES
RECORD
 EARLIEST     09/22/1976
 LATEST       06/22/1992
EARLIEST                        10/14
LATEST                          05/04
.................................................................

WIND (MPH)
AVERAGE WIND SPEED              9.7
RESULTANT WIND SPEED/DIRECTION   4/227
HIGHEST WIND SPEED/DIRECTION    32/230    DATE  11/19
HIGHEST GUST SPEED/DIRECTION    45/180    DATE  11/29

SKY COVER
POSSIBLE SUNSHINE (PERCENT)   MM
AVERAGE SKY COVER           0.60
NUMBER OF DAYS FAIR            6
NUMBER OF DAYS PC             11
NUMBER OF DAYS CLOUDY         13

AVERAGE RH (PERCENT)     77

WEATHER CONDITIONS. NUMBER OF DAYS WITH
THUNDERSTORM              1     MIXED PRECIP               0
HEAVY RAIN                1     RAIN                       3
LIGHT RAIN               11     FREEZING RAIN              0
LT FREEZING RAIN          0     HAIL                       0
HEAVY SNOW                0     SNOW                       1
LIGHT SNOW                2     SLEET                      0
FOG                      21     FOG W/VIS <= 1/4 MILE      6
HAZE                      2

-  INDICATES NEGATIVE NUMBERS.
R  INDICATES RECORD WAS SET OR TIED.
MM INDICATES DATA IS MISSING.
T  INDICATES TRACE AMOUNT.

&&

NOVEMBER 2016 WILL BE REMEMBERED FOR ITS REMARKABLY WARM CONDITIONS.
THE ENTIRE STATE ENDED THE MONTH WELL ABOVE NORMAL IN REGARDS TO MEAN
TEMPERATURE. PRECIPITATION TOTALS RANGED FROM NEAR OR SLIGHTLY BELOW
NORMAL OVER SOUTHERN LOWER MICHIGAN TO MODERATELY BELOW NORMAL
THROUGH CENTRAL AND NORTHERN LOWER MICHIGAN.

NOVEMBER 1ST STARTED THE MONTH OFF OVER 15 DEGREES ABOVE NORMAL WITH
HIGH TEMPERATURES REACHING INTO THE MID AND UPPER 70S OVER INLAND
LOCATIONS OF LOWER MICHIGAN. LAKE SHORE COUNTIES WERE ONLY SLIGHTLY
COOLER WITH HIGHS IN THE MID TO UPPER 60S. MUCH OF THE MONTH WOULD
FOLLOW SUIT WITH THIS WARMER THAN NORMAL THEME. IN FACT, MORE THAN
TWO-THIRDS OF THE DAYS IN NOVEMBER WERE IN THE ABOVE NORMAL
CATEGORY. NEARLY A THIRD OF THE MONTH FEATURED DAILY AVERAGE
TEMPERATURES 10 OR MORE DEGREES ABOVE NORMAL. NOVEMBER 18TH WAS A
RECORD BREAKER WITH A HIGH TEMPERATURE TIED AT GRAND RAPIDS AND SET
AT LANSING. DESPITE ONLY ONE DAY REACHING A RECORD, THE WELL ABOVE
NORMAL FINISH CAN BE ATTRIBUTED TO THE CONSISTENCY OF MILD AIR,
RATHER THAN A SHORTER PERIOD OF EXTREME WARMTH. ONLY A HANDFUL OF
DAYS WERE SLIGHTLY TO MODERATELY BELOW NORMAL. MUCH OF SOUTHWEST
LOWER MICHIGAN FINISHED 5 TO 6 DEGREES ABOVE NORMAL FOR THE MONTH,
RESULTING IN A TOP 4 WARMEST RANKING FOR THE PRIMARY CLIMATE SITES
(GRAND RAPIDS, LANSING AND MUSKEGON).

PRECIPITATION TOTALS WERE MOSTLY BELOW NORMAL, ESPECIALLY NORTH AND
WEST OF THE GRAND RAPIDS METRO AREA. ABOUT THREE-FOURTHS OF THE DAYS
IN THE MONTH, AT EACH OF THE THREE CLIMATE SITES, RECORDED A TRACE
OR LESS OF PRECIPITATION. MUCH OF THE MOISTURE WAS CONVECTIVE IN
NATURE AND WAS RECEIVED WITHIN A FEW HEAVIER EPISODES OF RAINFALL.
ABOUT ONE-THIRD OF THE TOTAL PRECIPITATION RECEIVED AT EACH CLIMATE
SITE WAS RECEIVED IN A SINGLE EVENT. FOR GRAND RAPIDS AND LANSING,
MOST OF THEIR PRECIPITATION FELL ON NOVEMBER 2ND WITH MORE THAN ONE
INCH OF RAIN. MUSKEGON`S HEAVIEST RAIN EVENT CAME ON NOVEMBER 28TH
WITH MORE THAN THREE-QUARTERS OF AN INCH OF RAIN. ALL THREE SITES
WERE WELL BELOW NORMAL IN SNOWFALL. A LINE OF THUNDERSTORMS PRODUCED
50 TO 80 MPH WIND GUSTS IN THE JACKSON AREA ON NOVEMBER 18TH.
MUSKEGON AND GRAND RAPIDS ONLY RECORDED MEASURABLE SNOWFALL OF AN
INCH OR LESS ON NOVEMBER 19TH. SNOW TOTALS WERE A BIT HIGHER IN THE
HIGHLANDS OF CENTRAL TO NORTHERN MICHIGAN AWAY FROM LAKE MICHIGAN,
BUT STILL BELOW NOVEMBER AVERAGE.

$$

CAS/JAM
